000
CXUS53 KGRR 011017
CF6LAN
PRELIMINARY LOCAL CLIMATOLOGICAL DATA (WS FORM: F-6)

                                          STATION:   LANSING MI
                                          MONTH:     NOVEMBER
                                          YEAR:      2011
                                          LATITUDE:   42 46 N
                                          LONGITUDE:  84 36 W

  TEMPERATURE IN F:       :PCPN:    SNOW:  WIND      :SUNSHINE: SKY     :PK WND
================================================================================
1   2   3   4   5  6A  6B    7    8   9   10  11  12  13   14  15   16   17  18
                                     12Z  AVG MX 2MIN
DY MAX MIN AVG DEP HDD CDD  WTR  SNW DPTH SPD SPD DIR MIN PSBL S-S WX    SPD DR
================================================================================

 1  59  33  46   1  19   0 0.00  0.0    0  7.0 17 210   M    M   2 1      22 210
 2  65  46  56  11   9   0 0.00  0.0    0  9.5 20 190   M    M   6 8      25 200
 3  51  36  44   0  21   0 0.00  0.0    0 10.7 18  30   M    M   9 1      23  40
 4  51  28  40  -4  25   0 0.00  0.0    0  5.0 12 360   M    M   3        15  60
 5  54  29  42  -2  23   0 0.00  0.0    0  7.8 17 160   M    M   2 8      23 150
 6  63  37  50   7  15   0 0.00  0.0    0 13.8 24 190   M    M   7        31 190
 7  57  50  54  11  11   0    T  0.0    0  5.6 17 220   M    M  10        24 220
 8  63  45  54  11  11   0 0.15  0.0    0  5.3 16 170   M    M  10 18     20 160
 9  63  38  51   9  14   0 0.19  0.0    0 15.5 40 220   M    M   9 1      49 220
10  41  31  36  -6  29   0 0.01  0.1    0 11.2 25 250   M    M   6 1      30 240
11  41  31  36  -5  29   0 0.00  0.0    0  8.7 20 260   M    M   8        25 270
12  59  34  47   6  18   0 0.00  0.0    0 11.4 21 210   M    M   5        28 210
13  65  52  59  18   6   0 0.17  0.0    0 18.7 38 190   M    M   9 138    52 180
14  53  41  47   7  18   0 0.04  0.0    0  5.2 21 250   M    M   6        25 260
15  59  31  45   5  20   0 0.00  0.0    0  7.4 18 220   M    M   5 12     24 210
16  49  30  40   0  25   0 0.00  0.0    0  9.9 22 300   M    M   6 1      29 280
17  33  24  29 -10  36   0    T    T    0  9.2 24 260   M    M   7        29 270
18  47  23  35  -4  30   0 0.00  0.0    0 14.7 35 220   M    M   6        47 210
19  54  41  48  10  17   0    T  0.0    0 15.0 25 200   M    M   9        35 210
20  58  34  46   8  19   0    T  0.0    0  9.8 30 260   M    M   9        40 270
21  45  27  36  -1  29   0 0.00  0.0    0  4.7 12 120   M    M   4        15 100
22  36  26  31  -6  34   0 0.56    T    0  9.5 17  20   M    M   8 18     24  30
23  50  29  40   3  25   0    T  0.0    0  7.1 13 240   M    M   4 1      20 340
24  45  34  40   4  25   0 0.00  0.0    0 11.5 20 210   M    M   8 1      26 220
25  59  40  50  14  15   0 0.00  0.0    0 13.1 22 210   M    M   4        28 220
26  60  47  54  19  11   0 0.04  0.0    0 12.7 24 200   M    M  10 1      32 180
27  56  35  46  11  19   0 0.36  0.0    0  9.5 18 190   M    M   9 1      26 190
28  36  32  34   0  31   0 0.03  0.0    0  7.3 13  10   M    M  10 1      15  10
29  37  29  33  -1  32   0 1.63  7.8    0 16.4 30  30   M    M  10 12469  39  30
30  38  25  32  -2  33   0 0.06  0.3    8  8.1 16 340   M    M   6 1      20 340
================================================================================
SM 1547 1038       649   0  3.24     8.2 301.3          M      207
================================================================================
AV 51.6 34.6                              10.0 FASTST   M    M   7    MAX(MPH)
                                 MISC ---->  # 40 220               # 52  180
================================================================================
NOTES:
# LAST OF SEVERAL OCCURRENCES

COLUMN 17 PEAK WIND IN M.P.H.

PRELIMINARY LOCAL CLIMATOLOGICAL DATA (WS FORM: F-6) , PAGE 2

                                          STATION:  LANSING MI
                                          MONTH:    NOVEMBER
                                          YEAR:     2011
                                          LATITUDE:   42 46 N
                                          LONGITUDE:  84 36 W

[TEMPERATURE DATA]      [PRECIPITATION DATA]       SYMBOLS USED IN COLUMN 16

AVERAGE MONTHLY: 43.1   TOTAL FOR MONTH:   3.24    1 = FOG OR MIST
DPTR FM NORMAL:   3.5   DPTR FM NORMAL:    0.46    2 = FOG REDUCING VISIBILITY
HIGHEST:    65 ON 13, 2 GRTST 24HR  1.68 ON 29-30      TO 1/4 MILE OR LESS
LOWEST:     23 ON 18                               3 = THUNDER
                        SNOW, ICE PELLETS, HAIL    4 = ICE PELLETS
                        TOTAL MONTH:   8.2 INCHES  5 = HAIL
                        GRTST 24HR   7.8 ON   M    6 = FREEZING RAIN OR DRIZZLE
                        GRTST DEPTH:   8 ON 30     7 = DUSTSTORM OR SANDSTORM:
                                                       VSBY 1/2 MILE OR LESS
                                                   8 = SMOKE OR HAZE
[NO. OF DAYS WITH]      [WEATHER - DAYS WITH]      9 = BLOWING SNOW
                                                   X = TORNADO
MAX 32 OR BELOW:   0    0.01 INCH OR MORE:  11
MAX 90 OR ABOVE:   0    0.10 INCH OR MORE:   6
MIN 32 OR BELOW:  14    0.50 INCH OR MORE:   2
MIN  0 OR BELOW:   0    1.00 INCH OR MORE:   1

[HDD (BASE 65) ]
TOTAL THIS MO.   649    CLEAR  (SCALE 0-3)   2
DPTR FM NORMAL  -115    PTCLDY (SCALE 4-7)  16
TOTAL FM JUL 1  1256    CLOUDY (SCALE 8-10) 12
DPTR FM NORMAL  -158

[CDD (BASE 65) ]
TOTAL THIS MO.     0
DPTR FM NORMAL     0    [PRESSURE DATA]
TOTAL FM JAN 1   767    HIGHEST SLP 30.42 ON 21
DPTR FM NORMAL   142    LOWEST  SLP 29.37 ON 13

[REMARKS]
#FINAL-11-11#
