000
CXUS53 KGRR 011017
CF6LAN
PRELIMINARY LOCAL CLIMATOLOGICAL DATA (WS FORM: F-6)

                                          STATION:   LANSING MI
                                          MONTH:     MARCH
                                          YEAR:      2011
                                          LATITUDE:   42 46 N
                                          LONGITUDE:  84 36 W

  TEMPERATURE IN F:       :PCPN:    SNOW:  WIND      :SUNSHINE: SKY     :PK WND
================================================================================
1   2   3   4   5  6A  6B    7    8   9   10  11  12  13   14  15   16   17  18
                                     12Z  AVG MX 2MIN
DY MAX MIN AVG DEP HDD CDD  WTR  SNW DPTH SPD SPD DIR MIN PSBL S-S WX    SPD DR
================================================================================

 1  38  16  27  -1  38   0 0.00  0.0    5 10.4 23 210   M    M   6        29 210
 2  37  15  26  -3  39   0 0.00  0.0    5  8.9 20 320   M    M   3        25 320
 3  29  11  20  -9  45   0 0.00  0.0    4 11.9 24 130   M    M   7        30 130
 4  43  26  35   6  30   0 0.44  0.0    4  5.8 14 140   M    M  10 12     16 150
 5  35  27  31   1  34   0 0.55  1.2    3 11.5 20  20   M    M  10 146    25  30
 6  27  15  21  -9  44   0    T    T    4  8.1 15 360   M    M   6 1      20 360
 7  35   7  21  -9  44   0 0.00  0.0    4  4.9 13 140   M    M   5 1      17 130
 8  42  22  32   1  33   0 0.00  0.0    3  9.3 17 150   M    M   7        22 130
 9  41  33  37   6  28   0 0.15  0.0    3  8.7 15 100   M    M  10 12     20 100
10  41  31  36   4  29   0 0.07  0.1    1  9.5 18 330   M    M  10 128    25 330
11  42  30  36   4  29   0    T    T    1 14.1 22 270   M    M   7        29 270
12  42  30  36   4  29   0    T    T    0 14.0 26 270   M    M   9 1      33 270
13  38  31  35   2  30   0    T    T    0  9.1 17 280   M    M  10        21 280
14  43  24  34   1  31   0 0.00  0.0    0  5.2 12 150   M    M   6 1      15 150
15  44  24  34   0  31   0 0.04  0.0    0  6.4 12  50   M    M   9 1      16  40
16  55  35  45  11  20   0 0.01  0.0    0  8.4 20 270   M    M   5 18     23 270
17  69  45  57  23   8   0 0.01  0.0    0 15.0 30 250   M    M   9 1      38 250
18  63  35  49  14  16   0 0.00  0.0    0 11.2 28 290   M    M   7 18     38 280
19  46  25  36   1  29   0 0.00  0.0    0  5.4 13 340   M    M   1        18  50
20  45  31  38   3  27   0 0.89    T    0 11.6 30 140   M    M  10 134    38 130
21  48  40  44   8  21   0 0.13  0.0    0  8.3 18 280   M    M   8 13     23 280
22  42  33  38   2  27   0 0.44    T    0 10.6 18  80   M    M  10 14     24  80
23  33  26  30  -7  35   0 0.21    T    0 13.3 21  40   M    M  10 146    28  40
24  29  19  24 -13  41   0    T    T    0  7.7 20  40   M    M   6 16     25  20
25  29  16  23 -14  42   0 0.00  0.0    0  6.2 16 320   M    M   4        23 360
26  31  14  23 -15  42   0 0.00  0.0    0  7.6 17  50   M    M   3        26  30
27  34  14  24 -14  41   0 0.00  0.0    0  5.3 14  20   M    M   0        20  20
28  36  15  26 -12  39   0 0.00  0.0    0  4.5 13 330   M    M   0 8      17 330
29  42  19  31  -8  34   0 0.00  0.0    0  3.9 13  20   M    M   1        17  20
30  44  20  32  -7  33   0 0.00  0.0    0  3.1 12  20   M    M   4        16  10
31  47  20  34  -6  31   0 0.00  0.0    0  1.5 10  20   M    M   5        21 240
================================================================================
SM 1270  749      1000   0  2.94     1.3 261.4          M      198
================================================================================
AV 41.0 24.2                               8.4 FASTST   M    M   6    MAX(MPH)
                                 MISC ---->  # 30 250               # 38  250
================================================================================
NOTES:
# LAST OF SEVERAL OCCURRENCES

COLUMN 17 PEAK WIND IN M.P.H.

PRELIMINARY LOCAL CLIMATOLOGICAL DATA (WS FORM: F-6) , PAGE 2

                                          STATION:  LANSING MI
                                          MONTH:    MARCH
                                          YEAR:     2011
                                          LATITUDE:   42 46 N
                                          LONGITUDE:  84 36 W

[TEMPERATURE DATA]      [PRECIPITATION DATA]       SYMBOLS USED IN COLUMN 16

AVERAGE MONTHLY: 32.6   TOTAL FOR MONTH:   2.94    1 = FOG OR MIST
DPTR FM NORMAL:  -1.3   DPTR FM NORMAL:    0.61    2 = FOG REDUCING VISIBILITY
HIGHEST:    69 ON 17    GRTST 24HR  0.89 ON 20-20      TO 1/4 MILE OR LESS
LOWEST:      7 ON  7                               3 = THUNDER
                        SNOW, ICE PELLETS, HAIL    4 = ICE PELLETS
                        TOTAL MONTH:   1.3 INCHES  5 = HAIL
                        GRTST 24HR   1.2 ON   M    6 = FREEZING RAIN OR DRIZZLE
                        GRTST DEPTH:   5 ON  2, 1  7 = DUSTSTORM OR SANDSTORM:
                                                       VSBY 1/2 MILE OR LESS
                                                   8 = SMOKE OR HAZE
[NO. OF DAYS WITH]      [WEATHER - DAYS WITH]      9 = BLOWING SNOW
                                                   X = TORNADO
MAX 32 OR BELOW:   5    0.01 INCH OR MORE:  11
MAX 90 OR ABOVE:   0    0.10 INCH OR MORE:   7
MIN 32 OR BELOW:  25    0.50 INCH OR MORE:   2
MIN  0 OR BELOW:   0    1.00 INCH OR MORE:   0

[HDD (BASE 65) ]
TOTAL THIS MO.  1000    CLEAR  (SCALE 0-3)   6
DPTR FM NORMAL    30    PTCLDY (SCALE 4-7)  14
TOTAL FM JUL 1  6061    CLOUDY (SCALE 8-10) 11
DPTR FM NORMAL  -106

[CDD (BASE 65) ]
TOTAL THIS MO.     0
DPTR FM NORMAL    -1    [PRESSURE DATA]
TOTAL FM JAN 1     0    HIGHEST SLP 30.60 ON  3
DPTR FM NORMAL    -1    LOWEST  SLP 29.60 ON 23

[REMARKS]
#FINAL-03-11#
