000
CXUS53 KGRR 102326
CF6LAN
PRELIMINARY LOCAL CLIMATOLOGICAL DATA (WS FORM: F-6)

                                          STATION:   LANSING MI
                                          MONTH:     APRIL
                                          YEAR:      2014
                                          LATITUDE:   42 46 N
                                          LONGITUDE:  84 36 W

  TEMPERATURE IN F:       :PCPN:    SNOW:  WIND      :SUNSHINE: SKY     :PK WND
================================================================================
1   2   3   4   5  6A  6B    7    8   9   10  11  12  13   14  15   16   17  18
                                     12Z  AVG MX 2MIN
DY MAX MIN AVG DEP HDD CDD  WTR  SNW DPTH SPD SPD DIR MIN PSBL S-S WX    SPD DR
================================================================================

 1  54  34  44   2  21   0 0.07  0.0    0 16.4 31 260   M    M   7        39 260
 2  51  28  40  -2  25   0 0.00  0.0    0  4.9 10  80   M    M   1        18 290
 3  41  33  37  -5  28   0 0.04    T    0 12.2 26 100   M    M  10        33 100
 4  46  33  40  -3  25   0 0.26    T    0 15.0 32 260   M    M  10 128    43 250
 5  48  30  39  -4  26   0 0.00  0.0    0 10.5 26 290   M    M   5 8      35 290
 6  55  26  41  -3  24   0 0.00  0.0    0  4.3 15 170   M    M   0        20 180
 7  55  31  43  -1  22   0    T  0.0    0  5.9 15  50   M    M   4        28  30
 8  61  36  49   4  16   0    T  0.0    0  9.3 20 310   M    M   5        25 310
 9  58  31  45   0  20   0 0.00  0.0    0  7.9 20 230   M    M   1        24 230
10  67  41  54   9  11   0    T  0.0    0 14.7 30 260   M    M   2        38 230
11  66  33  50   4  15   0 0.00  0.0    0  4.3 25 280   M    M   1        32 290
12  72  39  56  10   9   0    T  0.0    0  8.0 35 340   M    M   5        48 340
13  72  50  61  14   4   0 0.27  0.0    0 11.2 25 230   M    M   8 1      49 220
14  64  27  46  -1  19   0 0.16  0.4    0 15.2 35 250   M    M  10 1      43 240
15  34  24  29 -18  36   0 0.01  0.3    1 11.9 22 280   M    M   8 1      30 280
16  46  21  34 -14  31   0 0.00  0.0    0  7.7 20 140   M    M   0        32 250
17  66  32  49   1  16   0 0.00  0.0    0 11.2 23 220   M    M   0        40 200
18  61  38  50   2  15   0 0.01  0.0    0  6.0 21  30   M    M   5 18     44 150
19  60  30  45  -4  20   0 0.00  0.0    0  7.9 15 160   M    M   0        21 160
20  73  38  56   7   9   0 0.00  0.0    0  7.4 15 200   M    M   0        25 210
21  78  52  65  15   0   0 0.16  0.0    0  8.6 23 260   M    M   7 1      27 300
22  57  35  46  -4  19   0    T  0.0    0 14.2 26 310   M    M   8 1      35 310
23  56  31  44  -6  21   0 0.00  0.0    0  6.3 15 360   M    M   1        23 330
24  58  37  48  -3  17   0    T  0.0    0 12.4 22 120   M    M   5        29 120
25  60  41  51   0  14   0 0.16  0.0    0  7.9 17 290   M    M   6 18     27 300
26  55  37  46  -5  19   0 0.00  0.0    0  9.6 18 310   M    M   2        23 310
27  57  33  45  -7  20   0 0.00  0.0    0 11.3 21  90   M    M   4        27 100
28  57  37  47  -5  18   0    T  0.0    0 15.6 29  90   M    M   6        40  90
29  75  47  61   9   4   0 0.22  0.0    0 11.7 26 170   M    M   8 1      34 180
30  64  46  55   2  10   0    T  0.0    0 11.1 21 260   M    M   8 18     25 270
================================================================================
SM 1767 1051       534   0  1.36     0.7 300.6          M      137
================================================================================
AV 58.9 35.0                              10.0 FASTST   M    M   5    MAX(MPH)
                                 MISC ---->  # 35 340               # 49  220
================================================================================
NOTES:
# LAST OF SEVERAL OCCURRENCES

COLUMN 17 PEAK WIND IN M.P.H.

PRELIMINARY LOCAL CLIMATOLOGICAL DATA (WS FORM: F-6) , PAGE 2

                                          STATION:  LANSING MI
                                          MONTH:    APRIL
                                          YEAR:     2014
                                          LATITUDE:   42 46 N
                                          LONGITUDE:  84 36 W

[TEMPERATURE DATA]      [PRECIPITATION DATA]       SYMBOLS USED IN COLUMN 16

AVERAGE MONTHLY: 47.0   TOTAL FOR MONTH:   1.36    1 = FOG OR MIST
DPTR FM NORMAL:  -0.4   DPTR FM NORMAL:   -1.67    2 = FOG REDUCING VISIBILITY
HIGHEST:    78 ON 21    GRTST 24HR  0.40 ON 13-14      TO 1/4 MILE OR LESS
LOWEST:     21 ON 16                               3 = THUNDER
                        SNOW, ICE PELLETS, HAIL    4 = ICE PELLETS
                        TOTAL MONTH:   0.7 INCH    5 = HAIL
                        GRTST 24HR   0.4 ON   M    6 = FREEZING RAIN OR DRIZZLE
                        GRTST DEPTH:   1 ON 15     7 = DUSTSTORM OR SANDSTORM:
                                                       VSBY 1/2 MILE OR LESS
                                                   8 = SMOKE OR HAZE
[NO. OF DAYS WITH]      [WEATHER - DAYS WITH]      9 = BLOWING SNOW
                                                   X = TORNADO
MAX 32 OR BELOW:   0    0.01 INCH OR MORE:  10
MAX 90 OR ABOVE:   0    0.10 INCH OR MORE:   6
MIN 32 OR BELOW:  11    0.50 INCH OR MORE:   0
MIN  0 OR BELOW:   0    1.00 INCH OR MORE:   0

[HDD (BASE 65) ]
TOTAL THIS MO.   534    CLEAR  (SCALE 0-3)  11
DPTR FM NORMAL     0    PTCLDY (SCALE 4-7)  15
TOTAL FM JUL 1  7285    CLOUDY (SCALE 8-10)  4
DPTR FM NORMAL   887

[CDD (BASE 65) ]
TOTAL THIS MO.     0
DPTR FM NORMAL    -6    [PRESSURE DATA]
TOTAL FM JAN 1     0    HIGHEST SLP 30.20 ON 27
DPTR FM NORMAL    -7    LOWEST  SLP 29.54 ON 29

[REMARKS]
#FINAL-04-14#
