000
CXUS53 KGRR 011017
CF6LAN
PRELIMINARY LOCAL CLIMATOLOGICAL DATA (WS FORM: F-6)

                                          STATION:   LANSING
                                          MONTH:     FEBRUARY
                                          YEAR:      2017
                                          LATITUDE:   42 46 N
                                          LONGITUDE:  84 36 W

  TEMPERATURE IN F:       :PCPN:    SNOW:  WIND      :SUNSHINE: SKY     :PK WND
================================================================================
1   2   3   4   5  6A  6B    7    8   9   10  11  12  13   14  15   16   17  18
                                     12Z  AVG MX 2MIN
DY MAX MIN AVG DEP HDD CDD  WTR  SNW DPTH SPD SPD DIR MIN PSBL S-S WX    SPD DR
================================================================================

 1  35  25  30   6  35   0 0.11  1.8    4 10.8 23 290   M    M   7 18     29 290
 2  25   9  17  -7  48   0    T    T    3 13.3 28 270   M    M   7 8      33 260
 3  22  11  17  -7  48   0 0.00  0.0    2 11.7 24 290   M    M   5        31 280
 4  29   9  19  -5  46   0 0.00  0.0    2  9.9 18 200   M    M   3        23 220
 5  35  20  28   4  37   0 0.00  0.0    2 10.9 18 270   M    M   8        25 290
 6  44  18  31   7  34   0 0.00  0.0    2  4.9 12 200   M    M   2 18     16 190
 7  45  34  40  16  25   0 0.67  0.0    1  9.9 26 270   M    M  10 128    40 270
 8  35  20  28   4  37   0    T    T    0 10.3 25 270   M    M  10 1      34 280
 9  20  13  17  -8  48   0    T  0.1    T 12.7 26 270   M    M   7        32 260
10  36  14  25   0  40   0    T    T    0 13.6 26 190   M    M   4        34 190
11  45  35  40  15  25   0 0.08  0.0    0  4.8 15 240   M    M   5 18     18 250
12  41  32  37  12  28   0 0.12    T    0 12.9 32 280   M    M   8 18     40 270
13  43  26  35  10  30   0 0.00  0.0    0  9.9 20 290   M    M   1        25 300
14  45  31  38  12  27   0 0.06  0.4    0 15.2 28 260   M    M   2 14     35 260
15  32  24  28   2  37   0    T    T    T 14.4 22 320   M    M   8        28 330
16  32  24  28   2  37   0    T    T    T  8.2 15 290   M    M   7        19 300
17  52  28  40  14  25   0 0.00  0.0    0  8.5 14 160   M    M   0        18 160
18  65  43  54  28  11   0 0.00  0.0    0 12.9 21 260   M    M   0        25 240
19  62  36  49  22  16   0 0.00  0.0    0  5.4 14 260   M    M   0        18 280
20  59  31  45  18  20   0 0.00  0.0    0  9.7 20 140   M    M   0        25 150
21  61  42  52  25  13   0 0.06  0.0    0  9.2 18 250   M    M   6 128    23 250
22  62  41  52  25  13   0 0.00  0.0    0  9.5 20 190   M    M   5 128    25 190
23  58  42  50  22  15   0 0.06  0.0    0 10.7 21 210   M    M   3        28 210
24  58  37  48  20  17   0 0.96  0.0    0 10.3 26 260   M    M  10 138    33 260
25  42  22  32   4  33   0    T  0.1    0 18.6 31 260   M    M   9 8      39 280
26  42  21  32   4  33   0    T    T    T 13.3 28 200   M    M   5        35 210
27  51  28  40  11  25   0 0.00  0.0    0  8.4 20 220   M    M   2        30 230
28  56  39  48  19  17   0 0.51  0.0    0 11.6 20 160   M    M   9 138    24 160
================================================================================
SM 1232  755       820   0  2.63     2.4 301.5          M      143
================================================================================
AV 44.0 27.0                              10.8 FASTST   M    M   5    MAX(MPH)
                                 MISC ---->  # 32 280               # 40  270
================================================================================
NOTES:
# LAST OF SEVERAL OCCURRENCES

COLUMN 17 PEAK WIND IN M.P.H.

PRELIMINARY LOCAL CLIMATOLOGICAL DATA (WS FORM: F-6) , PAGE 2

                                          STATION:  LANSING
                                          MONTH:    FEBRUARY
                                          YEAR:     2017
                                          LATITUDE:   42 46 N
                                          LONGITUDE:  84 36 W

[TEMPERATURE DATA]      [PRECIPITATION DATA]       SYMBOLS USED IN COLUMN 16

AVERAGE MONTHLY: 35.5   TOTAL FOR MONTH:   2.63    1 = FOG OR MIST
DPTR FM NORMAL:   9.6   DPTR FM NORMAL:    1.16    2 = FOG REDUCING VISIBILITY
HIGHEST:    65 ON 18    GRTST 24HR  1.02 ON 23-24      TO 1/4 MILE OR LESS
LOWEST:      9 ON  4, 2                            3 = THUNDER
                        SNOW, ICE PELLETS, HAIL    4 = ICE PELLETS
                        TOTAL MONTH:   2.4 INCHES  5 = HAIL
                        GRTST 24HR   1.8 ON   M    6 = FREEZING RAIN OR DRIZZLE
                        GRTST DEPTH:   4 ON  1     7 = DUSTSTORM OR SANDSTORM:
                                                       VSBY 1/2 MILE OR LESS
                                                   8 = SMOKE OR HAZE
[NO. OF DAYS WITH]      [WEATHER - DAYS WITH]      9 = BLOWING SNOW
                                                   X = TORNADO
MAX 32 OR BELOW:   6    0.01 INCH OR MORE:   9
MAX 90 OR ABOVE:   0    0.10 INCH OR MORE:   5
MIN 32 OR BELOW:  19    0.50 INCH OR MORE:   3
MIN  0 OR BELOW:   0    1.00 INCH OR MORE:   0

[HDD (BASE 65) ]
TOTAL THIS MO.   820    CLEAR  (SCALE 0-3)   9
DPTR FM NORMAL  -275    PTCLDY (SCALE 4-7)  12
TOTAL FM JUL 1  4045    CLOUDY (SCALE 8-10)  7
DPTR FM NORMAL  -890

[CDD (BASE 65) ]
TOTAL THIS MO.     0
DPTR FM NORMAL     0    [PRESSURE DATA]
TOTAL FM JAN 1     0    HIGHEST SLP 30.43 ON  3
DPTR FM NORMAL     0    LOWEST  SLP 29.24 ON  7

[REMARKS]
#FINAL-02-17#
