000
CXUS53 KGRR 011017
CF6LAN
PRELIMINARY LOCAL CLIMATOLOGICAL DATA (WS FORM: F-6)

                                          STATION:   LANSING MI
                                          MONTH:     OCTOBER
                                          YEAR:      2010
                                          LATITUDE:   42 46 N
                                          LONGITUDE:  84 36 W

  TEMPERATURE IN F:       :PCPN:    SNOW:  WIND      :SUNSHINE: SKY     :PK WND
================================================================================
1   2   3   4   5  6A  6B    7    8   9   10  11  12  13   14  15   16   17  18
                                     12Z  AVG MX 2MIN
DY MAX MIN AVG DEP HDD CDD  WTR  SNW DPTH SPD SPD DIR MIN PSBL S-S WX    SPD DR
================================================================================

 1  67  40  54  -1  11   0 0.09  0.0    0  5.1 15 310   M    M   4 1      20 300
 2  51  42  47  -8  18   0 0.28  0.0    0 10.2 21  30   M    M   8 1      29  20
 3  54  35  45  -9  20   0 0.00  0.0    0  9.1 18  20   M    M   4        25  30
 4  58  33  46  -8  19   0 0.00  0.0    0  4.7 13  30   M    M   2        20  30
 5  66  31  49  -4  16   0 0.00  0.0    0  4.9 13 320   M    M   1 1      17 310
 6  72  37  55   2  10   0 0.00  0.0    0  5.2 16 270   M    M   1        21 270
 7  69  43  56   3   9   0 0.00  0.0    0  7.6 18 260   M    M   0        24 280
 8  77  43  60   8   5   0 0.00  0.0    0  6.1 21 260   M    M   1        25 270
 9  75  48  62  10   3   0 0.00  0.0    0  3.9 12  50   M    M   1        15  50
10  80  50  65  14   0   0 0.00  0.0    0  4.5 15 270   M    M   5        17 280
11  77  47  62  11   3   0 0.00  0.0    0  2.5 16  40   M    M   4 18     20  40
12  67  45  56   5   9   0 0.00  0.0    0  3.4 10  70   M    M   6        13  60
13  59  47  53   3  12   0 0.69  0.0    0  4.2 12 150   M    M   8 13     15 290
14  63  39  51   1  14   0    T  0.0    0  8.0 20 280   M    M   6        23 280
15  60  41  51   2  14   0 0.05  0.0    0  5.6 15 350   M    M   4 1      21 330
16  62  34  48  -1  17   0 0.00  0.0    0  5.4 16 210   M    M   2        22 210
17  61  38  50   1  15   0 0.00  0.0    0  6.9 16 280   M    M   4 1      22 270
18  56  40  48   0  17   0    T  0.0    0  2.7 13 270   M    M   8        16 300
19  57  35  46  -2  19   0 0.00  0.0    0  5.9 20 260   M    M   3        24 260
20  65  41  53   5  12   0 0.26  0.0    0 12.5 26 250   M    M   7 1      35 260
21  50  36  43  -4  22   0    T  0.0    0  8.1 24 310   M    M   5 18     29 310
22  57  31  44  -3  21   0 0.00  0.0    0  6.0 16 250   M    M   1        23 220
23  62  49  56   9   9   0 0.01  0.0    0  8.1 16 240   M    M   9 1      21 250
24  71  53  62  16   3   0 0.96  0.0    0 10.5 35 200   M    M   8 13     46 200
25  71  57  64  18   1   0 0.19  0.0    0  9.3 20 230   M    M   8 13     26 220
26  67  54  61  16   4   0 0.27  0.0    0 18.9 35 210   M    M   8 1      46 200
27  64  50  57  12   8   0 0.00  0.0    0 23.1 40 230   M    M   3        53 220
28  50  42  46   1  19   0 0.02  0.0    0 15.3 29 250   M    M  10 1      38 250
29  50  38  44   0  21   0 0.00  0.0    0  9.6 17 260   M    M   7        21 270
30  59  39  49   5  16   0 0.00  0.0    0 13.3 25 250   M    M   6        32 240
31  50  29  40  -4  25   0 0.00  0.0    0  5.9 14 310   M    M   5        18 310
================================================================================
SM 1947 1287       392   0  2.82     0.0 246.5          M      149
================================================================================
AV 62.8 41.5                               8.0 FASTST   M    M   5    MAX(MPH)
                                 MISC ---->  # 40 230               # 53  220
================================================================================
NOTES:
# LAST OF SEVERAL OCCURRENCES

COLUMN 17 PEAK WIND IN M.P.H.

PRELIMINARY LOCAL CLIMATOLOGICAL DATA (WS FORM: F-6) , PAGE 2

                                          STATION:  LANSING MI
                                          MONTH:    OCTOBER
                                          YEAR:     2010
                                          LATITUDE:   42 46 N
                                          LONGITUDE:  84 36 W

[TEMPERATURE DATA]      [PRECIPITATION DATA]       SYMBOLS USED IN COLUMN 16

AVERAGE MONTHLY: 52.2   TOTAL FOR MONTH:   2.82    1 = FOG OR MIST
DPTR FM NORMAL:   3.0   DPTR FM NORMAL:    0.53    2 = FOG REDUCING VISIBILITY
HIGHEST:    80 ON 10    GRTST 24HR  1.15 ON 24-25      TO 1/4 MILE OR LESS
LOWEST:     29 ON 31                               3 = THUNDER
                        SNOW, ICE PELLETS, HAIL    4 = ICE PELLETS
                        TOTAL MONTH:   0.0 INCH    5 = HAIL
                        GRTST 24HR     0.0         6 = FREEZING RAIN OR DRIZZLE
                        GRTST DEPTH:   0           7 = DUSTSTORM OR SANDSTORM:
                                                       VSBY 1/2 MILE OR LESS
                                                   8 = SMOKE OR HAZE
[NO. OF DAYS WITH]      [WEATHER - DAYS WITH]      9 = BLOWING SNOW
                                                   X = TORNADO
MAX 32 OR BELOW:   0    0.01 INCH OR MORE:  10
MAX 90 OR ABOVE:   0    0.10 INCH OR MORE:   6
MIN 32 OR BELOW:   3    0.50 INCH OR MORE:   2
MIN  0 OR BELOW:   0    1.00 INCH OR MORE:   0

[HDD (BASE 65) ]
TOTAL THIS MO.   392    CLEAR  (SCALE 0-3)  10
DPTR FM NORMAL  -101    PTCLDY (SCALE 4-7)  16
TOTAL FM JUL 1   543    CLOUDY (SCALE 8-10)  5
DPTR FM NORMAL  -181

[CDD (BASE 65) ]
TOTAL THIS MO.     0
DPTR FM NORMAL    -5    [PRESSURE DATA]
TOTAL FM JAN 1   884    HIGHEST SLP 30.44 ON  4
DPTR FM NORMAL   326    LOWEST  SLP 29.16 ON 26

[REMARKS]
#FINAL-10-10#
