000
CXUS53 KGRR 011242
CF6LAN
PRELIMINARY LOCAL CLIMATOLOGICAL DATA (WS FORM: F-6)

                                          STATION:   LANSING MI
                                          MONTH:     SEPTEMBER
                                          YEAR:      2010
                                          LATITUDE:   42 46 N
                                          LONGITUDE:  84 36 W

  TEMPERATURE IN F:       :PCPN:    SNOW:  WIND      :SUNSHINE: SKY     :PK WND
================================================================================
1   2   3   4   5  6A  6B    7    8   9   10  11  12  13   14  15   16   17  18
                                     12Z  AVG MX 2MIN
DY MAX MIN AVG DEP HDD CDD  WTR  SNW DPTH SPD SPD DIR MIN PSBL S-S WX    SPD DR
================================================================================

 1  86  70  78  13   0  13 0.22  0.0    0  8.9 21 210   M    M   6 1      26 220
 2  76  68  72   7   0   7 0.16  0.0    0  7.0 16 190   M    M   8 13     22 210
 3  74  56  65   0   0   0 0.58  0.0    0 15.4 33 260   M    M   7 13     40 270
 4  63  50  57  -7   8   0 0.00  0.0    0 14.4 26 270   M    M   6        37 280
 5  72  45  59  -5   6   0 0.01  0.0    0  6.2 21 250   M    M   4        25 270
 6  73  58  66   2   0   1 0.18  0.0    0  8.8 18 190   M    M   9 1      24 180
 7  80  61  71   8   0   6 0.00  0.0    0 19.5 35 230   M    M   4        46 270
 8  66  54  60  -3   5   0 0.00  0.0    0 12.3 22 280   M    M   9        31 310
 9  67  49  58  -5   7   0 0.00  0.0    0  6.9 17 320   M    M   7        22 330
10  70  42  56  -6   9   0 0.00  0.0    0  5.0  M   M   M    M   3         M  M
11  61  53  57  -5   8   0 0.44  0.0    0  6.7 14 140   M    M   7 1      17 130
12  75  54  65   3   0   0 0.00  0.0    0  8.5 20 290   M    M   3 1      26 260
13  78  53  66   4   0   1 0.00  0.0    0  8.9 22 270   M    M   1        29 280
14  71  46  59  -2   6   0 0.00  0.0    0  4.7 17 280   M    M   2        22 260
15  72  42  57  -4   8   0 0.00  0.0    0  5.2 14 120   M    M   4        20 120
16  67  54  61   1   4   0 2.28  0.0    0  8.7 18  10   M    M   9 123    24  10
17  66  51  59  -1   6   0 0.00  0.0    0  3.1 13 160   M    M   7        26 150
18  68  55  62   2   3   0 0.47  0.0    0  6.5 22 260   M    M   9 13     25 260
19  69  50  60   1   5   0 0.00  0.0    0  3.1  8  20   M    M   8 1      17 100
20  66  55  61   2   4   0 0.00  0.0    0  7.6 17 160   M    M  10        22 160
21  86  60  73  14   0   8 0.34  0.0    0 12.0 38 280   M    M   5 13     51 290
22  73  59  66   8   0   1    T  0.0    0  3.7 14 240   M    M   8 1      18 230
23  87  62  75  17   0  10    T  0.0    0 10.9 23 240   M    M   8 18     30 220
24  81  58  70  12   0   5    T  0.0    0 21.0 40 240   M    M   7        51 240
25  58  49  54  -3  11   0    T  0.0    0 11.7 26 260   M    M   9        41 270
26  57  42  50  -7  15   0 0.00  0.0    0  5.5 12  40   M    M   8        16  30
27  60  41  51  -6  14   0 0.07  0.0    0  3.2 10 360   M    M   7 1      15  10
28  63  49  56   0   9   0 0.07  0.0    0  4.8 14 290   M    M   8 1      18 300
29  71  41  56   0   9   0 0.00  0.0    0  3.5 14 180   M    M   1 1      17 170
30  72  46  59   4   6   0 0.04  0.0    0  7.2 17 320   M    M   4 18     23 320
================================================================================
SM 2128 1573       143  52  4.86     0.0 250.9          M      188
================================================================================
AV 70.9 52.4                               8.4 FASTST   M    M   6    MAX(MPH)
                                 MISC ---->  # 40 240               # 51  290
================================================================================
NOTES:
# LAST OF SEVERAL OCCURRENCES

COLUMN 17 PEAK WIND IN M.P.H.

PRELIMINARY LOCAL CLIMATOLOGICAL DATA (WS FORM: F-6) , PAGE 2

                                          STATION:  LANSING MI
                                          MONTH:    SEPTEMBER
                                          YEAR:     2010
                                          LATITUDE:   42 46 N
                                          LONGITUDE:  84 36 W

[TEMPERATURE DATA]      [PRECIPITATION DATA]       SYMBOLS USED IN COLUMN 16

AVERAGE MONTHLY: 61.7   TOTAL FOR MONTH:   4.86    1 = FOG OR MIST
DPTR FM NORMAL:   1.2   DPTR FM NORMAL:    1.38    2 = FOG REDUCING VISIBILITY
HIGHEST:    87 ON 23    GRTST 24HR  2.28 ON 16-16      TO 1/4 MILE OR LESS
LOWEST:     41 ON 29,27                            3 = THUNDER
                        SNOW, ICE PELLETS, HAIL    4 = ICE PELLETS
                        TOTAL MONTH:   0.0 INCH    5 = HAIL
                        GRTST 24HR     0.0         6 = FREEZING RAIN OR DRIZZLE
                        GRTST DEPTH:   0           7 = DUSTSTORM OR SANDSTORM:
                                                       VSBY 1/2 MILE OR LESS
                                                   8 = SMOKE OR HAZE
[NO. OF DAYS WITH]      [WEATHER - DAYS WITH]      9 = BLOWING SNOW
                                                   X = TORNADO
MAX 32 OR BELOW:   0    0.01 INCH OR MORE:  12
MAX 90 OR ABOVE:   0    0.10 INCH OR MORE:   8
MIN 32 OR BELOW:   0    0.50 INCH OR MORE:   2
MIN  0 OR BELOW:   0    1.00 INCH OR MORE:   1

[HDD (BASE 65) ]
TOTAL THIS MO.   143    CLEAR  (SCALE 0-3)   4
DPTR FM NORMAL   -36    PTCLDY (SCALE 4-7)  19
TOTAL FM JUL 1   151    CLOUDY (SCALE 8-10)  7
DPTR FM NORMAL   -80

[CDD (BASE 65) ]
TOTAL THIS MO.    52
DPTR FM NORMAL    -1    [PRESSURE DATA]
TOTAL FM JAN 1   884    HIGHEST SLP 30.25 ON 19
DPTR FM NORMAL   331    LOWEST  SLP 29.67 ON 16

[REMARKS]
#FINAL-09-10#
