000
CXUS53 KGRR 011017
CF6LAN
PRELIMINARY LOCAL CLIMATOLOGICAL DATA (WS FORM: F-6)

                                          STATION:   LANSING MI
                                          MONTH:     AUGUST
                                          YEAR:      2010
                                          LATITUDE:   42 46 N
                                          LONGITUDE:  84 36 W

  TEMPERATURE IN F:       :PCPN:    SNOW:  WIND      :SUNSHINE: SKY     :PK WND
================================================================================
1   2   3   4   5  6A  6B    7    8   9   10  11  12  13   14  15   16   17  18
                                     12Z  AVG MX 2MIN
DY MAX MIN AVG DEP HDD CDD  WTR  SNW DPTH SPD SPD DIR MIN PSBL S-S WX    SPD DR
================================================================================

 1  84  63  74   4   0   9 0.00  0.0    0  1.4  9 180   M    M   7 18      M  M
 2  85  63  74   4   0   9 0.00  0.0    0  4.2 15 250   M    M   5 18     21 260
 3  87  72  80  10   0  15 0.00  0.0    0  5.8 14 240   M    M   6 18     17 190
 4  86  70  78   8   0  13    T  0.0    0  7.8 17 240   M    M   6 1      22 260
 5  86  66  76   6   0  11 0.00  0.0    0 10.4 28 270   M    M   3 1      38 270
 6  81  59  70   0   0   5 0.00  0.0    0  6.8 21 270   M    M   4 1      28 290
 7  83  53  68  -2   0   3    T  0.0    0  6.8 21 240   M    M   4        24 260
 8  87  69  78   8   0  13 0.01  0.0    0 10.9 22 210   M    M   5 8      29 210
 9  84  69  77   7   0  12 0.06  0.0    0  7.7 16 210   M    M   7 18     22 190
10  89  65  77   7   0  12 0.00  0.0    0  2.0 10  30   M    M   5 12     22 330
11  81  66  74   5   0   9 0.27  0.0    0  5.4 16 250   M    M   6 138    20 250
12  88  70  79  10   0  14 0.00  0.0    0  4.6 12 300   M    M   7 18     17  50
13  89  67  78   9   0  13 0.00  0.0    0  6.9 15 150   M    M   5 18     21 140
14  82  71  77   8   0  12 0.06  0.0    0  6.9 13 260   M    M   8 18     15 260
15  89  68  79  10   0  14 0.00  0.0    0  9.8 23 250   M    M   4 1      32 250
16  79  62  71   2   0   6 0.00  0.0    0 11.4 24 260   M    M   1        30 250
17  80  60  70   1   0   5 0.00  0.0    0  7.9 18 290   M    M   6        32 280
18  81  59  70   2   0   5 0.02  0.0    0  4.4 14 260   M    M   5        21 260
19  87  61  74   6   0   9 0.00  0.0    0  6.9 21 250   M    M   4        24 260
20  89  64  77   9   0  12 0.00  0.0    0  9.9 20 170   M    M   7 18     26 190
21  82  70  76   8   0  11 0.02  0.0    0  4.7 16 360   M    M   9 1      21  10
22  86  63  75   7   0  10 0.00  0.0    0  8.2 15  10   M    M   6        21 360
23  76  62  69   2   0   4 0.00  0.0    0  6.1 15  30   M    M   8        18  20
24  76  59  68   1   0   3 0.00  0.0    0  1.6  7  40   M    M   7 12     12  40
25  80  57  69   2   0   4    T  0.0    0  7.2 20 280   M    M   5 1      24 280
26  76  47  62  -5   3   0 0.00  0.0    0  4.1 13 290   M    M   2        18 300
27  81  50  66   0   0   1 0.00  0.0    0  4.6 14 230   M    M   1        20 240
28  86  59  73   7   0   8 0.00  0.0    0  7.4 17 200   M    M   0        22 190
29  94  63  79  13   0  14 0.00  0.0    0  5.8 17 210   M    M   2        26 330
30  93  69  81  15   0  16 0.00  0.0    0  6.8 16 180   M    M   4        22 190
31  91  73  82  17   0  17 0.00  0.0    0 11.1 23 210   M    M   2        28 210
================================================================================
SM 2618 1969         3 289  0.44     0.0 205.5          M      151
================================================================================
AV 84.5 63.5                               6.6 FASTST   M    M   5    MAX(MPH)
                                 MISC ---->  # 28 270               # 38  270
================================================================================
NOTES:
# LAST OF SEVERAL OCCURRENCES

COLUMN 17 PEAK WIND IN M.P.H.

PRELIMINARY LOCAL CLIMATOLOGICAL DATA (WS FORM: F-6) , PAGE 2

                                          STATION:  LANSING MI
                                          MONTH:    AUGUST
                                          YEAR:     2010
                                          LATITUDE:   42 46 N
                                          LONGITUDE:  84 36 W

[TEMPERATURE DATA]      [PRECIPITATION DATA]       SYMBOLS USED IN COLUMN 16

AVERAGE MONTHLY: 74.0   TOTAL FOR MONTH:   0.44    1 = FOG OR MIST
DPTR FM NORMAL:   5.6   DPTR FM NORMAL:   -3.02    2 = FOG REDUCING VISIBILITY
HIGHEST:    94 ON 29    GRTST 24HR  0.27 ON 11-11      TO 1/4 MILE OR LESS
LOWEST:     47 ON 26                               3 = THUNDER
                        SNOW, ICE PELLETS, HAIL    4 = ICE PELLETS
                        TOTAL MONTH:   0.0 INCH    5 = HAIL
                        GRTST 24HR     0.0         6 = FREEZING RAIN OR DRIZZLE
                        GRTST DEPTH:   0           7 = DUSTSTORM OR SANDSTORM:
                                                       VSBY 1/2 MILE OR LESS
                                                   8 = SMOKE OR HAZE
[NO. OF DAYS WITH]      [WEATHER - DAYS WITH]      9 = BLOWING SNOW
                                                   X = TORNADO
MAX 32 OR BELOW:   0    0.01 INCH OR MORE:   6
MAX 90 OR ABOVE:   3    0.10 INCH OR MORE:   1
MIN 32 OR BELOW:   0    0.50 INCH OR MORE:   0
MIN  0 OR BELOW:   0    1.00 INCH OR MORE:   0

[HDD (BASE 65) ]
TOTAL THIS MO.     3    CLEAR  (SCALE 0-3)   7
DPTR FM NORMAL   -32    PTCLDY (SCALE 4-7)  22
TOTAL FM JUL 1     8    CLOUDY (SCALE 8-10)  2
DPTR FM NORMAL   -44

[CDD (BASE 65) ]
TOTAL THIS MO.   289
DPTR FM NORMAL   138    [PRESSURE DATA]
TOTAL FM JAN 1   832    HIGHEST SLP 30.26 ON 30
DPTR FM NORMAL   332    LOWEST  SLP 29.76 ON  5

[REMARKS]
#FINAL-08-10#
