000
CXUS53 KGRR 011017
CF6LAN
PRELIMINARY LOCAL CLIMATOLOGICAL DATA (WS FORM: F-6)

                                          STATION:   LANSING MI
                                          MONTH:     APRIL
                                          YEAR:      2010
                                          LATITUDE:   42 46 N
                                          LONGITUDE:  84 36 W

  TEMPERATURE IN F:       :PCPN:    SNOW:  WIND      :SUNSHINE: SKY     :PK WND
================================================================================
1   2   3   4   5  6A  6B    7    8   9   10  11  12  13   14  15   16   17  18
                                     12Z  AVG MX 2MIN
DY MAX MIN AVG DEP HDD CDD  WTR  SNW DPTH SPD SPD DIR MIN PSBL S-S WX    SPD DR
================================================================================

 1  80  52  66  26   0   1 0.00  0.0    0 10.2 21 180   M    M   7        24 200
 2  79  58  69  29   0   4 0.00  0.0    0 13.5 25 190   M    M   8        33 190
 3  72  45  59  18   6   0 0.13  0.0    0 12.9 30 260   M    M   6 1      39 240
 4  70  39  55  14  10   0    T  0.0    0 11.8 30 240   M    M   6        40 220
 5  70  48  59  18   6   0 0.18  0.0    0  8.5 22 250   M    M   5 13     26 260
 6  67  49  58  16   7   0 1.37    T    0  6.9 29 310   M    M   9 135    39 310
 7  68  51  60  18   5   0 0.52  0.0    0  7.2 21 350   M    M  10 138    25 220
 8  58  33  46   3  19   0 0.07    T    0 15.7 30 250   M    M   9 1      38 260
 9  47  32  40  -3  25   0    T    T    0 11.8 25 280   M    M   6        31 290
10  70  29  50   7  15   0 0.00  0.0    0  9.3 29 240   M    M   4        38 220
11  65  42  54  10  11   0    T  0.0    0  5.3 16  30   M    M   7        20  40
12  62  33  48   4  17   0    T  0.0    0  5.3 18 110   M    M   6        23 120
13  56  42  49   4  16   0 0.05  0.0    0 10.4 20 110   M    M   9        25 100
14  71  39  55  10  10   0 0.00  0.0    0  9.6 18 160   M    M   5        23 170
15  81  54  68  23   0   3 0.00  0.0    0 13.7 31 260   M    M   5        38 240
16  67  40  54   8  11   0 0.00  0.0    0 15.3 30 320   M    M   7        39 320
17  46  36  41  -5  24   0 0.00  0.0    0 12.2 25 310   M    M   6        35 320
18  51  31  41  -5  24   0 0.00  0.0    0  4.8 13 330   M    M   6        17 350
19  61  30  46  -1  19   0 0.00  0.0    0  2.8 13  30   M    M   3        18  70
20  65  36  51   4  14   0 0.00  0.0    0  2.0 10  30   M    M   7        20 240
21  70  37  54   6  11   0 0.00  0.0    0  6.7 20 280   M    M   2        25 290
22  59  33  46  -2  19   0 0.00  0.0    0  5.8 12 120   M    M   3        25  30
23  65  32  49   1  16   0 0.00  0.0    0  6.8 15 130   M    M   5        20 130
24  59  50  55   6  10   0 0.14  0.0    0 11.1 20 100   M    M  10 1      24 100
25  54  47  51   2  14   0 0.02  0.0    0 13.4 24  50   M    M  10 18     32  70
26  63  41  52   2  13   0 0.00  0.0    0 12.2 23  40   M    M   4        30  30
27  56  32  44  -6  21   0 0.00  0.0    0  9.9 24  50   M    M   2        35  30
28  60  30  45  -5  20   0 0.00  0.0    0  5.2 16 300   M    M   2        24 280
29  65  34  50  -1  15   0 0.01  0.0    0  9.4 25 140   M    M   6        32 150
30  80  53  67  16   0   2 0.00  0.0    0 13.4 24 210   M    M   6        31 210
================================================================================
SM 1937 1208       378  10  2.49    T    283.1          M      181
================================================================================
AV 64.6 40.3                               9.4 FASTST   M    M   6    MAX(MPH)
                                 MISC ---->  # 31 260               # 40  220
================================================================================
NOTES:
# LAST OF SEVERAL OCCURRENCES

COLUMN 17 PEAK WIND IN M.P.H.

PRELIMINARY LOCAL CLIMATOLOGICAL DATA (WS FORM: F-6) , PAGE 2

                                          STATION:  LANSING MI
                                          MONTH:    APRIL
                                          YEAR:     2010
                                          LATITUDE:   42 46 N
                                          LONGITUDE:  84 36 W

[TEMPERATURE DATA]      [PRECIPITATION DATA]       SYMBOLS USED IN COLUMN 16

AVERAGE MONTHLY: 52.4   TOTAL FOR MONTH:   2.49    1 = FOG OR MIST
DPTR FM NORMAL:   6.9   DPTR FM NORMAL:   -0.60    2 = FOG REDUCING VISIBILITY
HIGHEST:    81 ON 15    GRTST 24HR  1.47 ON  5- 6      TO 1/4 MILE OR LESS
LOWEST:     29 ON 10                               3 = THUNDER
                        SNOW, ICE PELLETS, HAIL    4 = ICE PELLETS
                        TOTAL MONTH:    T          5 = HAIL
                        GRTST 24HR    T  ON  9- 9  6 = FREEZING RAIN OR DRIZZLE
                        GRTST DEPTH:   0           7 = DUSTSTORM OR SANDSTORM:
                                                       VSBY 1/2 MILE OR LESS
                                                   8 = SMOKE OR HAZE
[NO. OF DAYS WITH]      [WEATHER - DAYS WITH]      9 = BLOWING SNOW
                                                   X = TORNADO
MAX 32 OR BELOW:   0    0.01 INCH OR MORE:   9
MAX 90 OR ABOVE:   0    0.10 INCH OR MORE:   5
MIN 32 OR BELOW:   7    0.50 INCH OR MORE:   2
MIN  0 OR BELOW:   0    1.00 INCH OR MORE:   1

[HDD (BASE 65) ]
TOTAL THIS MO.   378    CLEAR  (SCALE 0-3)   4
DPTR FM NORMAL  -207    PTCLDY (SCALE 4-7)  20
TOTAL FM JUL 1  6069    CLOUDY (SCALE 8-10)  6
DPTR FM NORMAL  -683

[CDD (BASE 65) ]
TOTAL THIS MO.    10
DPTR FM NORMAL     4    [PRESSURE DATA]
TOTAL FM JAN 1    10    HIGHEST SLP 30.53 ON 14
DPTR FM NORMAL     3    LOWEST  SLP 29.39 ON 25

[REMARKS]
#FINAL-04-10#
