000
CXUS53 KGRR 011017
CF6LAN
PRELIMINARY LOCAL CLIMATOLOGICAL DATA (WS FORM: F-6)

                                          STATION:   LANSING MI
                                          MONTH:     MAY
                                          YEAR:      2014
                                          LATITUDE:   42 46 N
                                          LONGITUDE:  84 36 W

  TEMPERATURE IN F:       :PCPN:    SNOW:  WIND      :SUNSHINE: SKY     :PK WND
================================================================================
1   2   3   4   5  6A  6B    7    8   9   10  11  12  13   14  15   16   17  18
                                     12Z  AVG MX 2MIN
DY MAX MIN AVG DEP HDD CDD  WTR  SNW DPTH SPD SPD DIR MIN PSBL S-S WX    SPD DR
================================================================================

 1  50  40  45  -8  20   0 0.21  0.0    0 12.5 22 230   M    M   8 18     31 240
 2  52  44  48  -5  17   0 0.07  0.0    0 12.5 20 240   M    M  10 18     26 250
 3  58  45  52  -2  13   0 0.08  0.0    0 12.8 32 260   M    M   8 1      41 280
 4  56  42  49  -5  16   0    T  0.0    0  9.3 26 310   M    M   4        34 290
 5  58  36  47  -7  18   0    T  0.0    0  3.4 10  20   M    M   3        16  40
 6  63  37  50  -4  15   0 0.00  0.0    0  9.1 17  70   M    M   0        24  70
 7  64  42  53  -2  12   0 0.43  0.0    0 11.9 24  60   M    M   3 13     30 140
 8  86  47  67  12   0   2 0.00  0.0    0  8.9 17 210   M    M   1        23 190
 9  76  56  66  10   0   1    T  0.0    0 15.4 33 200   M    M   3        44 210
10  69  47  58   2   7   0 0.00  0.0    0 11.0 25 280   M    M   0        32 290
11  82  40  61   5   4   0 0.01  0.0    0  6.0 20 180   M    M   1        24 200
12  70  59  65   9   0   0 1.45  0.0    0  7.9 16 100   M    M   5 13     28  90
13  81  54  68  11   0   3 0.43  0.0    0 11.5 29 270   M    M   5 18     36 260
14  58  45  52  -5  13   0 0.47  0.0    0  6.7 16  40   M    M   8 1      24  30
15  49  35  42 -15  23   0 0.81  0.0    0 12.7 25  40   M    M  10 1      33  50
16  52  34  43 -15  22   0 0.00  0.0    0  6.7 12 310   M    M   8        23 280
17  56  37  47 -11  18   0 0.00  0.0    0  6.3 23 250   M    M   8        31 250
18  67  41  54  -4  11   0 0.00  0.0    0  9.7 18 210   M    M   2        24 230
19  70  47  59   0   6   0 0.09  0.0    0  8.2 20 170   M    M   1 1      27 180
20  80  53  67   8   0   2 0.03  0.0    0 10.5 20 170   M    M   6 1      26 180
21  82  59  71  12   0   6 0.05  0.0    0  6.7 18 280   M    M   4 13     26 340
22  70  53  62   2   3   0 0.00  0.0    0  9.1 21 290   M    M   4        26 290
23  71  46  59  -1   6   0 0.00  0.0    0  6.9 17 310   M    M   3        21 340
24  77  46  62   2   3   0 0.00  0.0    0  2.2  9 330   M    M   1 18     14 250
25  81  51  66   5   0   1 0.00  0.0    0  3.9 15 230   M    M   0        21 230
26  85  56  71  10   0   6 0.00  0.0    0  7.7 20 250   M    M   0        27 240
27  81  66  74  13   0   9 0.11  0.0    0  8.5 24 240   M    M   6 13     29 240
28  70  53  62   0   3   0    T  0.0    0  7.1 15  50   M    M   7 18     19  70
29  75  47  61  -1   4   0 0.00  0.0    0  5.4 13  60   M    M   0        18  70
30  83  52  68   6   0   3 0.00  0.0    0  2.2  9  20   M    M   0 18     14 350
31  85  56  71   8   0   6 0.00  0.0    0  5.5 20 140   M    M   1        24 130
================================================================================
SM 2157 1466       234  39  4.24     0.0 258.2          M      120
================================================================================
AV 69.6 47.3                               8.3 FASTST   M    M   4    MAX(MPH)
                                 MISC ---->  # 33 200               # 44  210
================================================================================
NOTES:
# LAST OF SEVERAL OCCURRENCES

COLUMN 17 PEAK WIND IN M.P.H.

PRELIMINARY LOCAL CLIMATOLOGICAL DATA (WS FORM: F-6) , PAGE 2

                                          STATION:  LANSING MI
                                          MONTH:    MAY
                                          YEAR:     2014
                                          LATITUDE:   42 46 N
                                          LONGITUDE:  84 36 W

[TEMPERATURE DATA]      [PRECIPITATION DATA]       SYMBOLS USED IN COLUMN 16

AVERAGE MONTHLY: 58.4   TOTAL FOR MONTH:   4.24    1 = FOG OR MIST
DPTR FM NORMAL:   0.7   DPTR FM NORMAL:    0.88    2 = FOG REDUCING VISIBILITY
HIGHEST:    86 ON  8    GRTST 24HR  1.46 ON 11-12      TO 1/4 MILE OR LESS
LOWEST:     34 ON 16                               3 = THUNDER
                        SNOW, ICE PELLETS, HAIL    4 = ICE PELLETS
                        TOTAL MONTH:   0.0 INCH    5 = HAIL
                        GRTST 24HR     0.0         6 = FREEZING RAIN OR DRIZZLE
                        GRTST DEPTH:   0           7 = DUSTSTORM OR SANDSTORM:
                                                       VSBY 1/2 MILE OR LESS
                                                   8 = SMOKE OR HAZE
[NO. OF DAYS WITH]      [WEATHER - DAYS WITH]      9 = BLOWING SNOW
                                                   X = TORNADO
MAX 32 OR BELOW:   0    0.01 INCH OR MORE:  13
MAX 90 OR ABOVE:   0    0.10 INCH OR MORE:   7
MIN 32 OR BELOW:   0    0.50 INCH OR MORE:   2
MIN  0 OR BELOW:   0    1.00 INCH OR MORE:   1

[HDD (BASE 65) ]
TOTAL THIS MO.   234    CLEAR  (SCALE 0-3)  13
DPTR FM NORMAL   -25    PTCLDY (SCALE 4-7)  13
TOTAL FM JUL 1  7519    CLOUDY (SCALE 8-10)  5
DPTR FM NORMAL   862

[CDD (BASE 65) ]
TOTAL THIS MO.    39
DPTR FM NORMAL     5    [PRESSURE DATA]
TOTAL FM JAN 1    39    HIGHEST SLP 30.30 ON 19
DPTR FM NORMAL    -2    LOWEST  SLP 29.62 ON  3

[REMARKS]
#FINAL-05-14#
