000
CXUS53 KGRR 011017
CF6LAN
PRELIMINARY LOCAL CLIMATOLOGICAL DATA (WS FORM: F-6)

                                          STATION:   LANSING MI
                                          MONTH:     MARCH
                                          YEAR:      2014
                                          LATITUDE:   42 46 N
                                          LONGITUDE:  84 36 W

  TEMPERATURE IN F:       :PCPN:    SNOW:  WIND      :SUNSHINE: SKY     :PK WND
================================================================================
1   2   3   4   5  6A  6B    7    8   9   10  11  12  13   14  15   16   17  18
                                     12Z  AVG MX 2MIN
DY MAX MIN AVG DEP HDD CDD  WTR  SNW DPTH SPD SPD DIR MIN PSBL S-S WX    SPD DR
================================================================================

 1  24  13  19 -10  46   0 0.29  3.4   13  5.4 13 300   M    M   9 18     32 220
 2  14  -1   7 -23  58   0 0.07  0.5   16  5.2 15  40   M    M   6 18      M  M
 3  13  -9   2 -28  63   0 0.00  0.0   16  2.3  9  30   M    M   0 8      20  60
 4  19   5  12 -18  53   0    T    T   16  4.2 13 190   M    M   9 8      21 140
 5  20   7  14 -17  51   0    T    T   16  7.5 14  40   M    M   6 8       M  M
 6  29   0  15 -16  50   0 0.00  0.0   16  7.6 16 100   M    M   0 1      20 100
 7  44  13  29  -3  36   0 0.00  0.0   16  7.4 18 200   M    M   2        23 200
 8  39  20  30  -2  35   0 0.02    T   11  6.9 14 350   M    M   9 18     20 360
 9  36  12  24  -8  41   0 0.00  0.0   11 12.2 22 220   M    M   0        30 250
10  50  36  43  10  22   0 0.00  0.0   11 12.7 21 230   M    M   2 8      26 230
11  47  35  41   8  24   0 0.07  0.0   10  4.7 13  10   M    M   7 18     20  30
12  35   7  21 -12  44   0 0.52  6.3   15 12.6 28  30   M    M   8 12     35  10
13  25  -5  10 -24  55   0 0.00  0.0   16  7.7 17 210   M    M   4        23 210
14  49  22  36   2  29   0    T  0.0   14 18.4 31 220   M    M   2        39 220
15  38  19  29  -5  36   0    T  0.0   12 11.4 18 260   M    M   8        26 310
16  22   8  15 -20  50   0 0.00  0.0   10 11.1 18  50   M    M   1        23  40
17  31   6  19 -16  46   0 0.00  0.0    8  7.7 15 130   M    M   1        20 100
18  45  22  34  -2  31   0 0.00  0.0    7  9.1 18 140   M    M   1        23 150
19  44  32  38   2  27   0 0.24    T    5 12.8 28 260   M    M  10 18     33 270
20  37  25  31  -5  34   0    T    T    3 13.1 23 280   M    M   8 1      30 280
21  43  19  31  -6  34   0 0.22  0.0    3  6.7 18 150   M    M   2 18     24 140
22  39  21  30  -7  35   0    T    T    2 10.5 17 330   M    M   8 1      23 340
23  25  12  19 -19  46   0    T    T    2  9.4 17 310   M    M   4        21 280
24  30  11  21 -17  44   0    T    T    1  7.9 23 260   M    M   5        28 250
25  29  14  22 -17  43   0 0.02  0.2    T 12.2 24 300   M    M   6 18     31 270
26  32   9  21 -18  44   0 0.00  0.0    T  5.7 15 160   M    M   2        29 230
27  44  30  37  -3  28   0 0.16    T    T 13.0 20 180   M    M  10 18     28 180
28  49  32  41   1  24   0 0.08  0.0    T 12.9 31 260   M    M  10 1      39 250
29  38  26  32  -8  33   0 0.00  0.0    T 10.5 23  20   M    M   7        29  50
30  49  23  36  -5  29   0 0.00  0.0    T  4.2 10  10   M    M   0        16 340
31  60  31  46   5  19   0 0.00  0.0    0 12.2 22 160   M    M   0        28 120
================================================================================
SM 1099  495      1210   0  1.69    10.4 285.2          M      147
================================================================================
AV 35.5 16.0                               9.2 FASTST   M    M   5    MAX(MPH)
                                 MISC ---->  # 31 220               # 39  220
================================================================================
NOTES:
# LAST OF SEVERAL OCCURRENCES

COLUMN 17 PEAK WIND IN M.P.H.

PRELIMINARY LOCAL CLIMATOLOGICAL DATA (WS FORM: F-6) , PAGE 2

                                          STATION:  LANSING MI
                                          MONTH:    MARCH
                                          YEAR:     2014
                                          LATITUDE:   42 46 N
                                          LONGITUDE:  84 36 W

[TEMPERATURE DATA]      [PRECIPITATION DATA]       SYMBOLS USED IN COLUMN 16

AVERAGE MONTHLY: 25.7   TOTAL FOR MONTH:   1.69    1 = FOG OR MIST
DPTR FM NORMAL:  -9.4   DPTR FM NORMAL:   -0.37    2 = FOG REDUCING VISIBILITY
HIGHEST:    60 ON 31    GRTST 24HR  0.52 ON 12-12      TO 1/4 MILE OR LESS
LOWEST:     -9 ON  3                               3 = THUNDER
                        SNOW, ICE PELLETS, HAIL    4 = ICE PELLETS
                        TOTAL MONTH:  10.4 INCHES  5 = HAIL
                        GRTST 24HR   6.3 ON   M    6 = FREEZING RAIN OR DRIZZLE
                        GRTST DEPTH:  16 ON 13, 7  7 = DUSTSTORM OR SANDSTORM:
                                                       VSBY 1/2 MILE OR LESS
                                                   8 = SMOKE OR HAZE
[NO. OF DAYS WITH]      [WEATHER - DAYS WITH]      9 = BLOWING SNOW
                                                   X = TORNADO
MAX 32 OR BELOW:  13    0.01 INCH OR MORE:  10
MAX 90 OR ABOVE:   0    0.10 INCH OR MORE:   5
MIN 32 OR BELOW:  29    0.50 INCH OR MORE:   1
MIN  0 OR BELOW:   4    1.00 INCH OR MORE:   0

[HDD (BASE 65) ]
TOTAL THIS MO.  1210    CLEAR  (SCALE 0-3)  13
DPTR FM NORMAL   281    PTCLDY (SCALE 4-7)  11
TOTAL FM JUL 1  6751    CLOUDY (SCALE 8-10)  7
DPTR FM NORMAL   887

[CDD (BASE 65) ]
TOTAL THIS MO.     0
DPTR FM NORMAL    -1    [PRESSURE DATA]
TOTAL FM JAN 1     0    HIGHEST SLP 30.56 ON  5
DPTR FM NORMAL    -1    LOWEST  SLP 29.50 ON 28

[REMARKS]
#FINAL-03-14#
