000
CXUS53 KGRR 011017
CF6LAN
PRELIMINARY LOCAL CLIMATOLOGICAL DATA (WS FORM: F-6)

                                          STATION:   LANSING MI
                                          MONTH:     NOVEMBER
                                          YEAR:      2013
                                          LATITUDE:   42 46 N
                                          LONGITUDE:  84 36 W

  TEMPERATURE IN F:       :PCPN:    SNOW:  WIND      :SUNSHINE: SKY     :PK WND
================================================================================
1   2   3   4   5  6A  6B    7    8   9   10  11  12  13   14  15   16   17  18
                                     12Z  AVG MX 2MIN
DY MAX MIN AVG DEP HDD CDD  WTR  SNW DPTH SPD SPD DIR MIN PSBL S-S WX    SPD DR
================================================================================

 1  57  44  51   6  14   0 0.12  0.0    0 15.0 37 250   M    M  10 18     46 250
 2  48  35  42  -3  23   0 0.24  0.0    0  5.7 13  20   M    M   8 1      16  20
 3  46  29  38  -6  27   0 0.00  0.0    0  5.3 16 120   M    M   5 1      21 120
 4  51  35  43  -1  22   0 0.00  0.0    0 13.1 22 150   M    M   1        28 150
 5  56  46  51   7  14   0 0.00  0.0    0  8.6 17 180   M    M   9        24 160
 6  56  40  48   5  17   0 0.45  0.0    0 14.4 29 260   M    M   9 1      35 270
 7  45  32  39  -4  26   0    T  0.0    0 12.0 22 260   M    M   8        28 290
 8  44  31  38  -5  27   0 0.00  0.0    0  7.0 14 230   M    M   4 1      20 280
 9  54  38  46   4  19   0 0.01  0.0    0 15.3 32 260   M    M   6        46 260
10  49  33  41  -1  24   0 0.00  0.0    0 13.2 26 290   M    M   7        36 290
11  42  25  34  -7  31   0 0.26  0.4    0 10.8 20 360   M    M   9 1      26 360
12  34  20  27 -14  38   0    T    T    0  7.9 18 300   M    M   2        24 310
13  40  20  30 -11  35   0 0.00  0.0    0 13.9 24 230   M    M   0        31 220
14  49  31  40   0  25   0 0.00  0.0    0 14.7 24 200   M    M   0        30 230
15  53  38  46   6  19   0 0.00  0.0    0 10.1 20 210   M    M   2        25 200
16  57  36  47   7  18   0 0.09  0.0    0 12.1 23 180   M    M   5 18     30 170
17  63  43  53  14  12   0 0.76  0.0    0 18.7 47 240   M    M  10 13     61 250
18  45  33  39   0  26   0 0.00  0.0    0 18.8 24 280   M    M   9        38 270
19  41  28  35  -3  30   0 0.00  0.0    0  6.8 15 320   M    M   3        15 320
20  46  26  36  -2  29   0 0.00  0.0    0  8.9 20 140   M    M   0        25 150
21  50  37  44   7  21   0 0.17  0.0    0  7.5 15 200   M    M  10 1      20 200
22  44  24  34  -3  31   0 0.01    T    0  8.3 18 340   M    M   8 12     25 340
23  27  16  22 -15  43   0    T    T    0 12.9 23 330   M    M   5 8      31 330
24  24  14  19 -17  46   0    T    T    0  9.4 17 210   M    M   3        22 210
25  32  19  26 -10  39   0    T    T    0 14.6 24 220   M    M   6 168    32 240
26  32  26  29  -6  36   0    T    T    T  9.6 16 320   M    M  10 168    21 310
27  29  16  23 -12  42   0    T    T    T  9.3 23 330   M    M   4 1      31 320
28  27  17  22 -12  43   0 0.02  0.3    T  5.1 15 230   M    M   9 1      18 190
29  33  21  27  -7  38   0    T    T    0  2.5 12 140   M    M   6 18     15 140
30  46  26  36   2  29   0 0.00  0.0    0  9.7 18 210   M    M   3        23 210
================================================================================
SM 1320  879       844   0  2.13     0.7 321.2          M      171
================================================================================
AV 44.0 29.3                              10.7 FASTST   M    M   6    MAX(MPH)
                                 MISC ---->  # 47 240               # 61  250
================================================================================
NOTES:
# LAST OF SEVERAL OCCURRENCES

COLUMN 17 PEAK WIND IN M.P.H.

PRELIMINARY LOCAL CLIMATOLOGICAL DATA (WS FORM: F-6) , PAGE 2

                                          STATION:  LANSING MI
                                          MONTH:    NOVEMBER
                                          YEAR:     2013
                                          LATITUDE:   42 46 N
                                          LONGITUDE:  84 36 W

[TEMPERATURE DATA]      [PRECIPITATION DATA]       SYMBOLS USED IN COLUMN 16

AVERAGE MONTHLY: 36.7   TOTAL FOR MONTH:   2.13    1 = FOG OR MIST
DPTR FM NORMAL:  -2.9   DPTR FM NORMAL:   -0.65    2 = FOG REDUCING VISIBILITY
HIGHEST:    63 ON 17    GRTST 24HR  1.36 ON 31- 1      TO 1/4 MILE OR LESS
LOWEST:     14 ON 24                               3 = THUNDER
                        SNOW, ICE PELLETS, HAIL    4 = ICE PELLETS
                        TOTAL MONTH:   0.7 INCH    5 = HAIL
                        GRTST 24HR   0.4 ON   M    6 = FREEZING RAIN OR DRIZZLE
                        GRTST DEPTH:   0           7 = DUSTSTORM OR SANDSTORM:
                                                       VSBY 1/2 MILE OR LESS
                                                   8 = SMOKE OR HAZE
[NO. OF DAYS WITH]      [WEATHER - DAYS WITH]      9 = BLOWING SNOW
                                                   X = TORNADO
MAX 32 OR BELOW:   6    0.01 INCH OR MORE:  10
MAX 90 OR ABOVE:   0    0.10 INCH OR MORE:   6
MIN 32 OR BELOW:  18    0.50 INCH OR MORE:   1
MIN  0 OR BELOW:   0    1.00 INCH OR MORE:   0

[HDD (BASE 65) ]
TOTAL THIS MO.   844    CLEAR  (SCALE 0-3)   7
DPTR FM NORMAL    80    PTCLDY (SCALE 4-7)  13
TOTAL FM JUL 1  1446    CLOUDY (SCALE 8-10) 10
DPTR FM NORMAL    32

[CDD (BASE 65) ]
TOTAL THIS MO.     0
DPTR FM NORMAL     0    [PRESSURE DATA]
TOTAL FM JAN 1   661    HIGHEST SLP 30.69 ON 29
DPTR FM NORMAL    36    LOWEST  SLP 29.15 ON  1

[REMARKS]
#FINAL-11-13#
