000
CXUS53 KGRR 011406
CF6LAN
PRELIMINARY LOCAL CLIMATOLOGICAL DATA (WS FORM: F-6)

                                          STATION:   LANSING MI
                                          MONTH:     FEBRUARY
                                          YEAR:      2014
                                          LATITUDE:   42 46 N
                                          LONGITUDE:  84 36 W

  TEMPERATURE IN F:       :PCPN:    SNOW:  WIND      :SUNSHINE: SKY     :PK WND
================================================================================
1   2   3   4   5  6A  6B    7    8   9   10  11  12  13   14  15   16   17  18
                                     12Z  AVG MX 2MIN
DY MAX MIN AVG DEP HDD CDD  WTR  SNW DPTH SPD SPD DIR MIN PSBL S-S WX    SPD DR
================================================================================

 1  28  18  23  -1  42   0 0.37  3.9   12  4.9 10  80   M    M  10 12     12 320
 2  23   5  14 -10  51   0    T    T   14  5.9 15 290   M    M   7 1      18 280
 3  22 -10   6 -18  59   0 0.00  0.0   14  1.0 10 270   M    M   1 128    12 250
 4  25   5  15  -9  50   0    T    T   14  2.9 13  50   M    M   4 18     17  50
 5  22   8  15  -9  50   0 0.27  5.0   17 11.2 21 360   M    M   9 1      26  10
 6  18   5  12 -12  53   0 0.01  0.5   15 11.4 23 250   M    M  10 189    28 240
 7  14   2   8 -16  57   0    T    T   16 14.2 28 240   M    M   7 8      32 250
 8  18   0   9 -15  56   0 0.04  0.7   16  6.9 14 220   M    M   8 1      21 220
 9  22  12  17  -8  48   0 0.03  1.2   15  6.5 17 280   M    M   9 18     22 240
10  18   5  12 -13  53   0    T    T   15  7.0 17 270   M    M   7 18      M  M
11  16   3  10 -15  55   0 0.00  0.0   15  2.7  9 180   M    M   5        12 180
12  23  -3  10 -15  55   0 0.00  0.0   15  6.1 13 160   M    M   4 1      14 160
13  31  16  24  -1  41   0    T    T   15  7.9 18 180   M    M   7        24 160
14  27  19  23  -3  42   0    T  0.3   16 10.3 18 290   M    M  10 18     24 340
15  21   1  11 -15  54   0 0.00  0.0   15  5.7 15 330   M    M   1        22 260
16  23   4  14 -12  51   0 0.02  0.8   16  4.6 12  30   M    M   7 18     14  20
17  20   2  11 -15  54   0 0.24  3.1   16 12.4 25 140   M    M   5 12     31 140
18  42  16  29   3  36   0 0.08  0.8   19 12.2 22 160   M    M   5 18     28 180
19  44  30  37  10  28   0 0.01    T   19  9.6 20 260   M    M   2 18     22 260
20  43  29  36   9  29   0 0.63  0.4   18 10.5 23 110   M    M   7 128    29 100
21  45  29  37  10  28   0    T    T   12 23.8 41 250   M    M   7 1      53 250
22  33  23  28   1  37   0 0.00  0.0   12 17.5 29 240   M    M   1        37 240
23  26  18  22  -6  43   0 0.00  0.0   12 15.6 25 260   M    M   1        31 250
24  22  14  18 -10  47   0    T  0.3   12 14.9 28 260   M    M  10 8      32 260
25  22   9  16 -12  49   0    T  0.2   12 11.0 25 250   M    M  10 128    31 280
26  14   1   8 -20  57   0    T    T   12 13.9 25 240   M    M   5        31 220
27  12  -8   2 -27  63   0 0.06  0.8   12 11.1 25 300   M    M   5 1289   32 300
28  18 -11   4 -25  61   0 0.00  0.0   13  9.0 18 150   M    M   2 8      23 150
================================================================================
SM  692  242      1349   0  1.76    18.0 270.7          M      166
================================================================================
AV 24.7  8.6                               9.7 FASTST   M    M   6    MAX(MPH)
                                 MISC ---->  # 41 250               # 53  250
================================================================================
NOTES:
# LAST OF SEVERAL OCCURRENCES

COLUMN 17 PEAK WIND IN M.P.H.

PRELIMINARY LOCAL CLIMATOLOGICAL DATA (WS FORM: F-6) , PAGE 2

                                          STATION:  LANSING MI
                                          MONTH:    FEBRUARY
                                          YEAR:     2014
                                          LATITUDE:   42 46 N
                                          LONGITUDE:  84 36 W

[TEMPERATURE DATA]      [PRECIPITATION DATA]       SYMBOLS USED IN COLUMN 16

AVERAGE MONTHLY: 16.7   TOTAL FOR MONTH:   1.76    1 = FOG OR MIST
DPTR FM NORMAL:  -9.2   DPTR FM NORMAL:    0.29    2 = FOG REDUCING VISIBILITY
HIGHEST:    45 ON 21    GRTST 24HR  0.63 ON 20-20      TO 1/4 MILE OR LESS
LOWEST:    -11 ON 28                               3 = THUNDER
                        SNOW, ICE PELLETS, HAIL    4 = ICE PELLETS
                        TOTAL MONTH:  18.0 INCHES  5 = HAIL
                        GRTST 24HR   5.0 ON  5- 5  6 = FREEZING RAIN OR DRIZZLE
                        GRTST DEPTH:  19 ON 19,18  7 = DUSTSTORM OR SANDSTORM:
                                                       VSBY 1/2 MILE OR LESS
                                                   8 = SMOKE OR HAZE
[NO. OF DAYS WITH]      [WEATHER - DAYS WITH]      9 = BLOWING SNOW
                                                   X = TORNADO
MAX 32 OR BELOW:  23    0.01 INCH OR MORE:  11
MAX 90 OR ABOVE:   0    0.10 INCH OR MORE:   4
MIN 32 OR BELOW:  28    0.50 INCH OR MORE:   1
MIN  0 OR BELOW:   5    1.00 INCH OR MORE:   0

[HDD (BASE 65) ]
TOTAL THIS MO.  1349    CLEAR  (SCALE 0-3)   6
DPTR FM NORMAL   254    PTCLDY (SCALE 4-7)  14
TOTAL FM JUL 1  5541    CLOUDY (SCALE 8-10)  8
DPTR FM NORMAL   606

[CDD (BASE 65) ]
TOTAL THIS MO.     0
DPTR FM NORMAL     0    [PRESSURE DATA]
TOTAL FM JAN 1     0    HIGHEST SLP 30.54 ON 11
DPTR FM NORMAL     0    LOWEST  SLP 29.35 ON 21

[REMARKS]
#FINAL-02-14#
