000
CXUS53 KGRR 011017
CF6LAN
PRELIMINARY LOCAL CLIMATOLOGICAL DATA (WS FORM: F-6)

                                          STATION:   LANSING MI
                                          MONTH:     OCTOBER
                                          YEAR:      2013
                                          LATITUDE:   42 46 N
                                          LONGITUDE:  84 36 W

  TEMPERATURE IN F:       :PCPN:    SNOW:  WIND      :SUNSHINE: SKY     :PK WND
================================================================================
1   2   3   4   5  6A  6B    7    8   9   10  11  12  13   14  15   16   17  18
                                     12Z  AVG MX 2MIN
DY MAX MIN AVG DEP HDD CDD  WTR  SNW DPTH SPD SPD DIR MIN PSBL S-S WX    SPD DR
================================================================================

 1  73  53  63   7   2   0 0.00  0.0    0 10.0 21 200   M    M   4 18     29 210
 2  79  51  65  10   0   0 0.00  0.0    0  2.3 13 230   M    M   0 128    16 220
 3  80  49  65  10   0   0 0.00  0.0    0  6.1 22 210   M    M   4        29 200
 4  78  64  71  17   0   6 0.00  0.0    0  5.7 15 220   M    M   6 13     18 220
 5  75  63  69  15   0   4 0.70  0.0    0  7.6 20 180   M    M   8 18     23 180
 6  70  52  61   7   4   0 0.26  0.0    0  9.0 17 170   M    M   7 1      22 170
 7  60  45  53   0  12   0 0.05  0.0    0 10.4 23 250   M    M   5 1      28 240
 8  68  42  55   2  10   0 0.00  0.0    0  6.0 14 160   M    M   0        21 190
 9  70  45  58   5   7   0 0.00  0.0    0  3.6 13 160   M    M   0 18     18 160
10  72  40  56   4   9   0 0.00  0.0    0  1.8  9 140   M    M   0 12     13 100
11  72  40  56   4   9   0 0.00  0.0    0  3.4 12 100   M    M   0 1      14 140
12  78  47  63  11   2   0    T  0.0    0  5.8 16 170   M    M   2 1      20 190
13  65  41  53   2  12   0 0.00  0.0    0  4.8 14 290   M    M   1 1      17 250
14  62  38  50  -1  15   0 0.00  0.0    0  4.6 13  70   M    M   0 1      15 100
15  64  38  51   1  14   0 0.20  0.0    0  8.2 20 170   M    M   5 18     25 170
16  61  49  55   5  10   0 0.01  0.0    0 11.0 18 210   M    M   8 18     23 220
17  50  42  46  -4  19   0 0.27  0.0    0  7.1 18 320   M    M   9 1      23 310
18  61  41  51   1  14   0    T  0.0    0  9.5 24 250   M    M   3 1      29 240
19  50  40  45  -4  20   0 0.11  0.0    0  9.8 20 250   M    M   9 1      25 250
20  58  38  48  -1  17   0 0.05  0.0    0  8.4 23 210   M    M   5 1      32 210
21  56  39  48  -1  17   0 0.17  0.0    0 13.4 23 290   M    M  10 1      32 280
22  49  32  41  -7  24   0 0.00  0.0    0  9.5 22 300   M    M   6        26 290
23  46  31  39  -9  26   0 0.02    T    0  6.7 15 240   M    M   8 8      17 250
24  46  30  38 -10  27   0    T  0.0    0  7.9 21 300   M    M   5        25 300
25  47  31  39  -8  26   0    T  0.0    0  9.9 22 210   M    M   6 1      26 200
26  51  35  43  -4  22   0 0.16  0.0    0 12.8 25 230   M    M   8        37 220
27  53  31  42  -5  23   0 0.00  0.0    0  7.3 18 240   M    M   5        24 230
28  48  32  40  -6  25   0 0.00  0.0    0  6.0 18  50   M    M   8        22  50
29  49  37  43  -3  22   0 0.00  0.0    0  5.8  9 140   M    M   7        13 100
30  63  34  49   3  16   0 0.09  0.0    0  4.9 13 150   M    M   6 18     17 150
31  62  54  58  13   7   0 1.46  0.0    0 13.6 31 250   M    M  10 1      40 230
================================================================================
SM 1916 1304       411  10  3.55    T    232.9          M      155
================================================================================
AV 61.8 42.1                               7.5 FASTST   M    M   5    MAX(MPH)
                                 MISC ---->  # 31 250               # 40  230
================================================================================
NOTES:
# LAST OF SEVERAL OCCURRENCES

COLUMN 17 PEAK WIND IN M.P.H.

PRELIMINARY LOCAL CLIMATOLOGICAL DATA (WS FORM: F-6) , PAGE 2

                                          STATION:  LANSING MI
                                          MONTH:    OCTOBER
                                          YEAR:     2013
                                          LATITUDE:   42 46 N
                                          LONGITUDE:  84 36 W

[TEMPERATURE DATA]      [PRECIPITATION DATA]       SYMBOLS USED IN COLUMN 16

AVERAGE MONTHLY: 51.9   TOTAL FOR MONTH:   3.55    1 = FOG OR MIST
DPTR FM NORMAL:   1.6   DPTR FM NORMAL:    1.02    2 = FOG REDUCING VISIBILITY
HIGHEST:    80 ON  3    GRTST 24HR  1.52 ON 30-31      TO 1/4 MILE OR LESS
LOWEST:     30 ON 24                               3 = THUNDER
                        SNOW, ICE PELLETS, HAIL    4 = ICE PELLETS
                        TOTAL MONTH:    T          5 = HAIL
                        GRTST 24HR    T  ON 23-23  6 = FREEZING RAIN OR DRIZZLE
                        GRTST DEPTH:   0           7 = DUSTSTORM OR SANDSTORM:
                                                       VSBY 1/2 MILE OR LESS
                                                   8 = SMOKE OR HAZE
[NO. OF DAYS WITH]      [WEATHER - DAYS WITH]      9 = BLOWING SNOW
                                                   X = TORNADO
MAX 32 OR BELOW:   0    0.01 INCH OR MORE:  13
MAX 90 OR ABOVE:   0    0.10 INCH OR MORE:   8
MIN 32 OR BELOW:   6    0.50 INCH OR MORE:   2
MIN  0 OR BELOW:   0    1.00 INCH OR MORE:   1

[HDD (BASE 65) ]
TOTAL THIS MO.   411    CLEAR  (SCALE 0-3)   8
DPTR FM NORMAL   -51    PTCLDY (SCALE 4-7)  19
TOTAL FM JUL 1   602    CLOUDY (SCALE 8-10)  4
DPTR FM NORMAL   -48

[CDD (BASE 65) ]
TOTAL THIS MO.    10
DPTR FM NORMAL     3    [PRESSURE DATA]
TOTAL FM JAN 1   661    HIGHEST SLP 30.46 ON 29
DPTR FM NORMAL    36    LOWEST  SLP 29.11 ON 31

[REMARKS]
#FINAL-10-13#
