000
CXUS53 KGRR 011248
CF6LAN
PRELIMINARY LOCAL CLIMATOLOGICAL DATA (WS FORM: F-6)

                                          STATION:   LANSING MI
                                          MONTH:     JANUARY
                                          YEAR:      2014
                                          LATITUDE:   42 46 N
                                          LONGITUDE:  84 36 W

  TEMPERATURE IN F:       :PCPN:    SNOW:  WIND      :SUNSHINE: SKY     :PK WND
================================================================================
1   2   3   4   5  6A  6B    7    8   9   10  11  12  13   14  15   16   17  18
                                     12Z  AVG MX 2MIN
DY MAX MIN AVG DEP HDD CDD  WTR  SNW DPTH SPD SPD DIR MIN PSBL S-S WX    SPD DR
================================================================================

 1  14   9  12 -12  53   0 0.08  2.7    3  8.6 17  40   M    M  10 18     22  50
 2  13  -3   5 -19  60   0 0.01  0.7    6 12.7 22  10   M    M   8 9      30  30
 3  13 -11   1 -23  64   0 0.00  0.0    6 10.2 23 180   M    M   2 18     32 180
 4  31  13  22  -2  43   0 0.12  1.3    6 14.7 28 210   M    M   4 18     36 210
 5  29  16  23  -1  42   0 0.78  9.5   10 10.5 22 350   M    M  10 129    30 360
 6  16 -12   2 -22  63   0 0.08  1.1   16 18.0 31 260   M    M  10 29     40 260
 7   2 -13  -5 -29  70   0    T    T   17 14.8 25 220   M    M   8 8      31 230
 8  17  -1   8 -16  57   0    T    T   17  6.5 15 230   M    M   7        18 230
 9  21   2  12 -12  53   0 0.01  0.2   15  6.2 14 150   M    M   9 18     17 140
10  39  21  30   6  35   0 0.39    T   15  9.5 17 160   M    M  10 12     22 150
11  41  32  37  14  28   0 0.16    T    7 14.1 26 270   M    M  10 1      36 270
12  39  31  35  12  30   0 0.00  0.0    6 13.9 24 170   M    M   5        33 190
13  44  34  39  16  26   0 0.00  0.0    6 11.7 22 270   M    M   3        26 260
14  37  26  32   9  33   0 0.02  0.3    5 11.8 28 240   M    M   5 168    37 220
15  27  18  23   0  42   0    T    T    5 13.8 31 220   M    M  10 1      43 220
16  28  16  22  -1  43   0 0.08  1.0    5 14.0 23 220   M    M  10 18     28 170
17  30  15  23   0  42   0    T    T    6 12.2 21 250   M    M  10 1      29 250
18  21  13  17  -6  48   0    T    T    6  8.7 16 200   M    M  10 18     21 230
19  29  11  20  -3  45   0    T    T    6 14.7 31 240   M    M   9 18     39 220
20  30   9  20  -3  45   0 0.01  0.3    6  8.3 18  40   M    M  10 168    23 350
21   9  -5   2 -21  63   0 0.00  0.0    6  6.2 16  40   M    M   3        21  40
22  11  -3   4 -19  61   0 0.05  0.4    6  9.5 18 190   M    M  10 18     23 190
23  13  -2   6 -17  59   0    T  0.1    6  6.6 15 350   M    M   5 189    18 360
24  19  -1   9 -14  56   0    T    T    6 17.7 31 200   M    M   8 189    38 210
25  25   3  14  -9  51   0 0.07  1.2    7 13.7 24 320   M    M  10 1289   29 320
26  25   2  14  -9  51   0 0.23  3.6    7 11.3 25 260   M    M   9 18     32 310
27  15  -6   5 -18  60   0 0.04  0.8   11 13.2 23 300   M    M   6 89     31 280
28   8  -9   0 -23  65   0    T    T   11 12.9 24 250   M    M   2 18     30 250
29  19  -3   8 -15  57   0    T    T   11 15.2 30 250   M    M   4 8      36 240
30  28  12  20  -4  45   0 0.03  0.3   11 17.4 26 200   M    M   5 128    36 180
31  31  21  26   2  39   0    T    T   11  6.6 16 220   M    M   6 6      21 220
================================================================================
SM  724  235      1529   0  2.16    23.5 365.2          M      228
================================================================================
AV 23.4  7.6                              11.8 FASTST   M    M   7    MAX(MPH)
                                 MISC ---->  # 31 260               # 43  220
================================================================================
NOTES:
# LAST OF SEVERAL OCCURRENCES

COLUMN 17 PEAK WIND IN M.P.H.

PRELIMINARY LOCAL CLIMATOLOGICAL DATA (WS FORM: F-6) , PAGE 2

                                          STATION:  LANSING MI
                                          MONTH:    JANUARY
                                          YEAR:     2014
                                          LATITUDE:   42 46 N
                                          LONGITUDE:  84 36 W

[TEMPERATURE DATA]      [PRECIPITATION DATA]       SYMBOLS USED IN COLUMN 16

AVERAGE MONTHLY: 15.5   TOTAL FOR MONTH:   2.16    1 = FOG OR MIST
DPTR FM NORMAL:  -7.9   DPTR FM NORMAL:    0.51    2 = FOG REDUCING VISIBILITY
HIGHEST:    44 ON 13    GRTST 24HR  0.83 ON  4- 5      TO 1/4 MILE OR LESS
LOWEST:    -13 ON  7                               3 = THUNDER
                        SNOW, ICE PELLETS, HAIL    4 = ICE PELLETS
                        TOTAL MONTH:  23.5 INCHES  5 = HAIL
                        GRTST 24HR   9.5 ON  5- 5  6 = FREEZING RAIN OR DRIZZLE
                        GRTST DEPTH:  17 ON  8, 7  7 = DUSTSTORM OR SANDSTORM:
                                                       VSBY 1/2 MILE OR LESS
                                                   8 = SMOKE OR HAZE
[NO. OF DAYS WITH]      [WEATHER - DAYS WITH]      9 = BLOWING SNOW
                                                   X = TORNADO
MAX 32 OR BELOW:  26    0.01 INCH OR MORE:  16
MAX 90 OR ABOVE:   0    0.10 INCH OR MORE:   5
MIN 32 OR BELOW:  30    0.50 INCH OR MORE:   1
MIN  0 OR BELOW:  12    1.00 INCH OR MORE:   0

[HDD (BASE 65) ]
TOTAL THIS MO.  1529    CLEAR  (SCALE 0-3)   3
DPTR FM NORMAL   241    PTCLDY (SCALE 4-7)  11
TOTAL FM JUL 1  4192    CLOUDY (SCALE 8-10) 17
DPTR FM NORMAL   352

[CDD (BASE 65) ]
TOTAL THIS MO.     0
DPTR FM NORMAL     0    [PRESSURE DATA]
TOTAL FM JAN 1     0    HIGHEST SLP 30.61 ON  9
DPTR FM NORMAL     0    LOWEST  SLP 29.30 ON 25

[REMARKS]
#FINAL-01-14#
