000
CXUS53 KGRR 311017
CF6LAN
PRELIMINARY LOCAL CLIMATOLOGICAL DATA (WS FORM: F-6)

                                          STATION:   LANSING MI
                                          MONTH:     DECEMBER
                                          YEAR:      2013
                                          LATITUDE:   42 46 N
                                          LONGITUDE:  84 36 W

  TEMPERATURE IN F:       :PCPN:    SNOW:  WIND      :SUNSHINE: SKY     :PK WND
================================================================================
1   2   3   4   5  6A  6B    7    8   9   10  11  12  13   14  15   16   17  18
                                     12Z  AVG MX 2MIN
DY MAX MIN AVG DEP HDD CDD  WTR  SNW DPTH SPD SPD DIR MIN PSBL S-S WX    SPD DR
================================================================================

 1  39  32  36   3  29   0 0.00  0.0    0  5.1 13  60   M    M   8 18     14  60
 2  40  25  33   0  32   0 0.00  0.0    0  3.6  9  90   M    M   5 1      13  90
 3  38  25  32   0  33   0 0.07    T    0  8.2 15 130   M    M  10 1      20 130
 4  59  37  48  16  17   0 0.03  0.0    0  9.4 22 200   M    M  10 128    32 200
 5  59  28  44  12  21   0    T  0.0    0 16.9 32 260   M    M   8 8      40 260
 6  28  19  24  -7  41   0    T    T    0  8.9 16 270   M    M   6        20 270
 7  23  11  17 -14  48   0    T    T    0  7.0 16 310   M    M   6        22 280
 8  25   9  17 -14  48   0 0.06  0.9    0  5.4 13  80   M    M   6 18     15  70
 9  28  17  23  -7  42   0    T  0.2    1 16.2 29 250   M    M   9 168    37 250
10  20  10  15 -15  50   0 0.01  0.4    1 12.7 28 220   M    M   8 18     35 220
11  20   4  12 -18  53   0 0.03  1.1    1  9.4 16 280   M    M   5 128    23 270
12  21   2  12 -17  53   0    T  0.1    2 11.8 23 230   M    M   9 1      29 220
13  26  20  23  -6  42   0 0.00  0.0    2  7.2 17 230   M    M   9 8      25  80
14  21  13  17 -11  48   0 0.19  3.0    2 10.4 17  50   M    M  10 1      23  70
15  22  11  17 -11  48   0 0.06  2.0    4 11.2 26 260   M    M  10 18     36 280
16  19  -1   9 -19  56   0 0.06  0.9    6  3.8 12 180   M    M   2 1      14 160
17  29  15  22  -6  43   0 0.04  0.7    7  9.4 22 230   M    M   9 189    26 230
18  29  24  27   0  38   0 0.01  0.7    8 11.8 20 210   M    M   7 1      26 200
19  39  28  34   7  31   0 0.00  0.0    8  7.0 15 210   M    M   5 18     20 230
20  33  30  32   5  33   0 0.32  0.0    4  6.7 13  20   M    M  10 16     16  10
21  32  30  31   4  34   0 0.54  0.0    0  8.2 21  50   M    M  10 126    38 200
22  33   M   M   M   M   M 0.26  0.4    2   M   M   M   M    M  10 16      M  M
23  27  17  22  -4  43   0 0.01  0.2    3 10.0 18 240   M    M   9 1      23 230
24  17  10  14 -12  51   0 0.02  1.7    5  5.4 15 250   M    M   9 18     18 250
25  24  10  17  -9  48   0 0.04  0.7    5 11.1 16 160   M    M   9 18     23 150
26  26  21  24  -2  41   0 0.08  1.7    6  9.9 21 280   M    M  10 18     26 270
27  39  26  33   8  32   0 0.00  0.0    6  8.4 22 230   M    M   8 18     29 210
28  44  30  37  12  28   0 0.00  0.0    4 11.6 22 230   M    M   0 1      29 210
29  40  18  29   4  36   0    T    T    2 10.7 18 220   M    M   6 168    23 310
30  19  14  17  -8  48   0    T    T    2  6.4 16 310   M    M  10        22 310
================================================================================
SM  919  535      1167   0  1.83    14.7 263.8          M      233
================================================================================
AV 30.6 18.4                               9.1 FASTST   M    M   8    MAX(MPH)
                                 MISC ---->  # 32 260               # 40  260
================================================================================
NOTES:
# LAST OF SEVERAL OCCURRENCES

COLUMN 17 PEAK WIND IN M.P.H.

PRELIMINARY LOCAL CLIMATOLOGICAL DATA (WS FORM: F-6) , PAGE 2

                                          STATION:  LANSING MI
                                          MONTH:    DECEMBER
                                          YEAR:     2013
                                          LATITUDE:   42 46 N
                                          LONGITUDE:  84 36 W

[TEMPERATURE DATA]      [PRECIPITATION DATA]       SYMBOLS USED IN COLUMN 16

AVERAGE MONTHLY: 24.5   TOTAL FOR MONTH:   1.83    1 = FOG OR MIST
DPTR FM NORMAL:  -3.9   DPTR FM NORMAL:    0.02    2 = FOG REDUCING VISIBILITY
HIGHEST:    59 ON  5, 4 GRTST 24HR  0.55 ON 21-21      TO 1/4 MILE OR LESS
LOWEST:     -1 ON 16                               3 = THUNDER
                        SNOW, ICE PELLETS, HAIL    4 = ICE PELLETS
                        TOTAL MONTH:  14.7 INCHES  5 = HAIL
                        GRTST 24HR   3.0 ON 14-14  6 = FREEZING RAIN OR DRIZZLE
                        GRTST DEPTH:   8 ON 19,18  7 = DUSTSTORM OR SANDSTORM:
                                                       VSBY 1/2 MILE OR LESS
                                                   8 = SMOKE OR HAZE
[NO. OF DAYS WITH]      [WEATHER - DAYS WITH]      9 = BLOWING SNOW
                                                   X = TORNADO
MAX 32 OR BELOW:  19    0.01 INCH OR MORE:  17
MAX 90 OR ABOVE:   0    0.10 INCH OR MORE:   4
MIN 32 OR BELOW:  28    0.50 INCH OR MORE:   1
MIN  0 OR BELOW:   1    1.00 INCH OR MORE:   0

[HDD (BASE 65) ]
TOTAL THIS MO.  1167    CLEAR  (SCALE 0-3)   2
DPTR FM NORMAL    70    PTCLDY (SCALE 4-7)  12
TOTAL FM JUL 1  2613    CLOUDY (SCALE 8-10) 16
DPTR FM NORMAL   102

[CDD (BASE 65) ]
TOTAL THIS MO.     0
DPTR FM NORMAL     0    [PRESSURE DATA]
TOTAL FM JAN 1   661    HIGHEST SLP M ON M
DPTR FM NORMAL    36    LOWEST  SLP 29.29 ON 30

[REMARKS]
