000
CXUS53 KGRR 011017
CF6LAN
PRELIMINARY LOCAL CLIMATOLOGICAL DATA (WS FORM: F-6)

                                          STATION:   LANSING MI
                                          MONTH:     OCTOBER
                                          YEAR:      2015
                                          LATITUDE:   42 46 N
                                          LONGITUDE:  84 36 W

  TEMPERATURE IN F:       :PCPN:    SNOW:  WIND      :SUNSHINE: SKY     :PK WND
================================================================================
1   2   3   4   5  6A  6B    7    8   9   10  11  12  13   14  15   16   17  18
                                     12Z  AVG MX 2MIN
DY MAX MIN AVG DEP HDD CDD  WTR  SNW DPTH SPD SPD DIR MIN PSBL S-S WX    SPD DR
================================================================================

 1  60  42  51  -5  14   0 0.00  0.0    0 13.7 25  30   M    M   0        34  30
 2  60  44  52  -3  13   0 0.00  0.0    0 15.1 25  60   M    M   M        35  40
 3  50  45  48  -7  17   0 0.23  0.0    0 13.8 23  70   M    M   7 1      30  50
 4  56  46  51  -3  14   0 0.09  0.0    0  7.7 14  60   M    M  10 1      18  50
 5  63  53  58   4   7   0 0.00  0.0    0  5.8 12  50   M    M  10 128    13  50
 6  61  53  57   3   8   0 0.00  0.0    0  2.9  8 290   M    M   8 12     10 290
 7  71  47  59   6   6   0 0.00  0.0    0  4.3 15 300   M    M   4 18     22 280
 8  75  45  60   7   5   0 0.18  0.0    0  6.9 20 330   M    M   7 18     25 320
 9  64  42  53   0  12   0    T  0.0    0  8.3 18 330   M    M   8 18     23 340
10  64  38  51  -1  14   0 0.00  0.0    0  6.0 16 250   M    M   0 1      22 220
11  75  50  63  11   2   0 0.00  0.0    0 13.1 24 220   M    M   0        31 220
12  71  55  63  11   2   0    T  0.0    0 13.7 29 270   M    M   2        36 270
13  55  49  52   1  13   0 0.02  0.0    0 11.4 22 270   M    M  10 18     27 270
14  56  43  50  -1  15   0 0.04  0.0    0  6.4 15 300   M    M   7 1      19 310
15  60  41  51   1  14   0 0.01  0.0    0 11.8 29 250   M    M   4        42 250
16  51  34  43  -7  22   0 0.02  0.0    0  9.6 28 300   M    M   5        39 310
17  47  29  38 -12  27   0    T    T    0  6.8 21 320   M    M   7        28 320
18  52  29  41  -9  24   0    T    T    0  3.9 14 300   M    M   4        17 290
19  68  36  52   3  13   0 0.00  0.0    0 17.0 30 220   M    M   1        39 220
20  74  55  65  16   0   0 0.05  0.0    0 10.2 21 230   M    M   4        27 260
21  71  53  62  13   3   0 0.17  0.0    0  9.2 18 220   M    M   6 18     23 210
22  64  44  54   6  11   0 0.00  0.0    0  8.1 15 270   M    M   1 8      20 260
23  59  36  48   0  17   0    T  0.0    0  9.2 20 130   M    M   2        24 130
24  70  50  60  12   5   0 0.23  0.0    0 15.2 29 260   M    M  10 1      40 270
25  60  40  50   3  15   0 0.01  0.0    0  7.9 17 290   M    M   1 1      23 320
26  60  32  46  -1  19   0 0.00  0.0    0  3.5 10 140   M    M   0 1      13 130
27  61  39  50   3  15   0 0.02  0.0    0 11.4 23 100   M    M   1 1      27 100
28  60  44  52   6  13   0 0.64  0.0    0 16.1 35 260   M    M  10 1      45 270
29  44  37  41  -5  24   0 0.02    T    0 15.9 29 230   M    M   9 18     40 230
30  51  39  45  -1  20   0    T  0.0    0  4.5 12 230   M    M   8        13 210
31  50  43  47   2  18   0 0.47  0.0    0 10.5 21 160   M    M   8 1      28 150
================================================================================
SM 1883 1333       402   0  2.20    T    299.9          M      154
================================================================================
AV 60.7 43.0                               9.7 FASTST   M    M   5    MAX(MPH)
                                 MISC ---->  # 35 260               # 45  270
================================================================================
NOTES:
# LAST OF SEVERAL OCCURRENCES

COLUMN 17 PEAK WIND IN M.P.H.

PRELIMINARY LOCAL CLIMATOLOGICAL DATA (WS FORM: F-6) , PAGE 2

                                          STATION:  LANSING MI
                                          MONTH:    OCTOBER
                                          YEAR:     2015
                                          LATITUDE:   42 46 N
                                          LONGITUDE:  84 36 W

[TEMPERATURE DATA]      [PRECIPITATION DATA]       SYMBOLS USED IN COLUMN 16

AVERAGE MONTHLY: 51.9   TOTAL FOR MONTH:   2.20    1 = FOG OR MIST
DPTR FM NORMAL:   1.6   DPTR FM NORMAL:   -0.33    2 = FOG REDUCING VISIBILITY
HIGHEST:    75 ON 11, 8 GRTST 24HR  0.66 ON 27-28      TO 1/4 MILE OR LESS
LOWEST:     29 ON 18,17                            3 = THUNDER
                        SNOW, ICE PELLETS, HAIL    4 = ICE PELLETS
                        TOTAL MONTH:    T          5 = HAIL
                        GRTST 24HR    T  ON 29-29  6 = FREEZING RAIN OR DRIZZLE
                        GRTST DEPTH:   0           7 = DUSTSTORM OR SANDSTORM:
                                                       VSBY 1/2 MILE OR LESS
                                                   8 = SMOKE OR HAZE
[NO. OF DAYS WITH]      [WEATHER - DAYS WITH]      9 = BLOWING SNOW
                                                   X = TORNADO
MAX 32 OR BELOW:   0    0.01 INCH OR MORE:  15
MAX 90 OR ABOVE:   0    0.10 INCH OR MORE:   6
MIN 32 OR BELOW:   3    0.50 INCH OR MORE:   1
MIN  0 OR BELOW:   0    1.00 INCH OR MORE:   0

[HDD (BASE 65) ]
TOTAL THIS MO.   402    CLEAR  (SCALE 0-3)  10
DPTR FM NORMAL   -60    PTCLDY (SCALE 4-7)  13
TOTAL FM JUL 1   502    CLOUDY (SCALE 8-10)  7
DPTR FM NORMAL  -148

[CDD (BASE 65) ]
TOTAL THIS MO.     0
DPTR FM NORMAL    -7    [PRESSURE DATA]
TOTAL FM JAN 1   615    HIGHEST SLP 30.50 ON 18
DPTR FM NORMAL   -10    LOWEST  SLP 29.35 ON 28

[REMARKS]
#FINAL-10-15#
