000
CXUS53 KGRR 011017
CF6LAN
PRELIMINARY LOCAL CLIMATOLOGICAL DATA (WS FORM: F-6)

                                          STATION:   LANSING MI
                                          MONTH:     SEPTEMBER
                                          YEAR:      2013
                                          LATITUDE:   42 46 N
                                          LONGITUDE:  84 36 W

  TEMPERATURE IN F:       :PCPN:    SNOW:  WIND      :SUNSHINE: SKY     :PK WND
================================================================================
1   2   3   4   5  6A  6B    7    8   9   10  11  12  13   14  15   16   17  18
                                     12Z  AVG MX 2MIN
DY MAX MIN AVG DEP HDD CDD  WTR  SNW DPTH SPD SPD DIR MIN PSBL S-S WX    SPD DR
================================================================================

 1  81  66  74   7   0   9    T  0.0    0  4.3 10 250   M    M   7 18     13 260
 2  73  58  66  -1   0   1 0.00  0.0    0  9.5 18 310   M    M   8 1      24 310
 3  75  56  66  -1   0   1 0.00  0.0    0  7.7 15 290   M    M   4        23 280
 4  80  54  67   1   0   2 0.00  0.0    0  9.5 18 260   M    M   1        25 250
 5  70  49  60  -6   5   0 0.00  0.0    0  4.8 13  30   M    M   1        18 360
 6  76  50  63  -3   2   0 0.00  0.0    0  4.7 10 180   M    M   0        20 200
 7  80  62  71   6   0   6 0.07  0.0    0  7.5 16 230   M    M   3 8      20 230
 8  74  55  65   0   0   0 0.00  0.0    0  8.8 17  50   M    M   5 1      22  50
 9  82  55  69   4   0   4 0.49  0.0    0  6.9 15 160   M    M   3 13     21 160
10  92  74  83  19   0  18    T  0.0    0 11.0 21 230   M    M   0        26 260
11  87  68  78  14   0  13    T  0.0    0  9.4 20 290   M    M   1 8      26 290
12  77  54  66   2   0   1 0.18  0.0    0  7.9 28 350   M    M   5 1      43 360
13  58  42  50 -13  15   0 0.00  0.0    0  7.2 15 350   M    M   6        22  10
14  67  39  53 -10  12   0 0.00  0.0    0  3.8 13 240   M    M   0 8      15 220
15  59  48  54  -8  11   0 0.09  0.0    0  3.5 13 230   M    M   6 1      17 230
16  62  42  52 -10  13   0 0.01  0.0    0  6.7 14  20   M    M   7 1      20  20
17  68  36  52 -10  13   0 0.00  0.0    0  4.0 13 150   M    M   0 1      16 110
18  76  47  62   1   3   0 0.00  0.0    0  7.2 14 160   M    M   1        24 180
19  77  61  69   8   0   4 0.02  0.0    0  7.9 20 210   M    M   4 18     25 200
20  74  64  69   9   0   4    T  0.0    0 10.4 18 250   M    M   7 18     23 230
21  67  53  60   0   5   0 0.00  0.0    0  9.9 18 300   M    M   8        24 330
22  54  40  47 -12  18   0 0.00  0.0    0  3.9 12 350   M    M   9        16 350
23  62  37  50  -9  15   0 0.00  0.0    0  2.6 12  70   M    M   2        22 180
24  68  39  54  -5  11   0 0.00  0.0    0  3.1 12 110   M    M   0 1      16 130
25  71  40  56  -2   9   0 0.00  0.0    0  3.3 12  70   M    M   0 12     16  70
26  76  41  59   1   6   0 0.00  0.0    0  1.8  9  80   M    M   3 128    18  90
27  77  44  61   4   4   0 0.00  0.0    0  3.7 13 150   M    M   0 18     16 150
28  78  48  63   6   2   0 0.00  0.0    0  9.4 17 150   M    M   2        24 150
29  70  48  59   3   6   0 0.12  0.0    0  5.8 13 360   M    M   5 12     16 320
30  71  47  59   3   6   0 0.00  0.0    0  3.0 14 200   M    M   6 12     18 180
================================================================================
SM 2182 1517       156  63  0.98     0.0 189.2          M      104
================================================================================
AV 72.7 50.6                               6.3 FASTST   M    M   3    MAX(MPH)
                                 MISC ---->  # 28 350               # 43  360
================================================================================
NOTES:
# LAST OF SEVERAL OCCURRENCES

COLUMN 17 PEAK WIND IN M.P.H.

PRELIMINARY LOCAL CLIMATOLOGICAL DATA (WS FORM: F-6) , PAGE 2

                                          STATION:  LANSING MI
                                          MONTH:    SEPTEMBER
                                          YEAR:     2013
                                          LATITUDE:   42 46 N
                                          LONGITUDE:  84 36 W

[TEMPERATURE DATA]      [PRECIPITATION DATA]       SYMBOLS USED IN COLUMN 16

AVERAGE MONTHLY: 61.6   TOTAL FOR MONTH:   0.98    1 = FOG OR MIST
DPTR FM NORMAL:  -0.3   DPTR FM NORMAL:   -2.52    2 = FOG REDUCING VISIBILITY
HIGHEST:    92 ON 10    GRTST 24HR  0.49 ON  9- 9      TO 1/4 MILE OR LESS
LOWEST:     36 ON 17                               3 = THUNDER
                        SNOW, ICE PELLETS, HAIL    4 = ICE PELLETS
                        TOTAL MONTH:   0.0 INCH    5 = HAIL
                        GRTST 24HR     0.0         6 = FREEZING RAIN OR DRIZZLE
                        GRTST DEPTH:   0           7 = DUSTSTORM OR SANDSTORM:
                                                       VSBY 1/2 MILE OR LESS
                                                   8 = SMOKE OR HAZE
[NO. OF DAYS WITH]      [WEATHER - DAYS WITH]      9 = BLOWING SNOW
                                                   X = TORNADO
MAX 32 OR BELOW:   0    0.01 INCH OR MORE:   7
MAX 90 OR ABOVE:   1    0.10 INCH OR MORE:   3
MIN 32 OR BELOW:   0    0.50 INCH OR MORE:   0
MIN  0 OR BELOW:   0    1.00 INCH OR MORE:   0

[HDD (BASE 65) ]
TOTAL THIS MO.   156    CLEAR  (SCALE 0-3)  16
DPTR FM NORMAL     3    PTCLDY (SCALE 4-7)  12
TOTAL FM JUL 1   191    CLOUDY (SCALE 8-10)  2
DPTR FM NORMAL     3

[CDD (BASE 65) ]
TOTAL THIS MO.    63
DPTR FM NORMAL     2    [PRESSURE DATA]
TOTAL FM JAN 1   651    HIGHEST SLP 30.44 ON 17
DPTR FM NORMAL    33    LOWEST  SLP 29.70 ON 21

[REMARKS]
#FINAL-09-13#
