000
CXUS53 KGRR 011249
CF6LAN
PRELIMINARY LOCAL CLIMATOLOGICAL DATA (WS FORM: F-6)

                                          STATION:   LANSING MI
                                          MONTH:     AUGUST
                                          YEAR:      2013
                                          LATITUDE:   42 46 N
                                          LONGITUDE:  84 36 W

  TEMPERATURE IN F:       :PCPN:    SNOW:  WIND      :SUNSHINE: SKY     :PK WND
================================================================================
1   2   3   4   5  6A  6B    7    8   9   10  11  12  13   14  15   16   17  18
                                     12Z  AVG MX 2MIN
DY MAX MIN AVG DEP HDD CDD  WTR  SNW DPTH SPD SPD DIR MIN PSBL S-S WX    SPD DR
================================================================================

 1  80  59  70  -1   0   5 0.00  0.0    0  8.2 22 300   M    M   5 18     26 320
 2  73  57  65  -6   0   0    T  0.0    0  8.8 22 230   M    M   4 1      29 220
 3  78  55  67  -4   0   2 0.00  0.0    0  4.7 15 300   M    M   4 12     18 350
 4  75  53  64  -7   1   0 0.00  0.0    0  3.8 13 360   M    M   4         M  M
 5  72  52  62  -9   3   0 0.00  0.0    0  4.6 10 200   M    M   5        14 130
 6  80  63  72   1   0   7 0.01  0.0    0  8.2 13 190   M    M   7 1      17 220
 7  83  64  74   3   0   9 0.26  0.0    0  8.8 23 320   M    M   4 138    31 320
 8  78  59  69  -2   0   4 0.00  0.0    0  5.4 13  50   M    M   2        15  30
 9  81  53  67  -4   0   2 0.00  0.0    0  4.8 17 260   M    M   1        22 270
10  80  58  69  -1   0   4 0.00  0.0    0  3.5  9 350   M    M   4        15 110
11  79  57  68  -2   0   3 0.00  0.0    0  3.9 13 310   M    M   7        22 220
12  70  63  67  -3   0   2 1.03  0.0    0  4.4 14 240   M    M   8 13      M  M
13  69  51  60 -10   5   0 0.00  0.0    0  9.0 18 290   M    M   4        23 300
14  72  46  59 -11   6   0 0.00  0.0    0  4.7  M   M   M    M   3         M  M
15  75  47  61  -9   4   0 0.00  0.0    0  4.2 14 260   M    M   3        18 220
16  79  50  65  -5   0   0 0.00  0.0    0  1.2  9 310   M    M   1         M  M
17  80  51  66  -4   0   1 0.00  0.0    0  2.3 13 100   M    M   1        14 110
18  81  53  67  -3   0   2 0.00  0.0    0  2.1  8  60   M    M   2 1      15 100
19  82  56  69  -1   0   4 0.00  0.0    0  4.2 15 260   M    M   0 18     18 200
20  86  60  73   3   0   8 0.00  0.0    0  4.6 15 230   M    M   2 18     21 260
21  87  66  77   8   0  12 0.00  0.0    0  8.4 23 230   M    M   1 8      28 220
22  80  63  72   3   0   7 0.04  0.0    0  5.3 23 230   M    M   2 18     29 210
23  81  54  68  -1   0   3 0.00  0.0    0  4.2 13  30   M    M   0 12     22  20
24  83  55  69   0   0   4 0.00  0.0    0  4.8 12 160   M    M   0        16 160
25  88  61  75   6   0  10 0.00  0.0    0  9.4 18 230   M    M   0        32 210
26  85  68  77   8   0  12 0.00  0.0    0  9.8 20 260   M    M   2        23 260
27  89  70  80  12   0  15 3.39  0.0    0  7.7 23 330   M    M   6 1238   31 330
28  82  66  74   6   0   9 0.00  0.0    0  5.1 12  30   M    M   7 1      17  30
29  87  62  75   7   0  10 0.00  0.0    0  1.1  8  60   M    M   3 12     13  30
30  87  69  78  10   0  13 0.04  0.0    0  9.3 21 240   M    M   2 138    29 250
31  79  66  73   6   0   8 0.00  0.0    0  5.2 12  40   M    M   8        16 360
================================================================================
SM 2481 1807        19 156  4.77     0.0 171.7          M      102
================================================================================
AV 80.0 58.3                               5.5 FASTST   M    M   3    MAX(MPH)
                                 MISC ---->  # 23 230               # 32  210
================================================================================
NOTES:
# LAST OF SEVERAL OCCURRENCES

COLUMN 17 PEAK WIND IN M.P.H.

PRELIMINARY LOCAL CLIMATOLOGICAL DATA (WS FORM: F-6) , PAGE 2

                                          STATION:  LANSING MI
                                          MONTH:    AUGUST
                                          YEAR:     2013
                                          LATITUDE:   42 46 N
                                          LONGITUDE:  84 36 W

[TEMPERATURE DATA]      [PRECIPITATION DATA]       SYMBOLS USED IN COLUMN 16

AVERAGE MONTHLY: 69.2   TOTAL FOR MONTH:   4.77    1 = FOG OR MIST
DPTR FM NORMAL:  -0.6   DPTR FM NORMAL:    1.54    2 = FOG REDUCING VISIBILITY
HIGHEST:    89 ON 27    GRTST 24HR  3.39 ON 27-27      TO 1/4 MILE OR LESS
LOWEST:     46 ON 14                               3 = THUNDER
                        SNOW, ICE PELLETS, HAIL    4 = ICE PELLETS
                        TOTAL MONTH:   0.0 INCH    5 = HAIL
                        GRTST 24HR     0.0         6 = FREEZING RAIN OR DRIZZLE
                        GRTST DEPTH:   0           7 = DUSTSTORM OR SANDSTORM:
                                                       VSBY 1/2 MILE OR LESS
                                                   8 = SMOKE OR HAZE
[NO. OF DAYS WITH]      [WEATHER - DAYS WITH]      9 = BLOWING SNOW
                                                   X = TORNADO
MAX 32 OR BELOW:   0    0.01 INCH OR MORE:   6
MAX 90 OR ABOVE:   0    0.10 INCH OR MORE:   3
MIN 32 OR BELOW:   0    0.50 INCH OR MORE:   2
MIN  0 OR BELOW:   0    1.00 INCH OR MORE:   2

[HDD (BASE 65) ]
TOTAL THIS MO.    19    CLEAR  (SCALE 0-3)  17
DPTR FM NORMAL    -5    PTCLDY (SCALE 4-7)  14
TOTAL FM JUL 1    35    CLOUDY (SCALE 8-10)  0
DPTR FM NORMAL     0

[CDD (BASE 65) ]
TOTAL THIS MO.   156
DPTR FM NORMAL   -15    [PRESSURE DATA]
TOTAL FM JAN 1   588    HIGHEST SLP 30.32 ON 24
DPTR FM NORMAL    31    LOWEST  SLP 29.75 ON 30

[REMARKS]
#FINAL-08-13#
