000
CXUS53 KGRR 011017
CF6LAN
PRELIMINARY LOCAL CLIMATOLOGICAL DATA (WS FORM: F-6)

                                          STATION:   LANSING MI
                                          MONTH:     JANUARY
                                          YEAR:      2015
                                          LATITUDE:   42 46 N
                                          LONGITUDE:  84 36 W

  TEMPERATURE IN F:       :PCPN:    SNOW:  WIND      :SUNSHINE: SKY     :PK WND
================================================================================
1   2   3   4   5  6A  6B    7    8   9   10  11  12  13   14  15   16   17  18
                                     12Z  AVG MX 2MIN
DY MAX MIN AVG DEP HDD CDD  WTR  SNW DPTH SPD SPD DIR MIN PSBL S-S WX    SPD DR
================================================================================

 1  29  19  24   0  41   0    T    T    T 16.6 26 250   M    M  10 8      37 260
 2  34  22  28   4  37   0    T    T    0  6.4 18 260   M    M   5        22 250
 3  33  22  28   4  37   0 0.47  0.6    0  6.8 15 120   M    M   8 16     20 120
 4  32  14  23  -1  42   0 0.15  0.9    T 10.9 25 290   M    M  10 126    33 290
 5  14   4   9 -15  56   0 0.04  1.2    2 13.1 25 280   M    M   8 8      35 280
 6  17   5  11 -13  54   0 0.07  0.9    3 13.0 26 260   M    M  10 189    35 260
 7  13   1   7 -17  58   0    T    T    3 13.7 22 330   M    M   3 8      29 310
 8  13  -1   6 -18  59   0 0.05  1.1    4 18.8 28 200   M    M   9 18     35 200
 9  15   3   9 -15  56   0 0.06  1.3    5 14.5 28 270   M    M   7 18     37 270
10  16   2   9 -15  56   0    T    T    5 13.0 22 210   M    M   7 18     28 240
11  31  16  24   1  41   0 0.14  1.5    5 10.4 17 220   M    M  10 1      22 220
12  27   6  17  -6  48   0 0.02  0.2    7  9.7 20 350   M    M   9 18     25 360
13  15  -8   4 -19  61   0 0.00  0.0    7  3.8 10 100   M    M   1 8      14  10
14  19 -12   4 -19  61   0    T    T    7  4.6 14 210   M    M   5 18     20 220
15  31  11  21  -2  44   0 0.00  0.0    5 11.7 23 220   M    M   7 18     26 220
16  32  18  25   2  40   0 0.00  0.0    5  8.9 15 140   M    M   7 18     20 340
17  45  17  31   8  34   0    T    T    5 15.8 24 210   M    M   2 18     33 190
18  39  32  36  13  29   0 0.07    T    3 10.5 20 240   M    M  10 1      26 230
19  33  28  31   8  34   0    T    T    2  4.3  9  20   M    M   9 1      13 260
20  31  25  28   5  37   0 0.07  0.8    3  6.6 12  40   M    M  10 18     13  30
21  28  22  25   2  40   0 0.16  2.2    3  6.3 12 100   M    M  10 1268   13 110
22  30  20  25   2  40   0    T    T    5  5.5 13 260   M    M   9 1      15 300
23  32  21  27   4  38   0 0.00  0.0    5 12.4 20 230   M    M   8 18     24 250
24  37  25  31   8  34   0    T    T    5 10.0 18 270   M    M  10 18     24 270
25  33  15  24   1  41   0    T  0.0    3 12.5 20  50   M    M   7 1      27  40
26  26   8  17  -6  48   0 0.00  0.0    3  5.2 10  30   M    M   2 18     14  40
27  27  12  20  -3  45   0    T    T    3  4.3 14  10   M    M   4        17  10
28  31   8  20  -3  45   0 0.00  0.0    3  7.9 21 150   M    M   0        26 160
29  32  23  28   5  37   0 0.05  0.5    3 11.6 23 330   M    M  10 1268   33 340
30  23  16  20  -4  45   0    T    T    3 10.5 22 310   M    M   6        30 340
31  33  16  25   1  40   0 0.00  0.0    3  7.2 16 230   M    M   8 8      21 240
================================================================================
SM  851  410      1378   0  1.35    11.2 306.5          M      221
================================================================================
AV 27.5 13.2                               9.9 FASTST   M    M   7    MAX(MPH)
                                 MISC ---->  # 28 200               # 37  260
================================================================================
NOTES:
# LAST OF SEVERAL OCCURRENCES

COLUMN 17 PEAK WIND IN M.P.H.

PRELIMINARY LOCAL CLIMATOLOGICAL DATA (WS FORM: F-6) , PAGE 2

                                          STATION:  LANSING MI
                                          MONTH:    JANUARY
                                          YEAR:     2015
                                          LATITUDE:   42 46 N
                                          LONGITUDE:  84 36 W

[TEMPERATURE DATA]      [PRECIPITATION DATA]       SYMBOLS USED IN COLUMN 16

AVERAGE MONTHLY: 20.3   TOTAL FOR MONTH:   1.35    1 = FOG OR MIST
DPTR FM NORMAL:  -3.1   DPTR FM NORMAL:   -0.30    2 = FOG REDUCING VISIBILITY
HIGHEST:    45 ON 17    GRTST 24HR  0.52 ON  3- 4      TO 1/4 MILE OR LESS
LOWEST:    -12 ON 14                               3 = THUNDER
                        SNOW, ICE PELLETS, HAIL    4 = ICE PELLETS
                        TOTAL MONTH:  11.2 INCHES  5 = HAIL
                        GRTST 24HR   2.2 ON   M    6 = FREEZING RAIN OR DRIZZLE
                        GRTST DEPTH:   7 ON 14,13  7 = DUSTSTORM OR SANDSTORM:
                                                       VSBY 1/2 MILE OR LESS
                                                   8 = SMOKE OR HAZE
[NO. OF DAYS WITH]      [WEATHER - DAYS WITH]      9 = BLOWING SNOW
                                                   X = TORNADO
MAX 32 OR BELOW:  23    0.01 INCH OR MORE:  12
MAX 90 OR ABOVE:   0    0.10 INCH OR MORE:   4
MIN 32 OR BELOW:  31    0.50 INCH OR MORE:   0
MIN  0 OR BELOW:   3    1.00 INCH OR MORE:   0

[HDD (BASE 65) ]
TOTAL THIS MO.  1378    CLEAR  (SCALE 0-3)   4
DPTR FM NORMAL    90    PTCLDY (SCALE 4-7)  14
TOTAL FM JUL 1  4003    CLOUDY (SCALE 8-10) 13
DPTR FM NORMAL   163

[CDD (BASE 65) ]
TOTAL THIS MO.     0
DPTR FM NORMAL     0    [PRESSURE DATA]
TOTAL FM JAN 1     0    HIGHEST SLP 30.81 ON 13
DPTR FM NORMAL     0    LOWEST  SLP 29.58 ON 24

[REMARKS]
#FINAL-01-15#
