000
CXUS53 KGRR 271017
CF6LAN
PRELIMINARY LOCAL CLIMATOLOGICAL DATA (WS FORM: F-6)

                                          STATION:   LANSING MI
                                          MONTH:     FEBRUARY
                                          YEAR:      2015
                                          LATITUDE:   42 46 N
                                          LONGITUDE:  84 36 W

  TEMPERATURE IN F:       :PCPN:    SNOW:  WIND      :SUNSHINE: SKY     :PK WND
================================================================================
1   2   3   4   5  6A  6B    7    8   9   10  11  12  13   14  15   16   17  18
                                     12Z  AVG MX 2MIN
DY MAX MIN AVG DEP HDD CDD  WTR  SNW DPTH SPD SPD DIR MIN PSBL S-S WX    SPD DR
================================================================================

 1  30  14  22  -2  43   0 0.53  8.0    4 16.6 29  20   M    M  10 12     37  30
 2  15   4  10 -14  55   0 0.12  1.7   13 11.1 25  20   M    M   4 18     32  10
 3  24   5  15  -9  50   0 0.06  0.8   13 11.1 17 220   M    M   6 18     22 220
 4  26   9  18  -6  47   0 0.02  0.4   12  8.7 16 320   M    M   9 18     21 310
 5  17  -6   6 -18  59   0 0.00  0.0   11  8.5 22 230   M    M   0 18     27 220
 6  29  10  20  -4  45   0 0.00  0.0   11 11.4 22 230   M    M   7 8      28 240
 7  39  26  33   9  32   0 0.00  0.0    9  5.7 10 140   M    M   3 8      12 200
 8  37  20  29   5  36   0    T    T    8 10.1 22  30   M    M   9 18     29  20
 9  22  11  17  -8  48   0 0.00  0.0    7  9.1 21  30   M    M   7 18     26  30
10  28  -1  14 -11  51   0 0.00  0.0    7  3.5 17 170   M    M   0 1      21 170
11  32  18  25   0  40   0    T  0.1    7 11.9 21 290   M    M  10 18     26 280
12  24   2  13 -12  52   0    T    T    7 12.2 23 340   M    M   3 89     31 330
13  20  -3   9 -16  56   0 0.02  0.5    7 11.6 24 220   M    M   8 18     30 220
14  22   0  11 -15  54   0 0.04  1.6    8 16.2 31 310   M    M   8 1289   42 310
15   1 -13  -6 -32  71   0 0.00  0.0    9  5.7 17 330   M    M   0 9      23 330
16  10 -13  -1 -27  66   0 0.00  0.0    9  5.1 12 180   M    M   7        14 190
17  21   4  13 -13  52   0 0.02  0.2    9  9.7 22 270   M    M   9 18     27 270
18  13  -2   6 -20  59   0    T  0.1    9 10.0 21 300   M    M   6 189    26 290
19   5 -10  -2 -29  67   0    T    T    9  6.9 15 290   M    M   4 8      20 350
20  13 -16  -1 -28  66   0    T    T    9 11.0 24 190   M    M   4        29 200
21  28  13  21  -6  44   0    T    T    9  5.2 17 200   M    M   8 18     22 200
22  24   1  13 -14  52   0    T    T    9  9.5 21 350   M    M   8 18     25 300
23  12 -13   0 -28  65   0 0.00  0.0    8  7.1 18 250   M    M   1 18     22 260
24  23   5  14 -14  51   0 0.06  1.1    7 17.6 29 230   M    M   6 18     36 210
25  21   0  11 -17  54   0    T    T    8  5.1 18 340   M    M   4 189    26 350
26  12  -4   4 -24  61   0 0.03  0.3    0  7.7 16  20   M    M   5 8      21  20
================================================================================
SM  548   61      1376   0  0.90    14.8 248.3          M      146
================================================================================
AV 21.1  2.3                               9.6 FASTST   M    M   6    MAX(MPH)
                                 MISC ---->  # 31 310               # 42  310
================================================================================
NOTES:
# LAST OF SEVERAL OCCURRENCES

COLUMN 17 PEAK WIND IN M.P.H.

PRELIMINARY LOCAL CLIMATOLOGICAL DATA (WS FORM: F-6) , PAGE 2

                                          STATION:  LANSING MI
                                          MONTH:    FEBRUARY
                                          YEAR:     2015
                                          LATITUDE:   42 46 N
                                          LONGITUDE:  84 36 W

[TEMPERATURE DATA]      [PRECIPITATION DATA]       SYMBOLS USED IN COLUMN 16

AVERAGE MONTHLY: 11.7   TOTAL FOR MONTH:   0.90    1 = FOG OR MIST
DPTR FM NORMAL: -13.9   DPTR FM NORMAL:   -0.44    2 = FOG REDUCING VISIBILITY
HIGHEST:    39 ON  7    GRTST 24HR  0.53 ON  1- 1      TO 1/4 MILE OR LESS
LOWEST:    -16 ON 20                               3 = THUNDER
                        SNOW, ICE PELLETS, HAIL    4 = ICE PELLETS
                        TOTAL MONTH:  14.8 INCHES  5 = HAIL
                        GRTST 24HR   8.0 ON  1- 1  6 = FREEZING RAIN OR DRIZZLE
                        GRTST DEPTH:  13 ON  3, 2  7 = DUSTSTORM OR SANDSTORM:
                                                       VSBY 1/2 MILE OR LESS
                                                   8 = SMOKE OR HAZE
[NO. OF DAYS WITH]      [WEATHER - DAYS WITH]      9 = BLOWING SNOW
                                                   X = TORNADO
MAX 32 OR BELOW:  24    0.01 INCH OR MORE:   9
MAX 90 OR ABOVE:   0    0.10 INCH OR MORE:   2
MIN 32 OR BELOW:  26    0.50 INCH OR MORE:   1
MIN  0 OR BELOW:  12    1.00 INCH OR MORE:   0

[HDD (BASE 65) ]
TOTAL THIS MO.  1376    CLEAR  (SCALE 0-3)   5
DPTR FM NORMAL   354    PTCLDY (SCALE 4-7)  14
TOTAL FM JUL 1  5379    CLOUDY (SCALE 8-10)  7
DPTR FM NORMAL   517

[CDD (BASE 65) ]
TOTAL THIS MO.     0
DPTR FM NORMAL     0    [PRESSURE DATA]
TOTAL FM JAN 1     0    HIGHEST SLP M ON M
DPTR FM NORMAL     0    LOWEST  SLP 29.59 ON  8

[REMARKS]
