000
CXUS53 KGRR 011017
CF6LAN
PRELIMINARY LOCAL CLIMATOLOGICAL DATA (WS FORM: F-6)

                                          STATION:   LANSING MI
                                          MONTH:     JULY
                                          YEAR:      2013
                                          LATITUDE:   42 46 N
                                          LONGITUDE:  84 36 W

  TEMPERATURE IN F:       :PCPN:    SNOW:  WIND      :SUNSHINE: SKY     :PK WND
================================================================================
1   2   3   4   5  6A  6B    7    8   9   10  11  12  13   14  15   16   17  18
                                     12Z  AVG MX 2MIN
DY MAX MIN AVG DEP HDD CDD  WTR  SNW DPTH SPD SPD DIR MIN PSBL S-S WX    SPD DR
================================================================================

 1  74  54  64  -7   1   0    T  0.0    0 10.3 21  40   M    M   3        29  60
 2  73  55  64  -7   1   0 0.10  0.0    0  6.6 13  40   M    M   8 1      17  30
 3  81  59  70  -1   0   5 0.10  0.0    0  4.8 20 230   M    M   6 18      M  M
 4  78  61  70  -1   0   5 0.00  0.0    0  4.7 14 230   M    M   2 18     21 150
 5  83  64  74   2   0   9 0.00  0.0    0  2.1 10 200   M    M   3 18     13 210
 6  84  67  76   4   0  11    T  0.0    0  4.5 15 130   M    M   4 1      18 140
 7  82  68  75   3   0  10 0.08  0.0    0  6.1 18 250   M    M   7 138    23 260
 8  80  69  75   3   0  10 0.14  0.0    0  6.4 22 270   M    M   7 138    28 260
 9  88  67  78   6   0  13 0.12  0.0    0  5.3 24 240   M    M   6 138    30 250
10  86  59  73   1   0   8 0.00  0.0    0 10.2 21 320   M    M   3 18     28 320
11  79  56  68  -4   0   3 0.00  0.0    0  4.6 13 330   M    M   1        15  20
12  81  53  67  -5   0   2 0.00  0.0    0  2.9  9  70   M    M   1        16  40
13  83  59  71  -1   0   6 0.00  0.0    0  4.6 14 100   M    M   0 1      18  90
14  89  64  77   5   0  12 0.00  0.0    0  4.3 10 150   M    M   2        30 200
15  93  69  81   9   0  16 0.12  0.0    0  2.1 16 260   M    M   2 13     21  30
16  92  73  83  11   0  18    T  0.0    0  6.5 15 250   M    M   2        18 260
17  94  74  84  12   0  19 0.00  0.0    0  6.9 17 260   M    M   1        22 260
18  94  74  84  12   0  19 0.00  0.0    0  8.3 21 230   M    M   0        24 220
19  94  76  85  13   0  20    T  0.0    0 15.0 31 250   M    M   2        40 300
20  86  66  76   4   0  11 0.00  0.0    0  5.6 15 360   M    M   3        21 330
21  83  60  72   0   0   7 0.04  0.0    0  3.9 10  10   M    M   3        18 290
22  82  67  75   3   0  10 0.21  0.0    0  6.7 14 150   M    M   4 1      18 160
23  82  58  70  -2   0   5 0.38  0.0    0 10.2 18 320   M    M   5 13     26 360
24  72  50  61 -11   4   0 0.00  0.0    0  5.0 12  40   M    M   2        18 110
25  78  54  66  -5   0   1 0.00  0.0    0  2.2 13 220   M    M   1        16 220
26  79  61  70  -1   0   5    T  0.0    0  8.6 17 200   M    M   5        23 190
27  74  53  64  -7   1   0 0.04  0.0    0  8.5 24 280   M    M   9 18     31 280
28  66  50  58 -13   7   0 0.03  0.0    0 10.0 21 250   M    M   7 1      26 260
29  71  55  63  -8   2   0 0.01  0.0    0  7.6 16 250   M    M   6        22 250
30  80  50  65  -6   0   0 0.00  0.0    0  1.3 10 240   M    M   0 1      22 210
31  68  64  66  -5   0   1 0.38  0.0    0  4.1 12 260   M    M  10 18      M  M
================================================================================
SM 2529 1909        16 226  1.75     0.0 189.9          M      115
================================================================================
AV 81.6 61.6                               6.1 FASTST   M    M   4    MAX(MPH)
                                 MISC ---->  # 31 250               # 40  300
================================================================================
NOTES:
# LAST OF SEVERAL OCCURRENCES

COLUMN 17 PEAK WIND IN M.P.H.

PRELIMINARY LOCAL CLIMATOLOGICAL DATA (WS FORM: F-6) , PAGE 2

                                          STATION:  LANSING MI
                                          MONTH:    JULY
                                          YEAR:     2013
                                          LATITUDE:   42 46 N
                                          LONGITUDE:  84 36 W

[TEMPERATURE DATA]      [PRECIPITATION DATA]       SYMBOLS USED IN COLUMN 16

AVERAGE MONTHLY: 71.6   TOTAL FOR MONTH:   1.75    1 = FOG OR MIST
DPTR FM NORMAL:   0.1   DPTR FM NORMAL:   -1.09    2 = FOG REDUCING VISIBILITY
HIGHEST:    94 ON 19,18 GRTST 24HR  0.38 ON 30-31      TO 1/4 MILE OR LESS
LOWEST:     50 ON 30,28                            3 = THUNDER
                        SNOW, ICE PELLETS, HAIL    4 = ICE PELLETS
                        TOTAL MONTH:   0.0 INCH    5 = HAIL
                        GRTST 24HR     0.0         6 = FREEZING RAIN OR DRIZZLE
                        GRTST DEPTH:   0           7 = DUSTSTORM OR SANDSTORM:
                                                       VSBY 1/2 MILE OR LESS
                                                   8 = SMOKE OR HAZE
[NO. OF DAYS WITH]      [WEATHER - DAYS WITH]      9 = BLOWING SNOW
                                                   X = TORNADO
MAX 32 OR BELOW:   0    0.01 INCH OR MORE:  13
MAX 90 OR ABOVE:   5    0.10 INCH OR MORE:   8
MIN 32 OR BELOW:   0    0.50 INCH OR MORE:   0
MIN  0 OR BELOW:   0    1.00 INCH OR MORE:   0

[HDD (BASE 65) ]
TOTAL THIS MO.    16    CLEAR  (SCALE 0-3)  18
DPTR FM NORMAL     5    PTCLDY (SCALE 4-7)  10
TOTAL FM JUL 1    16    CLOUDY (SCALE 8-10)  3
DPTR FM NORMAL     5

[CDD (BASE 65) ]
TOTAL THIS MO.   226
DPTR FM NORMAL    13    [PRESSURE DATA]
TOTAL FM JAN 1   432    HIGHEST SLP 30.32 ON 16
DPTR FM NORMAL    46    LOWEST  SLP 29.67 ON 23

[REMARKS]
#FINAL-07-13#
