000
CXUS53 KGRR 011017
CF6LAN
PRELIMINARY LOCAL CLIMATOLOGICAL DATA (WS FORM: F-6)

                                          STATION:   LANSING MI
                                          MONTH:     APRIL
                                          YEAR:      2013
                                          LATITUDE:   42 46 N
                                          LONGITUDE:  84 36 W

  TEMPERATURE IN F:       :PCPN:    SNOW:  WIND      :SUNSHINE: SKY     :PK WND
================================================================================
1   2   3   4   5  6A  6B    7    8   9   10  11  12  13   14  15   16   17  18
                                     12Z  AVG MX 2MIN
DY MAX MIN AVG DEP HDD CDD  WTR  SNW DPTH SPD SPD DIR MIN PSBL S-S WX    SPD DR
================================================================================

 1  35  23  29 -13  36   0    T    T    0 11.7 24 300   M    M   6        30 320
 2  40  19  30 -12  35   0    T    T    0 10.5 22 280   M    M   5 1      30 270
 3  43  21  32 -10  33   0 0.00  0.0    0  5.2 17 340   M    M   1        22 340
 4  56  28  42  -1  23   0 0.00  0.0    0  9.6 20 220   M    M   1        26 210
 5  48  31  40  -3  25   0 0.00  0.0    0  8.1 17 350   M    M   1        22 330
 6  56  30  43  -1  22   0    T    T    0 16.1 28 160   M    M   6        35 150
 7  58  31  45   1  20   0    T  0.0    0 12.9 29 260   M    M   8        39 250
 8  61  31  46   1  19   0 0.35  0.0    0 13.4 38 250   M    M   6 18     48 250
 9  49  39  44  -1  21   0 1.39  0.0    0  8.3 18 320   M    M  10 138    23 320
10  41  36  39  -6  26   0 0.51  0.0    0 12.3 23  30   M    M  10 13     30  20
11  37  34  36 -10  29   0 1.16  0.0    0 13.8 26  90   M    M  10 1      33  90
12  41  33  37  -9  28   0 0.30  0.0    0 10.3 21 240   M    M  10 18     25 240
13  40  34  37 -10  28   0 0.01    T    0 14.8 28 260   M    M  10 1      33 250
14  48  30  39  -8  26   0 0.04    T    0  8.6 21 130   M    M   6 1      26 130
15  67  42  55   8  10   0 0.18  0.0    0 12.4 24 190   M    M   4 1      30 200
16  56  43  50   2  15   0 0.30  0.0    0  8.7 21 260   M    M   5 1      28 270
17  57  37  47  -1  18   0 0.98  0.0    0 10.9 26 130   M    M   4 13     35 140
18  72  45  59  11   6   0 0.97  0.0    0 14.0 26 220   M    M   9 18     36 230
19  59  32  46  -3  19   0 0.57  0.5    0 20.6 37 230   M    M  10 18     47 230
20  37  26  32 -17  33   0    T    T    T 11.0 23 290   M    M   7        30 290
21  50  25  38 -12  27   0 0.00  0.0    0  8.1 17 150   M    M   0        22 160
22  62  33  48  -2  17   0 0.00  0.0    0  8.4 15 140   M    M   0        20 150
23  65  44  55   5  10   0 0.53  0.0    0 10.6 25 250   M    M   5 1      31 250
24  46  34  40 -11  25   0 0.21    T    0 11.3 20 260   M    M   8 1      24 260
25  50  36  43  -8  22   0 0.06    T    0 11.8 24 270   M    M   4 1      30 270
26  60  31  46  -5  19   0 0.00  0.0    0  8.3 20 210   M    M   1        25 190
27  69  41  55   3  10   0 0.00  0.0    0  7.2 17 150   M    M   0        22 150
28  60  50  55   3  10   0 0.04  0.0    0  5.8 17 120   M    M  10 1      21 130
29  72  51  62  10   3   0    T  0.0    0  4.8 14 180   M    M   7 18     16 180
30  74  55  65  12   0   0 0.27  0.0    0 13.5 28 170   M    M   3 18     35 180
================================================================================
SM 1609 1045       615   0  7.87     0.5 323.0          M      167
================================================================================
AV 53.6 34.8                              10.8 FASTST   M    M   6    MAX(MPH)
                                 MISC ---->  # 38 250               # 48  250
================================================================================
NOTES:
# LAST OF SEVERAL OCCURRENCES

COLUMN 17 PEAK WIND IN M.P.H.

PRELIMINARY LOCAL CLIMATOLOGICAL DATA (WS FORM: F-6) , PAGE 2

                                          STATION:  LANSING MI
                                          MONTH:    APRIL
                                          YEAR:     2013
                                          LATITUDE:   42 46 N
                                          LONGITUDE:  84 36 W

[TEMPERATURE DATA]      [PRECIPITATION DATA]       SYMBOLS USED IN COLUMN 16

AVERAGE MONTHLY: 44.2   TOTAL FOR MONTH:   7.87    1 = FOG OR MIST
DPTR FM NORMAL:  -3.2   DPTR FM NORMAL:    4.84    2 = FOG REDUCING VISIBILITY
HIGHEST:    74 ON 30    GRTST 24HR  1.66 ON  9-10      TO 1/4 MILE OR LESS
LOWEST:     19 ON  2                               3 = THUNDER
                        SNOW, ICE PELLETS, HAIL    4 = ICE PELLETS
                        TOTAL MONTH:   0.5 INCH    5 = HAIL
                        GRTST 24HR   0.5 ON 19-19  6 = FREEZING RAIN OR DRIZZLE
                        GRTST DEPTH:   T           7 = DUSTSTORM OR SANDSTORM:
                                                       VSBY 1/2 MILE OR LESS
                                                   8 = SMOKE OR HAZE
[NO. OF DAYS WITH]      [WEATHER - DAYS WITH]      9 = BLOWING SNOW
                                                   X = TORNADO
MAX 32 OR BELOW:   0    0.01 INCH OR MORE:  17
MAX 90 OR ABOVE:   0    0.10 INCH OR MORE:  13
MIN 32 OR BELOW:  13    0.50 INCH OR MORE:   7
MIN  0 OR BELOW:   0    1.00 INCH OR MORE:   2

[HDD (BASE 65) ]
TOTAL THIS MO.   615    CLEAR  (SCALE 0-3)   8
DPTR FM NORMAL    81    PTCLDY (SCALE 4-7)  14
TOTAL FM JUL 1  6341    CLOUDY (SCALE 8-10)  8
DPTR FM NORMAL   -57

[CDD (BASE 65) ]
TOTAL THIS MO.     0
DPTR FM NORMAL    -6    [PRESSURE DATA]
TOTAL FM JAN 1     0    HIGHEST SLP 30.63 ON 21
DPTR FM NORMAL    -7    LOWEST  SLP 29.39 ON 19

[REMARKS]
#FINAL-04-13#
