000
CXUS53 KGRR 011344
CF6LAN
PRELIMINARY LOCAL CLIMATOLOGICAL DATA (WS FORM: F-6)

                                          STATION:   LANSING MI
                                          MONTH:     JANUARY
                                          YEAR:      2013
                                          LATITUDE:   42 46 N
                                          LONGITUDE:  84 36 W

  TEMPERATURE IN F:       :PCPN:    SNOW:  WIND      :SUNSHINE: SKY     :PK WND
================================================================================
1   2   3   4   5  6A  6B    7    8   9   10  11  12  13   14  15   16   17  18
                                     12Z  AVG MX 2MIN
DY MAX MIN AVG DEP HDD CDD  WTR  SNW DPTH SPD SPD DIR MIN PSBL S-S WX    SPD DR
================================================================================

 1  25  17  21  -3  44   0    T    T    3  7.9 18 280   M    M   8        23 270
 2  26  19  23  -1  42   0    T    T    2  7.8 15 270   M    M  10        21 270
 3  29  16  23  -1  42   0    T    T    2 10.7 17 270   M    M   9 8      23 280
 4  33  23  28   4  37   0 0.00  0.0    2 15.9 29 250   M    M   6        37 250
 5  35  19  27   3  38   0 0.02  0.7    2  7.4 18 210   M    M   5 18     24 210
 6  35  30  33   9  32   0    T    T    2 11.3 18 280   M    M  10 18     23 270
 7  35  26  31   7  34   0 0.00  0.0    2 12.8 28 190   M    M   4 8      39 190
 8  38  26  32   8  33   0 0.00  0.0    2  8.0 17 220   M    M   7 8      22 220
 9  45  28  37  13  28   0 0.03  0.0    1 14.8 37 270   M    M   3 8      48 260
10  44  22  33   9  32   0 0.09  0.0    T  7.5 18 130   M    M   6 1      26 140
11  55  35  45  22  20   0 0.52  0.0    0 12.6 22 220   M    M   9 1      30 220
12  58  40  49  26  16   0 0.09  0.0    0 11.3 21 230   M    M   8 1      29 220
13  40  26  33  10  32   0 0.56  0.6    0  8.9 22 270   M    M  10 146    26 260
14  26  14  20  -3  45   0    T    T    1  7.9 22 270   M    M   7        28 290
15  29  12  21  -2  44   0 0.00  0.0    1  1.0  9 210   M    M   3 1      12 200
16  34  14  24   1  41   0    T    T    1 10.4 24 250   M    M   5 18     35 240
17  33  17  25   2  40   0    T    T    1  9.2 24 290   M    M   6 1      29 290
18  35  12  24   1  41   0    T    T    1 11.5 26 190   M    M   7 8      37 200
19  45  35  40  17  25   0    T    T    0 17.9 35 260   M    M   5        45 260
20  41  14  28   5  37   0    T    T    T 17.4 41 260   M    M   8        61 220
21  15   2   9 -14  56   0 0.04  1.4    1 10.7 24 290   M    M   9 18     30 270
22  10  -4   3 -20  62   0    T    T    1  9.2 22 260   M    M   5 8      28 250
23  17   1   9 -14  56   0 0.04  0.4    1  8.4 16 230   M    M   9 18     22 320
24  16   4  10 -13  55   0    T    T    1  4.8 13 320   M    M   4 18     18 320
25  20  12  16  -7  49   0 0.03  1.2    1  8.1 14 130   M    M  10 18     17 150
26  27  17  22  -1  43   0    T    T    2  6.2 15 280   M    M   9 1      18 290
27  30  15  23   0  42   0 0.33  0.8    2  9.2 23 150   M    M   9 146    31 140
28  43  30  37  14  28   0 0.17  0.0    2  9.6 20 260   M    M  10 126    26 270
29  57  33  45  22  20   0 0.60  0.0    0 12.7 23 180   M    M  10 123    33 180
30  56  27  42  18  23   0 0.87    T    0 10.0 26 280   M    M  10 12     36 270
31  27  14  21  -3  44   0 0.05  0.8    T 17.6 32 260   M    M  10 189    40 280
================================================================================
SM 1059  596      1181   0  3.44     5.9 318.7          M      231
================================================================================
AV 34.2 19.2                              10.3 FASTST   M    M   7    MAX(MPH)
                                 MISC ---->  # 41 260               # 61  220
================================================================================
NOTES:
# LAST OF SEVERAL OCCURRENCES

COLUMN 17 PEAK WIND IN M.P.H.

PRELIMINARY LOCAL CLIMATOLOGICAL DATA (WS FORM: F-6) , PAGE 2

                                          STATION:  LANSING MI
                                          MONTH:    JANUARY
                                          YEAR:     2013
                                          LATITUDE:   42 46 N
                                          LONGITUDE:  84 36 W

[TEMPERATURE DATA]      [PRECIPITATION DATA]       SYMBOLS USED IN COLUMN 16

AVERAGE MONTHLY: 26.7   TOTAL FOR MONTH:   3.44    1 = FOG OR MIST
DPTR FM NORMAL:   3.3   DPTR FM NORMAL:    1.79    2 = FOG REDUCING VISIBILITY
HIGHEST:    58 ON 12    GRTST 24HR  1.11 ON 29-30      TO 1/4 MILE OR LESS
LOWEST:     -4 ON 22                               3 = THUNDER
                        SNOW, ICE PELLETS, HAIL    4 = ICE PELLETS
                        TOTAL MONTH:   5.9 INCHES  5 = HAIL
                        GRTST 24HR   1.4 ON   M    6 = FREEZING RAIN OR DRIZZLE
                        GRTST DEPTH:   3 ON  1     7 = DUSTSTORM OR SANDSTORM:
                                                       VSBY 1/2 MILE OR LESS
                                                   8 = SMOKE OR HAZE
[NO. OF DAYS WITH]      [WEATHER - DAYS WITH]      9 = BLOWING SNOW
                                                   X = TORNADO
MAX 32 OR BELOW:  13    0.01 INCH OR MORE:  14
MAX 90 OR ABOVE:   0    0.10 INCH OR MORE:   6
MIN 32 OR BELOW:  27    0.50 INCH OR MORE:   4
MIN  0 OR BELOW:   1    1.00 INCH OR MORE:   0

[HDD (BASE 65) ]
TOTAL THIS MO.  1181    CLEAR  (SCALE 0-3)   1
DPTR FM NORMAL  -107    PTCLDY (SCALE 4-7)  13
TOTAL FM JUL 1  3557    CLOUDY (SCALE 8-10) 17
DPTR FM NORMAL  -283

[CDD (BASE 65) ]
TOTAL THIS MO.     0
DPTR FM NORMAL     0    [PRESSURE DATA]
TOTAL FM JAN 1     0    HIGHEST SLP 30.64 ON 24
DPTR FM NORMAL     0    LOWEST  SLP 29.11 ON 30

[REMARKS]
#FINAL-01-13#
