000
CXUS53 KGRR 011848
CF6LAN
PRELIMINARY LOCAL CLIMATOLOGICAL DATA (WS FORM: F-6)

                                          STATION:   LANSING
                                          MONTH:     NOVEMBER
                                          YEAR:      2016
                                          LATITUDE:   42 46 N
                                          LONGITUDE:  84 36 W

  TEMPERATURE IN F:       :PCPN:    SNOW:  WIND      :SUNSHINE: SKY     :PK WND
================================================================================
1   2   3   4   5  6A  6B    7    8   9   10  11  12  13   14  15   16   17  18
                                     12Z  AVG MX 2MIN
DY MAX MIN AVG DEP HDD CDD  WTR  SNW DPTH SPD SPD DIR MIN PSBL S-S WX    SPD DR
================================================================================

 1  77  48  63  18   2   0    T  0.0    0 10.4 21 250   M    M   2        26 160
 2  64  53  59  14   6   0 1.35  0.0    0  4.6 16 320   M    M   9 123    18 320
 3  58  45  52   8  13   0 0.20  0.0    0  6.4 16 350   M    M   7 1      20 340
 4  57  35  46   2  19   0 0.00  0.0    0  5.7 13 280   M    M   0 1      15 280
 5  67  40  54  10  11   0 0.00  0.0    0  7.7 16 280   M    M   0 1      19 260
 6  68  34  51   8  14   0 0.00  0.0    0  2.9  9 170   M    M   0 128    12 180
 7  67  39  53  10  12   0 0.00  0.0    0  3.5 14 180   M    M   0 128    17 180
 8  59  44  52   9  13   0    T  0.0    0 10.2 20 250   M    M   7        27 340
 9  56  40  48   6  17   0 0.00  0.0    0  8.8 18 360   M    M   4        25  20
10  64  40  52  10  13   0 0.00  0.0    0 14.8 29 250   M    M   0        37 240
11  54  31  43   2  22   0 0.00  0.0    0  9.2 21  30   M    M   1        28  10
12  49  25  37  -4  28   0 0.00  0.0    0  7.1 17 260   M    M   0        21 260
13  57  35  46   5  19   0 0.00  0.0    0 13.2 21 230   M    M   0        27 220
14  58  39  49   9  16   0 0.00  0.0    0  8.3 15 210   M    M   0        20 220
15  60  36  48   8  17   0 0.00  0.0    0  5.1 17 280   M    M   3 18     23 290
16  57  35  46   6  19   0 0.00  0.0    0  3.9 13 250   M    M   4 128    15 260
17  65  35  50  11  15   0 0.00  0.0    0 11.1 22 160   M    M   0 18     27 180
18  72  48  60  21   5   0 0.30  0.0    0 13.9 33 220   M    M   3 13     44 210
19  48  31  40   2  25   0    T    T    0 19.2 29 310   M    M   9 18     39 310
20  32  28  30  -8  35   0    T    T    0 14.7 24 300   M    M  10        32 320
21  38  24  31  -6  34   0 0.00  0.0    0  9.8 20 320   M    M   4        26 320
22  40  20  30  -7  35   0 0.00  0.0    0  3.3  9  20   M    M   0        12  20
23  38  25  32  -5  33   0 0.50    T    0  9.8 17 110   M    M   9 146    23 120
24  44  38  41   5  24   0 0.05  0.0    0  8.6 16 270   M    M  10 18     21 260
25  41  37  39   3  26   0 0.04  0.0    0  9.3 13 250   M    M   9 1      16 240
26  40  32  36   1  29   0 0.00  0.0    0  8.4 17 260   M    M   7        22 260
27  46  30  38   3  27   0 0.00  0.0    0  6.9 13 200   M    M   3 18     17 200
28  50  37  44  10  21   0 0.49  0.0    0 16.1 30 160   M    M   8 18     40 160
29  58  47  53  19  12   0 0.23  0.0    0 13.5 36 160   M    M   4 138    49 160
30  52  37  45  11  20   0    T  0.0    0  9.8 24 250   M    M   7 18     30 250
================================================================================
SM 1636 1088       582   0  3.16    T    276.2          M      120
================================================================================
AV 54.5 36.3                               9.2 FASTST   M    M   4    MAX(MPH)
                                 MISC ---->  # 36 160               # 49  160
================================================================================
NOTES:
# LAST OF SEVERAL OCCURRENCES

COLUMN 17 PEAK WIND IN M.P.H.

PRELIMINARY LOCAL CLIMATOLOGICAL DATA (WS FORM: F-6) , PAGE 2

                                          STATION:  LANSING
                                          MONTH:    NOVEMBER
                                          YEAR:     2016
                                          LATITUDE:   42 46 N
                                          LONGITUDE:  84 36 W

[TEMPERATURE DATA]      [PRECIPITATION DATA]       SYMBOLS USED IN COLUMN 16

AVERAGE MONTHLY: 45.4   TOTAL FOR MONTH:   3.16    1 = FOG OR MIST
DPTR FM NORMAL:   5.8   DPTR FM NORMAL:    0.38    2 = FOG REDUCING VISIBILITY
HIGHEST:    77 ON  1    GRTST 24HR  1.55 ON  2- 3      TO 1/4 MILE OR LESS
LOWEST:     20 ON 22                               3 = THUNDER
                        SNOW, ICE PELLETS, HAIL    4 = ICE PELLETS
                        TOTAL MONTH:    T          5 = HAIL
                        GRTST 24HR    T  ON 23-23  6 = FREEZING RAIN OR DRIZZLE
                        GRTST DEPTH:   0           7 = DUSTSTORM OR SANDSTORM:
                                                       VSBY 1/2 MILE OR LESS
                                                   8 = SMOKE OR HAZE
[NO. OF DAYS WITH]      [WEATHER - DAYS WITH]      9 = BLOWING SNOW
                                                   X = TORNADO
MAX 32 OR BELOW:   1    0.01 INCH OR MORE:   8
MAX 90 OR ABOVE:   0    0.10 INCH OR MORE:   6
MIN 32 OR BELOW:   9    0.50 INCH OR MORE:   2
MIN  0 OR BELOW:   0    1.00 INCH OR MORE:   1

[HDD (BASE 65) ]
TOTAL THIS MO.   582    CLEAR  (SCALE 0-3)  15
DPTR FM NORMAL  -182    PTCLDY (SCALE 4-7)   9
TOTAL FM JUL 1   975    CLOUDY (SCALE 8-10)  6
DPTR FM NORMAL  -439

[CDD (BASE 65) ]
TOTAL THIS MO.     0
DPTR FM NORMAL     0    [PRESSURE DATA]
TOTAL FM JAN 1   869    HIGHEST SLP 30.48 ON 12
DPTR FM NORMAL   244    LOWEST  SLP 29.25 ON 28

[REMARKS]
#FINAL-11-16#
