000
CXUS53 KGRR 011017
CF6LAN
PRELIMINARY LOCAL CLIMATOLOGICAL DATA (WS FORM: F-6)

                                          STATION:   LANSING
                                          MONTH:     AUGUST
                                          YEAR:      2017
                                          LATITUDE:   42 46 N
                                          LONGITUDE:  84 36 W

  TEMPERATURE IN F:       :PCPN:    SNOW:  WIND      :SUNSHINE: SKY     :PK WND
================================================================================
1   2   3   4   5  6A  6B    7    8   9   10  11  12  13   14  15   16   17  18
                                     12Z  AVG MX 2MIN
DY MAX MIN AVG DEP HDD CDD  WTR  SNW DPTH SPD SPD DIR MIN PSBL S-S WX    SPD DR
================================================================================

 1  87  57  72   1   0   7 0.03  0.0    0  5.7 21 230   M    M   2        24 230
 2  88  65  77   6   0  12 0.00  0.0    0  5.8 14 360   M    M   1 3      19 300
 3  85  60  73   2   0   8 0.47  0.0    0  4.7 33 230   M    M   3 1238   45 220
 4  68  58  63  -8   2   0 0.05  0.0    0 15.7 31 230   M    M   9 138    40 220
 5  76  53  65  -6   0   0 0.11  0.0    0  6.8 17 280   M    M   2        23 280
 6  77  56  67  -4   0   2    T  0.0    0  4.9 15 250   M    M   4        20 260
 7  77  54  66  -5   0   1 0.05  0.0    0  3.0 16 350   M    M   4 13     21 340
 8  82  51  67  -4   0   2 0.00  0.0    0  5.6 15 280   M    M   1        19 270
 9  84  58  71   0   0   6 0.00  0.0    0  4.9 14 280   M    M   1        30 320
10  83  59  71   1   0   6 0.00  0.0    0  5.1 14 240   M    M   1        17 190
11  80  62  71   1   0   6 0.32  0.0    0  9.7 22 260   M    M   5 13     27 260
12  76  59  68  -2   0   3    T  0.0    0  7.1 18 320   M    M   6        26 330
13  79  54  67  -3   0   2 0.00  0.0    0  2.1 10 280   M    M   1 1      12 280
14  82  63  73   3   0   8 0.00  0.0    0  6.2 16 220   M    M   4        21 230
15  82  63  73   3   0   8 0.35  0.0    0  3.0 10 310   M    M   6 18     12 360
16  85  62  74   4   0   9 0.00  0.0    0  6.5 17 140   M    M   3        23 140
17  84  69  77   7   0  12 0.13  0.0    0 11.5 20 240   M    M   7 1      25 240
18  74  63  69  -1   0   4 0.01  0.0    0 12.5 24 260   M    M   7 18     29 260
19  80  61  71   1   0   6 0.00  0.0    0  6.3 13 270   M    M   4        27 220
20  86  56  71   1   0   6 0.00  0.0    0  2.7 13 250   M    M   0        15 250
21  88  67  78   9   0  13 0.07  0.0    0  5.2 21 230   M    M   1 1      27 230
22  78  59  69   0   0   4 0.07  0.0    0 13.6 24 260   M    M   4 1      34 220
23  74  51  63  -6   2   0 0.00  0.0    0  8.2 17 300   M    M   2        23 300
24  67  47  57 -12   8   0    T  0.0    0  2.5 10 320   M    M   3        13 320
25  72  44  58 -11   7   0 0.00  0.0    0  0.9 10 360   M    M   1 12     18 210
26  75  48  62  -7   3   0 0.00  0.0    0  2.8 10  30   M    M   0        15  40
27  77  59  68   0   0   3 0.00  0.0    0  6.8 13 160   M    M   6        16 130
28  70  55  63  -5   2   0 0.13  0.0    0  3.5 13  70   M    M   6 1      15 250
29  77  54  66  -2   0   1 0.00  0.0    0  2.2  7 320   M    M   6 12     10 110
30  81  54  68   0   0   3 0.00  0.0    0  5.0 15 270   M    M   3 12     18 280
31  72  48  60  -7   5   0 0.00  0.0    0  8.8 18  40   M    M   4        24 340
================================================================================
SM 2446 1769        29 132  1.79     0.0 189.3          M      107
================================================================================
AV 78.9 57.1                               6.1 FASTST   M    M   3    MAX(MPH)
                                 MISC ---->  # 33 230               # 45  220
================================================================================
NOTES:
# LAST OF SEVERAL OCCURRENCES

COLUMN 17 PEAK WIND IN M.P.H.

PRELIMINARY LOCAL CLIMATOLOGICAL DATA (WS FORM: F-6) , PAGE 2

                                          STATION:  LANSING
                                          MONTH:    AUGUST
                                          YEAR:     2017
                                          LATITUDE:   42 46 N
                                          LONGITUDE:  84 36 W

[TEMPERATURE DATA]      [PRECIPITATION DATA]       SYMBOLS USED IN COLUMN 16

AVERAGE MONTHLY: 68.0   TOTAL FOR MONTH:   1.79    1 = FOG OR MIST
DPTR FM NORMAL:  -1.8   DPTR FM NORMAL:   -1.44    2 = FOG REDUCING VISIBILITY
HIGHEST:    88 ON 21, 2 GRTST 24HR  0.47 ON  3- 3      TO 1/4 MILE OR LESS
LOWEST:     44 ON 25                               3 = THUNDER
                        SNOW, ICE PELLETS, HAIL    4 = ICE PELLETS
                        TOTAL MONTH:   0.0 INCH    5 = HAIL
                        GRTST 24HR     0.0         6 = FREEZING RAIN OR DRIZZLE
                        GRTST DEPTH:   0           7 = DUSTSTORM OR SANDSTORM:
                                                       VSBY 1/2 MILE OR LESS
                                                   8 = SMOKE OR HAZE
[NO. OF DAYS WITH]      [WEATHER - DAYS WITH]      9 = BLOWING SNOW
                                                   X = TORNADO
MAX 32 OR BELOW:   0    0.01 INCH OR MORE:  12
MAX 90 OR ABOVE:   0    0.10 INCH OR MORE:   6
MIN 32 OR BELOW:   0    0.50 INCH OR MORE:   0
MIN  0 OR BELOW:   0    1.00 INCH OR MORE:   0

[HDD (BASE 65) ]
TOTAL THIS MO.    29    CLEAR  (SCALE 0-3)  15
DPTR FM NORMAL     5    PTCLDY (SCALE 4-7)  15
TOTAL FM JUL 1    29    CLOUDY (SCALE 8-10)  1
DPTR FM NORMAL    -6

[CDD (BASE 65) ]
TOTAL THIS MO.   132
DPTR FM NORMAL   -39    [PRESSURE DATA]
TOTAL FM JAN 1   634    HIGHEST SLP 30.34 ON 26
DPTR FM NORMAL    77    LOWEST  SLP 29.67 ON 18

[REMARKS]
#FINAL-08-17#
