000
CXUS53 KGRR 011017
CF6LAN
PRELIMINARY LOCAL CLIMATOLOGICAL DATA (WS FORM: F-6)

                                          STATION:   LANSING MI
                                          MONTH:     JUNE
                                          YEAR:      2016
                                          LATITUDE:   42 46 N
                                          LONGITUDE:  84 36 W

  TEMPERATURE IN F:       :PCPN:    SNOW:  WIND      :SUNSHINE: SKY     :PK WND
================================================================================
1   2   3   4   5  6A  6B    7    8   9   10  11  12  13   14  15   16   17  18
                                     12Z  AVG MX 2MIN
DY MAX MIN AVG DEP HDD CDD  WTR  SNW DPTH SPD SPD DIR MIN PSBL S-S WX    SPD DR
================================================================================

 1  80  59  70   7   0   5    T  0.0    0  5.6 16 150   M    M   4        21 130
 2  80  57  69   6   0   4 0.00  0.0    0  8.3 22 240   M    M   0 1      28 260
 3  81  51  66   2   0   1 0.00  0.0    0  2.8 10 320   M    M   0        13 260
 4  83  57  70   6   0   5 0.07  0.0    0  8.7 22 160   M    M   4 1      27 180
 5  70  60  65   1   0   0 0.16  0.0    0 11.9 26 260   M    M   8 138    34 260
 6  80  55  68   3   0   3 0.01  0.0    0 12.7 31 270   M    M   2        38 270
 7  63  48  56  -9   9   0 0.00  0.0    0 10.5 17 290   M    M   7        23 300
 8  69  45  57  -9   8   0 0.00  0.0    0  8.7 18 300   M    M   1        27 290
 9  71  44  58  -8   7   0    T  0.0    0  3.5 18 230   M    M   6        23 230
10  86  54  70   4   0   5 0.00  0.0    0  7.7 15 200   M    M   4        20 230
11  91  71  81  15   0  16 0.00  0.0    0 12.1 24 260   M    M   0        32 260
12  81  56  69   2   0   4 0.00  0.0    0  8.4 16 330   M    M   0        22 310
13  72  50  61  -6   4   0 0.03  0.0    0  4.8 12  40   M    M   5        15 140
14  76  60  68   1   0   3 0.00  0.0    0  9.3 20 130   M    M   6        23 140
15  87  62  75   7   0  10 0.03  0.0    0  6.4 17 140   M    M   6 3      20 150
16  71  62  67  -1   0   2 0.28  0.0    0  7.5 17 360   M    M   6 138    24  10
17  87  53  70   2   0   5 0.00  0.0    0  4.3 15 100   M    M   0 1      21 110
18  90  56  73   5   0   8 0.00  0.0    0  2.4 10 180   M    M   0        15 180
19  91  61  76   7   0  11 0.00  0.0    0  6.6 17 220   M    M   0        23 230
20  90  65  78   9   0  13    T  0.0    0 14.4 28 260   M    M   2 3      37 260
21  81  53  67  -2   0   2 0.00  0.0    0  8.1 23 290   M    M   0        32 280
22  84  54  69  -1   0   4 0.00  0.0    0  3.5 13 280   M    M   3        17 280
23  78  59  69  -1   0   4    T  0.0    0  7.5 20  50   M    M   6        25  60
24  85  53  69  -1   0   4 0.00  0.0    0  3.5 13  80   M    M   1        16  90
25  89  60  75   5   0  10 0.00  0.0    0  6.8 14 200   M    M   0        18 170
26  87  70  79   9   0  14 0.01  0.0    0 10.7 22 270   M    M   2        27 270
27  90  65  78   8   0  13 0.00  0.0    0 11.8 28 250   M    M   0        37 250
28  70  52  61 -10   4   0 0.00  0.0    0  5.8 13 290   M    M   7        16 320
29  80  46  63  -8   2   0 0.00  0.0    0  3.9 12 300   M    M   0 1      16 250
30  82  51  67  -4   0   2    T  0.0    0  4.2 16 220   M    M   2        21 260
================================================================================
SM 2425 1689        34 148  0.59     0.0 222.4          M       82
================================================================================
AV 80.8 56.3                               7.4 FASTST   M    M   3    MAX(MPH)
                                 MISC ---->  # 31 270               # 38  270
================================================================================
NOTES:
# LAST OF SEVERAL OCCURRENCES

COLUMN 17 PEAK WIND IN M.P.H.

PRELIMINARY LOCAL CLIMATOLOGICAL DATA (WS FORM: F-6) , PAGE 2

                                          STATION:  LANSING MI
                                          MONTH:    JUNE
                                          YEAR:     2016
                                          LATITUDE:   42 46 N
                                          LONGITUDE:  84 36 W

[TEMPERATURE DATA]      [PRECIPITATION DATA]       SYMBOLS USED IN COLUMN 16

AVERAGE MONTHLY: 68.6   TOTAL FOR MONTH:   0.59    1 = FOG OR MIST
DPTR FM NORMAL:   1.0   DPTR FM NORMAL:   -2.86    2 = FOG REDUCING VISIBILITY
HIGHEST:    91 ON 19,11 GRTST 24HR  0.28 ON 16-16      TO 1/4 MILE OR LESS
LOWEST:     44 ON  9                               3 = THUNDER
                        SNOW, ICE PELLETS, HAIL    4 = ICE PELLETS
                        TOTAL MONTH:   0.0 INCH    5 = HAIL
                        GRTST 24HR     0.0         6 = FREEZING RAIN OR DRIZZLE
                        GRTST DEPTH:   0           7 = DUSTSTORM OR SANDSTORM:
                                                       VSBY 1/2 MILE OR LESS
                                                   8 = SMOKE OR HAZE
[NO. OF DAYS WITH]      [WEATHER - DAYS WITH]      9 = BLOWING SNOW
                                                   X = TORNADO
MAX 32 OR BELOW:   0    0.01 INCH OR MORE:   7
MAX 90 OR ABOVE:   5    0.10 INCH OR MORE:   2
MIN 32 OR BELOW:   0    0.50 INCH OR MORE:   0
MIN  0 OR BELOW:   0    1.00 INCH OR MORE:   0

[HDD (BASE 65) ]
TOTAL THIS MO.    34    CLEAR  (SCALE 0-3)  18
DPTR FM NORMAL   -21    PTCLDY (SCALE 4-7)  11
TOTAL FM JUL 1  5806    CLOUDY (SCALE 8-10)  1
DPTR FM NORMAL  -906

[CDD (BASE 65) ]
TOTAL THIS MO.   148
DPTR FM NORMAL    16    [PRESSURE DATA]
TOTAL FM JAN 1   210    HIGHEST SLP 30.26 ON 19
DPTR FM NORMAL    37    LOWEST  SLP 29.57 ON  6

[REMARKS]
#FINAL-06-16#
