000
CXUS53 KGRR 011900
CF6LAN
PRELIMINARY LOCAL CLIMATOLOGICAL DATA (WS FORM: F-6)

                                          STATION:   LANSING
                                          MONTH:     JANUARY
                                          YEAR:      2017
                                          LATITUDE:   42 46 N
                                          LONGITUDE:  84 36 W

  TEMPERATURE IN F:       :PCPN:    SNOW:  WIND      :SUNSHINE: SKY     :PK WND
================================================================================
1   2   3   4   5  6A  6B    7    8   9   10  11  12  13   14  15   16   17  18
                                     12Z  AVG MX 2MIN
DY MAX MIN AVG DEP HDD CDD  WTR  SNW DPTH SPD SPD DIR MIN PSBL S-S WX    SPD DR
================================================================================

 1  42  21  32   8  33   0 0.00  0.0    0  6.5 16 240   M    M   1        19 230
 2  44  23  34  10  31   0 0.53  0.0    0  6.6 16 100   M    M   5 18     19 100
 3  37  35  36  12  29   0 0.01  0.0    0  7.3 22 300   M    M  10 12     28 280
 4  35  15  25   1  40   0 0.01  0.4    T 20.9 35 270   M    M  10 8      46 270
 5  15   7  11 -13  54   0    T  0.1    T 11.0 22 280   M    M   9 8      28 280
 6  15   4  10 -14  55   0    T    T    T  9.0 20 270   M    M   7 8      23 250
 7  14   4   9 -15  56   0 0.02  0.4    T  9.9 22 270   M    M   8 18     27 300
 8  17   6  12 -12  53   0    T    T    T 10.2 20 180   M    M   7        26 180
 9  27  15  21  -3  44   0 0.05  0.6    T 13.0 20 220   M    M   9 18     27 210
10  47  26  37  13  28   0 0.43  2.1    3 20.7 40 250   M    M  10 1468   52 270
11  48  27  38  15  27   0 0.66  0.0    0 13.9 38 240   M    M   7 138    50 250
12  37  24  31   8  34   0 0.10  0.1    0  9.4 21 280   M    M  10 1456   26 270
13  24  17  21  -2  44   0 0.00  0.0    T  6.3 16 310   M    M   2        22 320
14  30  20  25   2  40   0 0.00  0.0    T  4.4  9 300   M    M   5        11 270
15  35  15  25   2  40   0 0.00  0.0    T  2.7 12 220   M    M   0 18     14 230
16  34  21  28   5  37   0 0.36    T    0  5.5 13 100   M    M   7 1468   17 100
17  39  33  36  13  29   0 0.47  0.0    0  7.6 17 260   M    M  10 12     24 260
18  39  33  36  13  29   0 0.00  0.0    0 11.7 18 240   M    M  10 1      22 240
19  41  33  37  14  28   0 0.00  0.0    0  7.7 16 240   M    M   6 18     20 250
20  39  34  37  14  28   0 0.14  0.0    0  5.0 12  40   M    M  10 12     14  30
21  56  37  47  24  18   0 0.00  0.0    0  8.0 14 150   M    M   6 12     16 150
22  48  37  43  20  22   0 0.00  0.0    0  2.8  8  10   M    M   9 12     10 200
23  41  37  39  16  26   0 0.24  0.0    0  5.5  9 330   M    M  10 1      12 320
24  39  37  38  15  27   0 0.09  0.0    0  6.9 16 290   M    M  10 1      21 280
25  40  35  38  15  27   0 0.06  0.0    0  7.8 23 250   M    M  10 18     29 260
26  38  32  35  12  30   0 0.18  0.4    T 12.8 21 280   M    M   9 18     27 290
27  32  27  30   7  35   0 0.01  0.1    T 15.0 24 260   M    M  10        34 250
28  29  27  28   5  37   0 0.03  0.9    T 12.8 23 270   M    M  10 168    28 260
29  28  16  22  -1  43   0    T  0.1    1  4.0 12 250   M    M   8 18     13 260
30  25  11  18  -6  47   0 0.08  1.3    1  5.8 16 190   M    M   9 18     21 190
31  32  23  28   4  37   0 0.18  2.6    3  9.8 26 270   M    M  10 18     33 270
================================================================================
SM 1067  732      1108   0  3.65     9.1 280.5          M      244
================================================================================
AV 34.4 23.6                               9.0 FASTST   M    M   8    MAX(MPH)
                                 MISC ---->  # 40 250               # 52  270
================================================================================
NOTES:
# LAST OF SEVERAL OCCURRENCES

COLUMN 17 PEAK WIND IN M.P.H.

PRELIMINARY LOCAL CLIMATOLOGICAL DATA (WS FORM: F-6) , PAGE 2

                                          STATION:  LANSING
                                          MONTH:    JANUARY
                                          YEAR:     2017
                                          LATITUDE:   42 46 N
                                          LONGITUDE:  84 36 W

[TEMPERATURE DATA]      [PRECIPITATION DATA]       SYMBOLS USED IN COLUMN 16

AVERAGE MONTHLY: 29.0   TOTAL FOR MONTH:   3.65    1 = FOG OR MIST
DPTR FM NORMAL:   5.6   DPTR FM NORMAL:    2.00    2 = FOG REDUCING VISIBILITY
HIGHEST:    56 ON 21    GRTST 24HR  0.83 ON 16-17      TO 1/4 MILE OR LESS
LOWEST:      4 ON  7, 6                            3 = THUNDER
                        SNOW, ICE PELLETS, HAIL    4 = ICE PELLETS
                        TOTAL MONTH:   9.1 INCHES  5 = HAIL
                        GRTST 24HR   2.6 ON   M    6 = FREEZING RAIN OR DRIZZLE
                        GRTST DEPTH:   3 ON 31,10  7 = DUSTSTORM OR SANDSTORM:
                                                       VSBY 1/2 MILE OR LESS
                                                   8 = SMOKE OR HAZE
[NO. OF DAYS WITH]      [WEATHER - DAYS WITH]      9 = BLOWING SNOW
                                                   X = TORNADO
MAX 32 OR BELOW:  12    0.01 INCH OR MORE:  19
MAX 90 OR ABOVE:   0    0.10 INCH OR MORE:  10
MIN 32 OR BELOW:  21    0.50 INCH OR MORE:   2
MIN  0 OR BELOW:   0    1.00 INCH OR MORE:   0

[HDD (BASE 65) ]
TOTAL THIS MO.  1108    CLEAR  (SCALE 0-3)   3
DPTR FM NORMAL  -180    PTCLDY (SCALE 4-7)  10
TOTAL FM JUL 1  3225    CLOUDY (SCALE 8-10) 18
DPTR FM NORMAL  -615

[CDD (BASE 65) ]
TOTAL THIS MO.     0
DPTR FM NORMAL     0    [PRESSURE DATA]
TOTAL FM JAN 1     0    HIGHEST SLP 30.81 ON 13
DPTR FM NORMAL     0    LOWEST  SLP 29.30 ON 10

[REMARKS]
#FINAL-01-17#
