000
CXUS53 KGRR 011139
CF6LAN
PRELIMINARY LOCAL CLIMATOLOGICAL DATA (WS FORM: F-6)

                                          STATION:   LANSING MI
                                          MONTH:     AUGUST
                                          YEAR:      2012
                                          LATITUDE:   42 46 N
                                          LONGITUDE:  84 36 W

  TEMPERATURE IN F:       :PCPN:    SNOW:  WIND      :SUNSHINE: SKY     :PK WND
================================================================================
1   2   3   4   5  6A  6B    7    8   9   10  11  12  13   14  15   16   17  18
                                     12Z  AVG MX 2MIN
DY MAX MIN AVG DEP HDD CDD  WTR  SNW DPTH SPD SPD DIR MIN PSBL S-S WX    SPD DR
================================================================================

 1  83  58  71   0   0   6 0.00  0.0    0  3.6 12 300   M    M   1 1      16 290
 2  89  66  78   7   0  13 0.00  0.0    0  4.9 16 260   M    M   7        24 340
 3  96  69  83  12   0  18 0.00  0.0    0  4.3 13  20   M    M   3        20 190
 4  91  71  81  10   0  16    T  0.0    0  8.3 20 200   M    M   6 38     26 230
 5  84  56  70  -1   0   5 0.00  0.0    0 11.3 24 260   M    M   6        30 270
 6  85  51  68  -3   0   3 0.00  0.0    0  3.3 15 220   M    M   0        20 280
 7  89  58  74   3   0   9 0.00  0.0    0  6.2 21 180   M    M   3        24 250
 8  84  63  74   3   0   9    T  0.0    0  4.5 13 350   M    M   6        17 350
 9  70  59  65  -6   0   0 0.48  0.0    0  6.6 16  50   M    M  10 1      23  60
10  63  58  61  -9   4   0 2.37  0.0    0 12.7 22  10   M    M  10 1      31  10
11  73  58  66  -4   0   1 0.59  0.0    0  7.7 20 310   M    M   9 1      28 310
12  78  54  66  -4   0   1 0.00  0.0    0  5.0 14 280   M    M   7        18 280
13  73  62  68  -2   0   3 0.04  0.0    0  2.8 12 230   M    M  10 1      20 240
14  78  61  70   0   0   5 0.02  0.0    0  2.8 10 290   M    M   5 1      16  10
15  83  59  71   1   0   6 0.00  0.0    0  1.5 10 340   M    M   5 18     24 210
16  76  64  70   0   0   5 0.24  0.0    0 11.1 25 240   M    M   8 1      37 240
17  74  53  64  -6   1   0 0.00  0.0    0  7.5 15 320   M    M   4        22 290
18  75  45  60 -10   5   0 0.00  0.0    0  1.7 10 310   M    M   3        14 280
19  77  53  65  -5   0   0 0.00  0.0    0  1.8 16 330   M    M   7        23 330
20  77  51  64  -6   1   0 0.00  0.0    0  2.0 10 340   M    M   2 1      14 320
21  78  50  64  -5   1   0 0.00  0.0    0  2.6 12 300   M    M   2        20  40
22  81  52  67  -2   0   2 0.00  0.0    0  2.5 12 270   M    M   1        15 290
23  86  56  71   2   0   6 0.00  0.0    0  3.2 12 260   M    M   2        17 210
24  88  62  75   6   0  10 0.00  0.0    0  4.1 10 160   M    M   5        14 160
25  91  62  77   8   0  12 0.00  0.0    0  5.7 16 170   M    M   2 8      21 170
26  91  68  80  11   0  15 0.04  0.0    0  8.3 18 200   M    M   7 18     24 300
27  85  64  75   7   0  10 0.07  0.0    0  4.9 13 330   M    M   6 1      18 310
28  80  55  68   0   0   3 0.00  0.0    0  3.6 14 320   M    M   2        21 330
29  80  50  65  -3   0   0 0.00  0.0    0  1.8  7 320   M    M   1 1       9 330
30  85  56  71   3   0   6 0.00  0.0    0  8.2 18 230   M    M   1        24 220
31  92  69  81  14   0  16 0.00  0.0    0 11.4 23 250   M    M   3        29 240
================================================================================
SM 2535 1813        12 180  3.85     0.0 165.9          M      144
================================================================================
AV 81.8 58.5                               5.4 FASTST   M    M   5    MAX(MPH)
                                 MISC ---->  # 25 240               # 37  240
================================================================================
NOTES:
# LAST OF SEVERAL OCCURRENCES

COLUMN 17 PEAK WIND IN M.P.H.

PRELIMINARY LOCAL CLIMATOLOGICAL DATA (WS FORM: F-6) , PAGE 2

                                          STATION:  LANSING MI
                                          MONTH:    AUGUST
                                          YEAR:     2012
                                          LATITUDE:   42 46 N
                                          LONGITUDE:  84 36 W

[TEMPERATURE DATA]      [PRECIPITATION DATA]       SYMBOLS USED IN COLUMN 16

AVERAGE MONTHLY: 70.1   TOTAL FOR MONTH:   3.85    1 = FOG OR MIST
DPTR FM NORMAL:   0.3   DPTR FM NORMAL:    0.62    2 = FOG REDUCING VISIBILITY
HIGHEST:    96 ON  3    GRTST 24HR  2.48 ON 10-11      TO 1/4 MILE OR LESS
LOWEST:     45 ON 18                               3 = THUNDER
                        SNOW, ICE PELLETS, HAIL    4 = ICE PELLETS
                        TOTAL MONTH:   0.0 INCH    5 = HAIL
                        GRTST 24HR     0.0         6 = FREEZING RAIN OR DRIZZLE
                        GRTST DEPTH:   0           7 = DUSTSTORM OR SANDSTORM:
                                                       VSBY 1/2 MILE OR LESS
                                                   8 = SMOKE OR HAZE
[NO. OF DAYS WITH]      [WEATHER - DAYS WITH]      9 = BLOWING SNOW
                                                   X = TORNADO
MAX 32 OR BELOW:   0    0.01 INCH OR MORE:   8
MAX 90 OR ABOVE:   5    0.10 INCH OR MORE:   4
MIN 32 OR BELOW:   0    0.50 INCH OR MORE:   2
MIN  0 OR BELOW:   0    1.00 INCH OR MORE:   1

[HDD (BASE 65) ]
TOTAL THIS MO.    12    CLEAR  (SCALE 0-3)  12
DPTR FM NORMAL   -12    PTCLDY (SCALE 4-7)  15
TOTAL FM JUL 1    12    CLOUDY (SCALE 8-10)  4
DPTR FM NORMAL   -23

[CDD (BASE 65) ]
TOTAL THIS MO.   180
DPTR FM NORMAL     9    [PRESSURE DATA]
TOTAL FM JAN 1   870    HIGHEST SLP 30.18 ON  6
DPTR FM NORMAL   313    LOWEST  SLP 29.69 ON 10

[REMARKS]
#FINAL-08-12#
