000
CXUS53 KGRR 011017
CF6LAN
PRELIMINARY LOCAL CLIMATOLOGICAL DATA (WS FORM: F-6)

                                          STATION:   LANSING MI
                                          MONTH:     JULY
                                          YEAR:      2012
                                          LATITUDE:   42 46 N
                                          LONGITUDE:  84 36 W

  TEMPERATURE IN F:       :PCPN:    SNOW:  WIND      :SUNSHINE: SKY     :PK WND
================================================================================
1   2   3   4   5  6A  6B    7    8   9   10  11  12  13   14  15   16   17  18
                                     12Z  AVG MX 2MIN
DY MAX MIN AVG DEP HDD CDD  WTR  SNW DPTH SPD SPD DIR MIN PSBL S-S WX    SPD DR
================================================================================

 1  91  62  77   6   0  12    T  0.0    0  3.3 15 280   M    M   3        18 280
 2  96  62  79   8   0  14 0.00  0.0    0  2.4  9 260   M    M   4        24  90
 3  95  74  85  14   0  20 0.00  0.0    0  7.5 23 260   M    M   7        30 260
 4 100  76  88  17   0  23 0.00  0.0    0  8.1 20 260   M    M   4        26 280
 5  99  70  85  13   0  20 0.03  0.0    0  6.7 40 350   M    M   4 3      58 350
 6 103  71  87  15   0  22 0.00  0.0    0  2.5 12 230   M    M   2        33 220
 7  93  75  84  12   0  19 0.00  0.0    0  7.5 15  40   M    M   5        29 310
 8  84  64  74   2   0   9 0.00  0.0    0  5.7 15  20   M    M   6        22  10
 9  87  60  74   2   0   9    T  0.0    0  4.7 15  20   M    M   4        20  30
10  85  58  72   0   0   7 0.00  0.0    0  5.9 13  20   M    M   2         M  M
11  87  58  73   1   0   8 0.00  0.0    0  3.5 14  60   M    M   1         M  M
12  89  59  74   2   0   9 0.00  0.0    0  3.3 14  40   M    M   1        24 110
13  93  63  78   6   0  13 0.00  0.0    0  4.8 16 170   M    M   3        25 120
14  93  68  81   9   0  16 0.09  0.0    0  5.8 22 210   M    M   4 13     29 230
15  92  69  81   9   0  16    T  0.0    0  8.7 20 270   M    M   5 18     25 260
16  96  65  81   9   0  16 0.00  0.0    0  6.9 21 270   M    M   4 1      31 110
17  99  76  88  16   0  23 0.00  0.0    0 11.0 23 260   M    M   4        48 300
18  85  70  78   6   0  13 0.10  0.0    0  5.4 25  80   M    M   7 13     28  80
19  77  66  72   0   0   7 0.41  0.0    0  7.8 16  50   M    M   9 18     23  50
20  82  60  71  -1   0   6 0.00  0.0    0  6.9 18  40   M    M   5 1      23  40
21  88  54  71  -1   0   6    T  0.0    0  5.8 16 260   M    M   5        22 250
22  92  68  80   8   0  15 0.00  0.0    0  9.1 22 270   M    M   6        29 260
23  97  73  85  13   0  20 0.06  0.0    0 12.4 25 260   M    M   3 3      32 260
24  85  67  76   4   0  11 0.00  0.0    0  6.8 16  30   M    M   4        28  10
25  92  62  77   6   0  12 0.00  0.0    0 11.5 23 230   M    M   4        44 170
26  85  71  78   7   0  13 0.62  0.0    0  8.3 17 280   M    M   8 13     23  10
27  82  66  74   3   0   9    T  0.0    0  5.3 24 300   M    M   9 18     28 300
28  82  61  72   1   0   7 0.00  0.0    0  5.9 16  10   M    M   3        22  30
29  85  57  71   0   0   6 0.00  0.0    0  3.0 12 270   M    M   5        22  90
30  90  63  77   6   0  12 0.00  0.0    0  4.6 14 210   M    M   4        25 230
31  86  63  75   4   0  10 0.44  0.0    0  7.6 13 320   M    M   5 13     17 300
================================================================================
SM 2790 2031         0 403  1.75     0.0 198.7          M      140
================================================================================
AV 90.0 65.5                               6.4 FASTST   M    M   5    MAX(MPH)
                                 MISC ---->  # 40 350               # 58  350
================================================================================
NOTES:
# LAST OF SEVERAL OCCURRENCES

COLUMN 17 PEAK WIND IN M.P.H.

PRELIMINARY LOCAL CLIMATOLOGICAL DATA (WS FORM: F-6) , PAGE 2

                                          STATION:  LANSING MI
                                          MONTH:    JULY
                                          YEAR:     2012
                                          LATITUDE:   42 46 N
                                          LONGITUDE:  84 36 W

[TEMPERATURE DATA]      [PRECIPITATION DATA]       SYMBOLS USED IN COLUMN 16

AVERAGE MONTHLY: 77.8   TOTAL FOR MONTH:   1.75    1 = FOG OR MIST
DPTR FM NORMAL:   6.3   DPTR FM NORMAL:   -1.09    2 = FOG REDUCING VISIBILITY
HIGHEST:   103 ON  6    GRTST 24HR  0.62 ON 26-26      TO 1/4 MILE OR LESS
LOWEST:     54 ON 21                               3 = THUNDER
                        SNOW, ICE PELLETS, HAIL    4 = ICE PELLETS
                        TOTAL MONTH:   0.0 INCH    5 = HAIL
                        GRTST 24HR     0.0         6 = FREEZING RAIN OR DRIZZLE
                        GRTST DEPTH:   0           7 = DUSTSTORM OR SANDSTORM:
                                                       VSBY 1/2 MILE OR LESS
                                                   8 = SMOKE OR HAZE
[NO. OF DAYS WITH]      [WEATHER - DAYS WITH]      9 = BLOWING SNOW
                                                   X = TORNADO
MAX 32 OR BELOW:   0    0.01 INCH OR MORE:   7
MAX 90 OR ABOVE:  16    0.10 INCH OR MORE:   4
MIN 32 OR BELOW:   0    0.50 INCH OR MORE:   1
MIN  0 OR BELOW:   0    1.00 INCH OR MORE:   0

[HDD (BASE 65) ]
TOTAL THIS MO.     0    CLEAR  (SCALE 0-3)   7
DPTR FM NORMAL   -11    PTCLDY (SCALE 4-7)  22
TOTAL FM JUL 1     0    CLOUDY (SCALE 8-10)  2
DPTR FM NORMAL   -11

[CDD (BASE 65) ]
TOTAL THIS MO.   403
DPTR FM NORMAL   190    [PRESSURE DATA]
TOTAL FM JAN 1   690    HIGHEST SLP 30.20 ON 11
DPTR FM NORMAL   304    LOWEST  SLP 28.98 ON  7

[REMARKS]
#FINAL-07-12#
