000
CXUS53 KGRR 011017
CF6LAN
PRELIMINARY LOCAL CLIMATOLOGICAL DATA (WS FORM: F-6)

                                          STATION:   LANSING MI
                                          MONTH:     MAY
                                          YEAR:      2012
                                          LATITUDE:   42 46 N
                                          LONGITUDE:  84 36 W

  TEMPERATURE IN F:       :PCPN:    SNOW:  WIND      :SUNSHINE: SKY     :PK WND
================================================================================
1   2   3   4   5  6A  6B    7    8   9   10  11  12  13   14  15   16   17  18
                                     12Z  AVG MX 2MIN
DY MAX MIN AVG DEP HDD CDD  WTR  SNW DPTH SPD SPD DIR MIN PSBL S-S WX    SPD DR
================================================================================

 1  59  47  53   0  12   0 0.01  0.0    0  4.8 15 130   M    M   9 18      M  M
 2  83  51  67  14   0   2    T  0.0    0  9.1 28 260   M    M   8 18     33 260
 3  86  60  73  19   0   8 0.46  0.0    0 10.3 38 290   M    M   8 138    54 290
 4  79  56  68  14   0   3 0.34  0.0    0  8.8 17  60   M    M   8 13     22  30
 5  66  48  57   3   8   0    T  0.0    0  7.8 16  40   M    M   8 1      22  40
 6  68  49  59   5   6   0 0.52  0.0    0  5.8 18 130   M    M  10 13     24 130
 7  65  51  58   3   7   0 0.09  0.0    0  5.4 15 310   M    M  10 1      17 310
 8  68  47  58   3   7   0 0.00  0.0    0  7.4 21 270   M    M   5 18     28 270
 9  64  43  54  -2  11   0 0.06    T    0  7.0 22 290   M    M   5 35     28 280
10  66  37  52  -4  13   0 0.00  0.0    0  7.4 17 340   M    M   1        25 340
11  74  40  57   1   8   0 0.00  0.0    0  6.5 17 240   M    M   1        23 230
12  64  56  60   4   5   0 0.43  0.0    0  6.7 21 210   M    M  10 13     26 240
13  71  50  61   4   4   0 0.02  0.0    0  3.1 13  60   M    M   5 1      25 340
14  75  43  59   2   6   0 0.00  0.0    0  2.2 10 310   M    M   1        13 270
15  81  45  63   6   2   0 0.02  0.0    0  9.6 37 300   M    M   4 3      51 290
16  65  46  56  -2   9   0    T  0.0    0  7.8 18  30   M    M   4 3      28  20
17  68  38  53  -5  12   0 0.00  0.0    0  3.1 13 150   M    M   2        26  70
18  78  48  63   5   2   0 0.00  0.0    0  6.1 15 160   M    M   2        24  50
19  85  54  70  11   0   5 0.00  0.0    0  6.1 16 150   M    M   1        20 130
20  88  61  75  16   0  10 0.00  0.0    0  8.7 18 160   M    M   3        23 160
21  75  54  65   6   0   0 0.03  0.0    0  7.2 16 260   M    M   8 1      23 260
22  71  50  61   1   4   0 0.00  0.0    0  4.6 14  20   M    M   5        17 100
23  78  45  62   2   3   0 0.00  0.0    0  4.8 17 120   M    M   2        22 130
24  85  59  72  12   0   7 0.00  0.0    0 12.3 22 190   M    M   2 8      31 160
25  82  64  73  12   0   8 0.00  0.0    0 10.3 21 290   M    M   5        28 280
26  75  60  68   7   0   3 0.06  0.0    0  5.3 14 140   M    M   9 3      20 120
27  83  61  72  11   0   7 0.00  0.0    0 11.8 28  30   M    M   6        36  20
28  92  65  79  17   0  14 0.00  0.0    0 10.9 24 220   M    M   5        31 190
29  82  59  71   9   0   6    T  0.0    0 11.0 29 260   M    M   5 3      37 260
30  70  50  60  -2   5   0 0.00  0.0    0  7.1 18 320   M    M   4        24 330
31  57  43  50 -13  15   0 0.24  0.0    0  6.3 15  70   M    M   9 1      21  50
================================================================================
SM 2303 1580       139  73  2.28    T    225.3          M      165
================================================================================
AV 74.3 51.0                               7.3 FASTST   M    M   5    MAX(MPH)
                                 MISC ---->  # 38 290               # 54  290
================================================================================
NOTES:
# LAST OF SEVERAL OCCURRENCES

COLUMN 17 PEAK WIND IN M.P.H.

PRELIMINARY LOCAL CLIMATOLOGICAL DATA (WS FORM: F-6) , PAGE 2

                                          STATION:  LANSING MI
                                          MONTH:    MAY
                                          YEAR:     2012
                                          LATITUDE:   42 46 N
                                          LONGITUDE:  84 36 W

[TEMPERATURE DATA]      [PRECIPITATION DATA]       SYMBOLS USED IN COLUMN 16

AVERAGE MONTHLY: 62.6   TOTAL FOR MONTH:   2.28    1 = FOG OR MIST
DPTR FM NORMAL:   4.9   DPTR FM NORMAL:   -1.08    2 = FOG REDUCING VISIBILITY
HIGHEST:    92 ON 28    GRTST 24HR  0.52 ON  6- 6      TO 1/4 MILE OR LESS
LOWEST:     37 ON 10                               3 = THUNDER
                        SNOW, ICE PELLETS, HAIL    4 = ICE PELLETS
                        TOTAL MONTH:    T          5 = HAIL
                        GRTST 24HR    T  ON  9- 9  6 = FREEZING RAIN OR DRIZZLE
                        GRTST DEPTH:   0           7 = DUSTSTORM OR SANDSTORM:
                                                       VSBY 1/2 MILE OR LESS
                                                   8 = SMOKE OR HAZE
[NO. OF DAYS WITH]      [WEATHER - DAYS WITH]      9 = BLOWING SNOW
                                                   X = TORNADO
MAX 32 OR BELOW:   0    0.01 INCH OR MORE:  12
MAX 90 OR ABOVE:   1    0.10 INCH OR MORE:   5
MIN 32 OR BELOW:   0    0.50 INCH OR MORE:   1
MIN  0 OR BELOW:   0    1.00 INCH OR MORE:   0

[HDD (BASE 65) ]
TOTAL THIS MO.   139    CLEAR  (SCALE 0-3)   9
DPTR FM NORMAL  -120    PTCLDY (SCALE 4-7)  13
TOTAL FM JUL 1  5532    CLOUDY (SCALE 8-10)  9
DPTR FM NORMAL -1125

[CDD (BASE 65) ]
TOTAL THIS MO.    73
DPTR FM NORMAL    39    [PRESSURE DATA]
TOTAL FM JAN 1    96    HIGHEST SLP 30.27 ON 13
DPTR FM NORMAL    55    LOWEST  SLP 29.69 ON 29

[REMARKS]
#FINAL-05-12#
