000
CXUS53 KGRR 011017
CF6LAN
PRELIMINARY LOCAL CLIMATOLOGICAL DATA (WS FORM: F-6)

                                          STATION:   LANSING MI
                                          MONTH:     MARCH
                                          YEAR:      2012
                                          LATITUDE:   42 46 N
                                          LONGITUDE:  84 36 W

  TEMPERATURE IN F:       :PCPN:    SNOW:  WIND      :SUNSHINE: SKY     :PK WND
================================================================================
1   2   3   4   5  6A  6B    7    8   9   10  11  12  13   14  15   16   17  18
                                     12Z  AVG MX 2MIN
DY MAX MIN AVG DEP HDD CDD  WTR  SNW DPTH SPD SPD DIR MIN PSBL S-S WX    SPD DR
================================================================================

 1  41  33  37   8  28   0    T    T    0  9.7 17 250   M    M  10 1      23 250
 2  47  33  40  10  25   0 0.50    T    0 13.1 38 240   M    M  10 1358   48 240
 3  35  25  30   0  35   0 0.04  0.6    0 21.2 39 260   M    M   9 1      49 250
 4  32  22  27  -3  38   0    T    T    0  6.9 13 270   M    M   8        18 300
 5  30  16  23  -8  42   0    T    T    0  9.0 16 290   M    M   8        21 310
 6  60  27  44  13  21   0 0.00  0.0    0 15.4 24 200   M    M   5        33 190
 7  66  50  58  26   7   0 0.00  0.0    0 21.1 35 220   M    M   6        45 200
 8  61  30  46  14  19   0 0.23  0.0    0 15.2 29 210   M    M   7 1      40 200
 9  35  22  29  -3  36   0 0.01    T    T 12.8 28 270   M    M   7        33 280
10  50  19  35   2  30   0 0.00  0.0    0 13.0 28 210   M    M   5        36 210
11  65  39  52  19  13   0 0.00  0.0    0 11.0 20 220   M    M   4        28 230
12  65  48  57  24   8   0 0.64  0.0    0 11.2 23 180   M    M   8 13     31 180
13  61  39  50  16  15   0 0.00  0.0    0 10.7 25 260   M    M   3 1      31 260
14  79  37  58  24   7   0 0.00  0.0    0  8.2 22 200   M    M   2        28 210
15  78  57  68  34   0   3 0.00  0.0    0  8.4 20 250   M    M   4 18     25 250
16  78  48  63  28   2   0 0.00  0.0    0  4.1 12 170   M    M   6 128    14 180
17  78  55  67  32   0   2 0.00  0.0    0  8.8 20 200   M    M   2        28 190
18  73  52  63  27   2   0 0.00  0.0    0  5.6 12 220   M    M   4 18     16 160
19  79  52  66  30   0   1 0.01  0.0    0  8.2 17 140   M    M   5 18     23 150
20  83  55  69  33   0   4 0.00  0.0    0  9.1 20 190   M    M   7 1      24 180
21  86  57  72  35   0   7 0.00  0.0    0  8.1 15 180   M    M   3        22 160
22  83  58  71  34   0   6 0.04  0.0    0  5.9 21 100   M    M   4 13     28 140
23  66  53  60  22   5   0 0.89  0.0    0  4.5 18 230   M    M   8 18     22 230
24  56  50  53  15  12   0 0.05  0.0    0  5.0 10 340   M    M  10 12     23  60
25  71  40  56  17   9   0    T  0.0    0  7.5 17 360   M    M   5 1      24 360
26  44  29  37  -2  28   0 0.00  0.0    0 10.1 18  40   M    M   2        24  30
27  58  28  43   3  22   0 0.00  0.0    0 14.8 26 160   M    M   5        32 220
28  61  40  51  11  14   0 0.00  0.0    0 16.2 31 270   M    M   6        39 260
29  44  31  38  -2  27   0 0.00  0.0    0  6.9 12  60   M    M   8        17 340
30  37  30  34  -7  31   0 0.37  0.0    0 10.1 23  90   M    M   8 13     29 100
31  46  33  40  -1  25   0 0.00  0.0    0  5.1 13  40   M    M   8 1      24  70
================================================================================
SM 1848 1208       501  23  2.78     0.6 316.9          M      187
================================================================================
AV 59.6 39.0                              10.2 FASTST   M    M   6    MAX(MPH)
                                 MISC ---->  # 39 260               # 49  250
================================================================================
NOTES:
# LAST OF SEVERAL OCCURRENCES

COLUMN 17 PEAK WIND IN M.P.H.

PRELIMINARY LOCAL CLIMATOLOGICAL DATA (WS FORM: F-6) , PAGE 2

                                          STATION:  LANSING MI
                                          MONTH:    MARCH
                                          YEAR:     2012
                                          LATITUDE:   42 46 N
                                          LONGITUDE:  84 36 W

[TEMPERATURE DATA]      [PRECIPITATION DATA]       SYMBOLS USED IN COLUMN 16

AVERAGE MONTHLY: 49.3   TOTAL FOR MONTH:   2.78    1 = FOG OR MIST
DPTR FM NORMAL:  14.2   DPTR FM NORMAL:    0.72    2 = FOG REDUCING VISIBILITY
HIGHEST:    86 ON 21    GRTST 24HR  0.93 ON 23-24      TO 1/4 MILE OR LESS
LOWEST:     16 ON  5                               3 = THUNDER
                        SNOW, ICE PELLETS, HAIL    4 = ICE PELLETS
                        TOTAL MONTH:   0.6 INCH    5 = HAIL
                        GRTST 24HR   0.6 ON   M    6 = FREEZING RAIN OR DRIZZLE
                        GRTST DEPTH:   T           7 = DUSTSTORM OR SANDSTORM:
                                                       VSBY 1/2 MILE OR LESS
                                                   8 = SMOKE OR HAZE
[NO. OF DAYS WITH]      [WEATHER - DAYS WITH]      9 = BLOWING SNOW
                                                   X = TORNADO
MAX 32 OR BELOW:   2    0.01 INCH OR MORE:  10
MAX 90 OR ABOVE:   0    0.10 INCH OR MORE:   5
MIN 32 OR BELOW:  11    0.50 INCH OR MORE:   3
MIN  0 OR BELOW:   0    1.00 INCH OR MORE:   0

[HDD (BASE 65) ]
TOTAL THIS MO.   501    CLEAR  (SCALE 0-3)   5
DPTR FM NORMAL  -428    PTCLDY (SCALE 4-7)  19
TOTAL FM JUL 1  4857    CLOUDY (SCALE 8-10)  7
DPTR FM NORMAL -1007

[CDD (BASE 65) ]
TOTAL THIS MO.    23
DPTR FM NORMAL    22    [PRESSURE DATA]
TOTAL FM JAN 1    23    HIGHEST SLP 30.57 ON 10
DPTR FM NORMAL    22    LOWEST  SLP 29.10 ON  2

[REMARKS]
#FINAL-03-12#
