000
CXUS53 KGRR 011017
CF6LAN
PRELIMINARY LOCAL CLIMATOLOGICAL DATA (WS FORM: F-6)

                                          STATION:   LANSING MI
                                          MONTH:     FEBRUARY
                                          YEAR:      2012
                                          LATITUDE:   42 46 N
                                          LONGITUDE:  84 36 W

  TEMPERATURE IN F:       :PCPN:    SNOW:  WIND      :SUNSHINE: SKY     :PK WND
================================================================================
1   2   3   4   5  6A  6B    7    8   9   10  11  12  13   14  15   16   17  18
                                     12Z  AVG MX 2MIN
DY MAX MIN AVG DEP HDD CDD  WTR  SNW DPTH SPD SPD DIR MIN PSBL S-S WX    SPD DR
================================================================================

 1  50  35  43  19  22   0 0.00  0.0    0  7.4 20 270   M    M   7 18     25 280
 2  41  25  33   9  32   0    T    T    0  3.0  9 290   M    M   7 1      13 280
 3  36  26  31   7  34   0 0.00  0.0    0  2.1  9  40   M    M  10 18     12  40
 4  44  25  35  11  30   0 0.00  0.0    0  2.1  9  60   M    M   6        15  70
 5  41  21  31   7  34   0 0.00  0.0    0  4.3 13 250   M    M   1        15 250
 6  42  27  35  11  30   0 0.00  0.0    0 11.6 20 240   M    M   5 18     24 250
 7  34  23  29   5  36   0 0.00  0.0    0  6.2 16  50   M    M   9 18     21  50
 8  35  18  27   3  38   0 0.00  0.0    0  6.2 16 260   M    M   5        21 280
 9  37  21  29   4  36   0 0.00  0.0    0 11.1 21 230   M    M   0        24 220
10  32  10  21  -4  44   0 0.20  3.7    0 12.1 25  30   M    M  10 129    35  30
11  19   2  11 -14  54   0    T    T    3 11.2 21 360   M    M   8 1      26 290
12  28  16  22  -3  43   0    T    T    3 13.3 25 260   M    M   6        29 270
13  34  18  26   1  39   0    T    T    2  9.1 20 260   M    M   5        24 270
14  32  27  30   4  35   0 0.04  0.6    3  7.6 14 210   M    M  10 18     18 210
15  40  32  36  10  29   0 0.12    T    2  9.0 18 220   M    M  10 14     28 200
16  40  29  35   9  30   0 0.12  0.0    0  8.1 20 270   M    M   8 128    24 280
17  42  30  36  10  29   0 0.02  0.4    0  7.5 17 280   M    M   7 1      21 280
18  39  22  31   5  34   0 0.00  0.0    0  9.7 21 320   M    M   7 18     29 270
19  32  18  25  -2  40   0 0.00  0.0    0  3.7 14  40   M    M   4        17  30
20  40  17  29   2  36   0 0.00  0.0    0  5.0 15 150   M    M   3 1      20 150
21  39  28  34   7  31   0 0.02    T    0 12.6 29 250   M    M   9 18     37 250
22  42  31  37  10  28   0 0.00  0.0    0 11.5 20 230   M    M   6        25 250
23  39  25  32   4  33   0 0.05  0.8    0  4.3 13 200   M    M   8 18     14 200
24  34  29  32   4  33   0 0.43  6.5    4 12.4 23 290   M    M  10 12     29 320
25  31  26  29   1  36   0 0.01  0.1    5 13.5 24 260   M    M   9 18     29 260
26  37  19  28   0  37   0    T    T    4 11.0 28 140   M    M   5        39 120
27  40  28  34   5  31   0 0.00  0.0    3 15.7 33 260   M    M   7        41 260
28  39  17  28  -1  37   0 0.00  0.0    3  5.4 15 110   M    M   6 18     20 110
29  53  33  43  14  22   0 0.58    T    0 12.7 32 210   M    M  10 16     43 200
================================================================================
SM 1092  678       993   0  1.59    12.1 249.4          M      198
================================================================================
AV 37.7 23.4                               8.6 FASTST   M    M   7    MAX(MPH)
                                 MISC ---->  # 33 260               # 43  200
================================================================================
NOTES:
# LAST OF SEVERAL OCCURRENCES

COLUMN 17 PEAK WIND IN M.P.H.

PRELIMINARY LOCAL CLIMATOLOGICAL DATA (WS FORM: F-6) , PAGE 2

                                          STATION:  LANSING MI
                                          MONTH:    FEBRUARY
                                          YEAR:     2012
                                          LATITUDE:   42 46 N
                                          LONGITUDE:  84 36 W

[TEMPERATURE DATA]      [PRECIPITATION DATA]       SYMBOLS USED IN COLUMN 16

AVERAGE MONTHLY: 30.5   TOTAL FOR MONTH:   1.59    1 = FOG OR MIST
DPTR FM NORMAL:   4.6   DPTR FM NORMAL:    0.12    2 = FOG REDUCING VISIBILITY
HIGHEST:    53 ON 29    GRTST 24HR  0.58 ON 29-29      TO 1/4 MILE OR LESS
LOWEST:      2 ON 11                               3 = THUNDER
                        SNOW, ICE PELLETS, HAIL    4 = ICE PELLETS
                        TOTAL MONTH:  12.1 INCHES  5 = HAIL
                        GRTST 24HR   6.5 ON 24-24  6 = FREEZING RAIN OR DRIZZLE
                        GRTST DEPTH:   5 ON 25     7 = DUSTSTORM OR SANDSTORM:
                                                       VSBY 1/2 MILE OR LESS
                                                   8 = SMOKE OR HAZE
[NO. OF DAYS WITH]      [WEATHER - DAYS WITH]      9 = BLOWING SNOW
                                                   X = TORNADO
MAX 32 OR BELOW:   6    0.01 INCH OR MORE:  10
MAX 90 OR ABOVE:   0    0.10 INCH OR MORE:   5
MIN 32 OR BELOW:  27    0.50 INCH OR MORE:   1
MIN  0 OR BELOW:   0    1.00 INCH OR MORE:   0

[HDD (BASE 65) ]
TOTAL THIS MO.   993    CLEAR  (SCALE 0-3)   3
DPTR FM NORMAL  -102    PTCLDY (SCALE 4-7)  17
TOTAL FM JUL 1  4356    CLOUDY (SCALE 8-10)  9
DPTR FM NORMAL  -615

[CDD (BASE 65) ]
TOTAL THIS MO.     0
DPTR FM NORMAL     0    [PRESSURE DATA]
TOTAL FM JAN 1     0    HIGHEST SLP 30.52 ON 28
DPTR FM NORMAL     0    LOWEST  SLP 29.32 ON 24

[REMARKS]
#FINAL-02-12#
