000
CXUS53 KGRR 011017
CF6LAN
PRELIMINARY LOCAL CLIMATOLOGICAL DATA (WS FORM: F-6)

                                          STATION:   LANSING
                                          MONTH:     OCTOBER
                                          YEAR:      2016
                                          LATITUDE:   42 46 N
                                          LONGITUDE:  84 36 W

  TEMPERATURE IN F:       :PCPN:    SNOW:  WIND      :SUNSHINE: SKY     :PK WND
================================================================================
1   2   3   4   5  6A  6B    7    8   9   10  11  12  13   14  15   16   17  18
                                     12Z  AVG MX 2MIN
DY MAX MIN AVG DEP HDD CDD  WTR  SNW DPTH SPD SPD DIR MIN PSBL S-S WX    SPD DR
================================================================================

 1  68  50  59   3   6   0 0.24  0.0    0  7.0 18 190   M    M   7 123    24 190
 2  69  50  60   5   5   0 0.00  0.0    0  3.4  8 320   M    M   7 128    12 260
 3  67  51  59   4   6   0    T  0.0    0  3.7  9 160   M    M   7 12     13 140
 4  74  49  62   8   3   0 0.00  0.0    0  8.2 17 120   M    M   3 18     22 150
 5  80  60  70  16   0   5 0.62  0.0    0  9.9 33 260   M    M   2 13     42 260
 6  79  56  68  14   0   3 0.01  0.0    0  4.8 15 180   M    M   6 128    18 180
 7  82  50  66  13   0   1    T  0.0    0 12.4 25 270   M    M   3        32 280
 8  58  41  50  -3  15   0 0.00  0.0    0  9.2 24 270   M    M   0        29 270
 9  61  37  49  -4  16   0 0.00  0.0    0  2.5 12  20   M    M   3        16 350
10  64  37  51  -1  14   0 0.00  0.0    0  6.2 13 150   M    M   0        16 150
11  71  51  61   9   4   0 0.00  0.0    0  9.4 15 170   M    M   0        21 170
12  73  50  62  10   3   0 0.44  0.0    0 11.2 30 240   M    M   4 13     44 240
13  57  38  48  -3  17   0 0.00  0.0    0  6.3 16 320   M    M   4        22 320
14  62  34  48  -3  17   0 0.00  0.0    0  5.5 14 150   M    M   0 1      18 160
15  70  46  58   8   7   0 0.00  0.0    0 12.0 21 210   M    M   4 18     26 210
16  68  62  65  15   0   0 1.01  0.0    0  8.1 24 210   M    M   9 13     29 210
17  77  63  70  20   0   5    T  0.0    0 12.4 25 190   M    M   5 1      34 210
18  77  51  64  14   1   0 0.00  0.0    0 14.6 28 260   M    M   3        36 210
19  72  47  60  11   5   0 0.01  0.0    0  3.3 13 290   M    M   2 1      20 240
20  56  49  53   4  12   0    T  0.0    0  7.1 16 360   M    M  10        21 360
21  51  41  46  -3  19   0    T  0.0    0  8.8 16  10   M    M   9        23  20
22  55  35  45  -3  20   0 0.00  0.0    0  8.6 20 290   M    M   6        25 290
23  68  40  54   6  11   0 0.00  0.0    0  7.0 17  20   M    M   4 1      24 360
24  55  36  46  -2  19   0 0.00  0.0    0  8.6 17 300   M    M   6        23 320
25  54  31  43  -4  22   0 0.00  0.0    0  2.7 13 290   M    M   1        17 310
26  40  34  37 -10  28   0 0.62    T    0 10.4 24 100   M    M   7 1      29 110
27  45  34  40  -7  25   0 0.15  0.0    0  6.4 14 330   M    M   8 1      19 350
28  58  31  45  -1  20   0 0.00  0.0    0  9.5 22 200   M    M   3 1      28 210
29  70  54  62  16   3   0 0.00  0.0    0 12.7 23 220   M    M   7 1      33 220
30  54  37  46   0  19   0 0.10  0.0    0  6.3 14 360   M    M   9 1      18 350
31  54  30  42  -3  23   0 0.00  0.0    0  7.7 17 150   M    M   3 1      23 150
================================================================================
SM 1989 1375       340  14  3.20    T    245.9          M      142
================================================================================
AV 64.2 44.4                               7.9 FASTST   M    M   5    MAX(MPH)
                                 MISC ---->  # 33 260               # 44  240
================================================================================
NOTES:
# LAST OF SEVERAL OCCURRENCES

COLUMN 17 PEAK WIND IN M.P.H.

PRELIMINARY LOCAL CLIMATOLOGICAL DATA (WS FORM: F-6) , PAGE 2

                                          STATION:  LANSING
                                          MONTH:    OCTOBER
                                          YEAR:     2016
                                          LATITUDE:   42 46 N
                                          LONGITUDE:  84 36 W

[TEMPERATURE DATA]      [PRECIPITATION DATA]       SYMBOLS USED IN COLUMN 16

AVERAGE MONTHLY: 54.3   TOTAL FOR MONTH:   3.20    1 = FOG OR MIST
DPTR FM NORMAL:   4.0   DPTR FM NORMAL:    0.67    2 = FOG REDUCING VISIBILITY
HIGHEST:    82 ON  7    GRTST 24HR  1.01 ON 16-16      TO 1/4 MILE OR LESS
LOWEST:     30 ON 31                               3 = THUNDER
                        SNOW, ICE PELLETS, HAIL    4 = ICE PELLETS
                        TOTAL MONTH:    T          5 = HAIL
                        GRTST 24HR    T  ON 26-26  6 = FREEZING RAIN OR DRIZZLE
                        GRTST DEPTH:   0           7 = DUSTSTORM OR SANDSTORM:
                                                       VSBY 1/2 MILE OR LESS
                                                   8 = SMOKE OR HAZE
[NO. OF DAYS WITH]      [WEATHER - DAYS WITH]      9 = BLOWING SNOW
                                                   X = TORNADO
MAX 32 OR BELOW:   0    0.01 INCH OR MORE:   9
MAX 90 OR ABOVE:   0    0.10 INCH OR MORE:   7
MIN 32 OR BELOW:   3    0.50 INCH OR MORE:   3
MIN  0 OR BELOW:   0    1.00 INCH OR MORE:   1

[HDD (BASE 65) ]
TOTAL THIS MO.   340    CLEAR  (SCALE 0-3)  11
DPTR FM NORMAL  -122    PTCLDY (SCALE 4-7)  16
TOTAL FM JUL 1   393    CLOUDY (SCALE 8-10)  4
DPTR FM NORMAL  -257

[CDD (BASE 65) ]
TOTAL THIS MO.    14
DPTR FM NORMAL     7    [PRESSURE DATA]
TOTAL FM JAN 1   869    HIGHEST SLP 30.49 ON 25
DPTR FM NORMAL   244    LOWEST  SLP 29.53 ON 18

[REMARKS]
#FINAL-10-16#
