000
CXUS53 KGRR 012351
CF6LAN
PRELIMINARY LOCAL CLIMATOLOGICAL DATA (WS FORM: F-6)

                                          STATION:   LANSING MI
                                          MONTH:     OCTOBER
                                          YEAR:      2011
                                          LATITUDE:   42 46 N
                                          LONGITUDE:  84 36 W

  TEMPERATURE IN F:       :PCPN:    SNOW:  WIND      :SUNSHINE: SKY     :PK WND
================================================================================
1   2   3   4   5  6A  6B    7    8   9   10  11  12  13   14  15   16   17  18
                                     12Z  AVG MX 2MIN
DY MAX MIN AVG DEP HDD CDD  WTR  SNW DPTH SPD SPD DIR MIN PSBL S-S WX    SPD DR
================================================================================

 1  54  36  45 -11  20   0 0.00  0.0    0 10.2 22 360   M    M   6        30  20
 2  62  34  48  -7  17   0 0.00  0.0    0  7.9 17 320   M    M   2        24 330
 3  68  38  53  -2  12   0 0.00  0.0    0  4.6 15  30   M    M   3        22 360
 4  72  38  55   1  10   0 0.00  0.0    0  1.5  9 320   M    M   1        16 350
 5  75  44  60   6   5   0 0.00  0.0    0  1.3  7  70   M    M   2 1       9 340
 6  79  45  62   8   3   0 0.00  0.0    0  2.5 13 280   M    M   1 18     22 150
 7  80  50  65  12   0   0 0.00  0.0    0  5.8 15 140   M    M   2 18     18 140
 8  81  53  67  14   0   2 0.00  0.0    0  5.5 12 230   M    M   2 18     17 150
 9  80  52  66  13   0   1 0.00  0.0    0  2.1  9 180   M    M   1 1      12 180
10  78  51  65  13   0   0 0.00  0.0    0  5.6 16 150   M    M   7 18     22 160
11  79  49  64  12   1   0 0.00  0.0    0  6.5 16 130   M    M   6 18     20 130
12  70  51  61   9   4   0 0.00  0.0    0  4.3 17 110   M    M   8 18     22 120
13  66  54  60   9   5   0 0.44  0.0    0  5.6 14 160   M    M  10 18     16 170
14  58  48  53   2  12   0 0.03  0.0    0 14.0 26 270   M    M   9 1      36 270
15  55  45  50   0  15   0 0.06  0.0    0 18.0 36 280   M    M   8        45 280
16  60  45  53   3  12   0 0.01  0.0    0 11.0 26 260   M    M   6        32 250
17  57  43  50   0  15   0 0.00  0.0    0 15.1 29 250   M    M   3        38 270
18  53  39  46  -4  19   0 0.04  0.0    0  3.6  8  40   M    M   8        12 240
19  48  43  46  -3  19   0 0.88  0.0    0 15.5 31  30   M    M  10 1      41  30
20  44  42  43  -6  22   0 1.05  0.0    0 14.3 24 360   M    M  10 1      32 320
21  47  34  41  -8  24   0 0.00  0.0    0  8.2 16 290   M    M   9        21 280
22  59  31  45  -3  20   0 0.00  0.0    0  3.3 15 240   M    M   4         M  M
23  64  37  51   3  14   0    T  0.0    0  4.9 15 240   M    M   4        17 190
24  60  42  51   3  14   0 0.34  0.0    0 10.4 31 290   M    M   4 1358   39 300
25  67  41  54   7  11   0 0.03  0.0    0  5.6 17 160   M    M   8        23 160
26  50  43  47   0  18   0    T  0.0    0  8.1 17  20   M    M  10 1      21  10
27  49  33  41  -6  24   0 0.01  0.0    0  4.9 14 340   M    M   7 1      17 350
28  47  28  38  -8  27   0 0.00  0.0    0  0.9  9 240   M    M   6 1      14 220
29  50  32  41  -5  24   0 0.18  0.0    0  3.1 13 150   M    M   7 135    20 320
30  51  29  40  -6  25   0 0.01  0.0    0  6.8 18 160   M    M   6 1      24 150
31  51  36  44  -1  21   0    T  0.0    0  6.0 15 180   M    M   6 1      21 180
================================================================================
SM 1914 1286       413   3  3.08     0.0 217.1          M      176
================================================================================
AV 61.7 41.5                               7.0 FASTST   M    M   6    MAX(MPH)
                                 MISC ---->  # 36 280               # 45  280
================================================================================
NOTES:
# LAST OF SEVERAL OCCURRENCES

COLUMN 17 PEAK WIND IN M.P.H.

PRELIMINARY LOCAL CLIMATOLOGICAL DATA (WS FORM: F-6) , PAGE 2

                                          STATION:  LANSING MI
                                          MONTH:    OCTOBER
                                          YEAR:     2011
                                          LATITUDE:   42 46 N
                                          LONGITUDE:  84 36 W

[TEMPERATURE DATA]      [PRECIPITATION DATA]       SYMBOLS USED IN COLUMN 16

AVERAGE MONTHLY: 51.6   TOTAL FOR MONTH:   3.08    1 = FOG OR MIST
DPTR FM NORMAL:   1.3   DPTR FM NORMAL:    0.55    2 = FOG REDUCING VISIBILITY
HIGHEST:    81 ON  8    GRTST 24HR  1.77 ON 19-20      TO 1/4 MILE OR LESS
LOWEST:     28 ON 28                               3 = THUNDER
                        SNOW, ICE PELLETS, HAIL    4 = ICE PELLETS
                        TOTAL MONTH:   0.0 INCH    5 = HAIL
                        GRTST 24HR     0.0         6 = FREEZING RAIN OR DRIZZLE
                        GRTST DEPTH:   0           7 = DUSTSTORM OR SANDSTORM:
                                                       VSBY 1/2 MILE OR LESS
                                                   8 = SMOKE OR HAZE
[NO. OF DAYS WITH]      [WEATHER - DAYS WITH]      9 = BLOWING SNOW
                                                   X = TORNADO
MAX 32 OR BELOW:   0    0.01 INCH OR MORE:  12
MAX 90 OR ABOVE:   0    0.10 INCH OR MORE:   5
MIN 32 OR BELOW:   4    0.50 INCH OR MORE:   2
MIN  0 OR BELOW:   0    1.00 INCH OR MORE:   1

[HDD (BASE 65) ]
TOTAL THIS MO.   413    CLEAR  (SCALE 0-3)   8
DPTR FM NORMAL   -49    PTCLDY (SCALE 4-7)  16
TOTAL FM JUL 1   607    CLOUDY (SCALE 8-10)  7
DPTR FM NORMAL   -43

[CDD (BASE 65) ]
TOTAL THIS MO.     3
DPTR FM NORMAL    -4    [PRESSURE DATA]
TOTAL FM JAN 1   767    HIGHEST SLP 30.42 ON  9
DPTR FM NORMAL   142    LOWEST  SLP 29.21 ON 20

[REMARKS]
#FINAL-10-11#
