000
CXUS53 KGRR 010910
CF6LAN
PRELIMINARY LOCAL CLIMATOLOGICAL DATA (WS FORM: F-6)
STATION: LANSING
MONTH: OCTOBER
YEAR: 2021
LATITUDE: 42 46 N
LONGITUDE: 84 36 W
TEMPERATURE IN F: :PCPN: SNOW: WIND :SUNSHINE: SKY :PK WND
================================================================================
1 2 3 4 5 6A 6B 7 8 9 10 11 12 13 14 15 16 17 18
12Z AVG MX 2MIN
DY MAX MIN AVG DEP HDD CDD WTR SNW DPTH SPD SPD DIR MIN PSBL S-S WX SPD DR
================================================================================
1 77 52 65 8 0 0 0.00 0.0 0 5.2 15 220 M M 0 18 200
2 77 58 68 12 0 3 0.02 0.0 0 6.5 16 200 M M 4 18 22 210
3 75 65 70 14 0 5 0.33 0.0 0 3.3 18 300 M M 10 18 25 290
4 70 62 66 11 0 1 0.36 0.0 0 7.6 16 20 M M 10 1 24 40
5 70 56 63 8 2 0 0.00 0.0 0 7.1 14 40 M M 8 1 17 40
6 70 54 62 7 3 0 0.00 0.0 0 5.5 13 90 M M 9 128 16 100
7 70 64 67 13 0 2 0.03 0.0 0 6.7 12 80 M M 10 18 16 90
8 72 61 67 13 0 2 1.01 0.0 0 3.7 10 270 M M 8 123 14 230
9 74 57 66 13 0 1 0.00 0.0 0 3.7 13 220 M M 6 12 16 230
10 78 64 71 18 0 6 0.03 0.0 0 9.0 17 150 M M 2 18 24 150
11 81 66 74 21 0 9 T 0.0 0 10.3 20 180 M M 0 1 27 190
12 72 62 67 15 0 2 0.09 0.0 0 11.3 25 220 M M 9 18 35 220
13 73 57 65 13 0 0 0.00 0.0 0 7.4 15 240 M M 3 1 25 210
14 76 57 67 15 0 2 0.30 0.0 0 7.5 23 270 M M 7 138 29 270
15 63 54 59 8 6 0 0.28 0.0 0 3.7 13 280 M M 9 18 17 280
16 57 46 52 1 13 0 0.07 0.0 0 10.0 22 270 M M 8 1 31 260
17 64 45 55 5 10 0 0.00 0.0 0 9.7 24 270 M M 3 31 260
18 69 40 55 5 10 0 0.00 0.0 0 3.9 15 270 M M 0 8 23 260
19 74 43 59 9 6 0 0.00 0.0 0 5.5 17 260 M M 0 23 250
20 73 50 62 13 3 0 T 0.0 0 5.5 15 210 M M 3 19 220
21 63 42 53 4 12 0 0.29 0.0 0 11.2 23 250 M M 8 138 31 250
22 51 35 43 -6 22 0 0.01 0.0 0 3.3 10 140 M M 6 14 120
23 52 37 45 -3 20 0 0.01 0.0 0 4.8 16 260 M M 7 1 23 280
24 49 31 40 -8 25 0 0.63 0.0 0 4.8 16 60 M M 7 12 23 50
25 49 44 47 -1 18 0 1.11 0.0 0 14.2 23 30 M M 10 1 33 40
26 51 33 42 -5 23 0 0.00 0.0 0 6.6 14 350 M M 3 21 320
27 52 34 43 -4 22 0 0.00 0.0 0 4.0 12 80 M M 10 18 16 60
28 63 49 56 10 9 0 0.01 0.0 0 10.2 21 100 M M 4 1 29 100
29 56 50 53 7 12 0 0.54 0.0 0 10.5 17 40 M M 10 1 25 60
30 54 49 52 6 13 0 0.01 0.0 0 7.9 15 350 M M 10 18 23 50
31 56 42 49 4 16 0 0.02 0.0 0 9.2 22 300 M M 5 18 35 300
================================================================================
SM 2031 1559 245 33 5.15 0.0 219.8 M 189
================================================================================
AV 65.5 50.3 7.1 FASTST M M 6 MAX(MPH)
MISC ----> 25 220 # 35 220
================================================================================
NOTES:
# LAST OF SEVERAL OCCURRENCES
COLUMN 17 PEAK WIND IN M.P.H.
PRELIMINARY LOCAL CLIMATOLOGICAL DATA (WS FORM: F-6) , PAGE 2
STATION: LANSING
MONTH: OCTOBER
YEAR: 2021
LATITUDE: 42 46 N
LONGITUDE: 84 36 W
[TEMPERATURE DATA] [PRECIPITATION DATA] SYMBOLS USED IN COLUMN 16
AVERAGE MONTHLY: 57.9 TOTAL FOR MONTH: 5.15 1 = FOG OR MIST
DPTR FM NORMAL: 7.1 DPTR FM NORMAL: 1.99 2 = FOG REDUCING VISIBILITY
HIGHEST: 81 ON 11 GRTST 24HR 1.73 ON 24-25 TO 1/4 MILE OR LESS
LOWEST: 31 ON 24 3 = THUNDER
SNOW, ICE PELLETS, HAIL 4 = ICE PELLETS
TOTAL MONTH: 0.0 INCH 5 = HAIL
GRTST 24HR 0.0 6 = FREEZING RAIN OR DRIZZLE
GRTST DEPTH: 0 7 = DUSTSTORM OR SANDSTORM:
VSBY 1/2 MILE OR LESS
8 = SMOKE OR HAZE
[NO. OF DAYS WITH] [WEATHER - DAYS WITH] 9 = BLOWING SNOW
X = TORNADO
MAX 32 OR BELOW: 0 0.01 INCH OR MORE: 19
MAX 90 OR ABOVE: 0 0.10 INCH OR MORE: 9
MIN 32 OR BELOW: 1 0.50 INCH OR MORE: 4
MIN 0 OR BELOW: 0 1.00 INCH OR MORE: 2
[HDD (BASE 65) ]
TOTAL THIS MO. 245 CLEAR (SCALE 0-3) 9
DPTR FM NORMAL -201 PTCLDY (SCALE 4-7) 11
TOTAL FM JUL 1 300 CLOUDY (SCALE 8-10) 11
DPTR FM NORMAL -317
[CDD (BASE 65) ]
TOTAL THIS MO. 33
DPTR FM NORMAL 25 [PRESSURE DATA]
TOTAL FM JAN 1 971 HIGHEST SLP 30.34 ON 6
DPTR FM NORMAL 314 LOWEST SLP 29.55 ON 29
[REMARKS]
#FINAL-10-21#