000
CXUS53 KGRR 011017
CF6LAN
PRELIMINARY LOCAL CLIMATOLOGICAL DATA (WS FORM: F-6)

                                          STATION:   LANSING MI
                                          MONTH:     JUNE
                                          YEAR:      2011
                                          LATITUDE:   42 46 N
                                          LONGITUDE:  84 36 W

  TEMPERATURE IN F:       :PCPN:    SNOW:  WIND      :SUNSHINE: SKY     :PK WND
================================================================================
1   2   3   4   5  6A  6B    7    8   9   10  11  12  13   14  15   16   17  18
                                     12Z  AVG MX 2MIN
DY MAX MIN AVG DEP HDD CDD  WTR  SNW DPTH SPD SPD DIR MIN PSBL S-S WX    SPD DR
================================================================================

 1  75  59  67   4   0   2 0.00  0.0    0 15.2 31 280   M    M   1        40 290
 2  71  47  59  -4   6   0 0.00  0.0    0  4.8 13 360   M    M   2        24 270
 3  77  55  66   3   0   1 0.00  0.0    0  9.6 16 140   M    M   6        20 200
 4  88  65  77  14   0  12 0.00  0.0    0  9.2 18 270   M    M   5        23 250
 5  85  57  71   7   0   6 0.00  0.0    0  3.8 12 320   M    M   4 1      20 150
 6  84  59  72   8   0   7 0.00  0.0    0  7.9 15 190   M    M   3        26 200
 7  93  75  84  20   0  19 0.00  0.0    0  7.5 17 240   M    M   3 8       0   0
 8  93  75  84  19   0  19 0.00  0.0    0 12.3 33 280   M    M   4 3      41 280
 9  84  57  71   6   0   6    T  0.0    0  8.4 33 300   M    M   8 38     46 290
10  60  53  57  -8   8   0 0.40  0.0    0  7.5 18 110   M    M  10 13     23 110
11  76  56  66   1   0   1    T  0.0    0  7.2 15  10   M    M   9 18     21  10
12  67  50  59  -7   6   0 0.00  0.0    0  6.6 15  10   M    M   8        18 340
13  77  49  63  -3   2   0 0.00  0.0    0  6.4 16 320   M    M   3        22 350
14  78  49  64  -2   1   0 0.00  0.0    0  8.0 22  60   M    M   5        29  50
15  69  52  61  -5   4   0 0.08  0.0    0  9.2 24  90   M    M   8 1      31 100
16  74  59  67   1   0   2 0.39  0.0    0  7.1 15 290   M    M   8 13     22  20
17  76  54  65  -2   0   0 0.00  0.0    0  2.2  8 360   M    M   6 18     17  30
18  83  57  70   3   0   5 0.00  0.0    0  5.0 16  40   M    M   7 1      21  40
19  81  56  69   2   0   4 0.00  0.0    0  7.2 14 120   M    M   8        21  80
20  77  63  70   3   0   5 0.00  0.0    0  8.2 20 140   M    M   8 18      M  M
21  88  68  78  10   0  13 0.37  0.0    0  7.6 13 130   M    M   8 138    22 130
22  80  64  72   4   0   7 0.46  0.0    0 10.1 38 230   M    M   7 13     55 220
23  69  61  65  -3   0   0 0.06  0.0    0 10.4 21 260   M    M  10 1      38 170
24  65  58  62  -6   3   0 0.09  0.0    0 10.9 21 260   M    M   9 1      24 270
25  77  57  67  -1   0   2 0.00  0.0    0  9.2 18 280   M    M   6        24 330
26  80  54  67  -1   0   2 0.00  0.0    0  3.7 12  80   M    M   5        21 120
27  77  60  69   0   0   4    T  0.0    0  8.1 18 130   M    M   7        24 160
28  72  60  66  -3   0   1 0.00  0.0    0 12.2 23 270   M    M   4        30 290
29  78  53  66  -3   0   1 0.00  0.0    0  6.3 15 290   M    M   2        20 300
30  83  53  68  -1   0   3 0.00    M    0  1.8 16  40   M    M   4 8       M  M
================================================================================
SM 2337 1735        30 122  1.85     0.0 233.6          M      178
================================================================================
AV 77.9 57.8                               7.8 FASTST   M    M   6    MAX(MPH)
                                 MISC ---->  # 38 230               # 55  220
================================================================================
NOTES:
# LAST OF SEVERAL OCCURRENCES

COLUMN 17 PEAK WIND IN M.P.H.

PRELIMINARY LOCAL CLIMATOLOGICAL DATA (WS FORM: F-6) , PAGE 2

                                          STATION:  LANSING MI
                                          MONTH:    JUNE
                                          YEAR:     2011
                                          LATITUDE:   42 46 N
                                          LONGITUDE:  84 36 W

[TEMPERATURE DATA]      [PRECIPITATION DATA]       SYMBOLS USED IN COLUMN 16

AVERAGE MONTHLY: 67.9   TOTAL FOR MONTH:   1.85    1 = FOG OR MIST
DPTR FM NORMAL:   1.7   DPTR FM NORMAL:   -1.75    2 = FOG REDUCING VISIBILITY
HIGHEST:    93 ON  8, 7 GRTST 24HR  0.98 ON 29-30      TO 1/4 MILE OR LESS
LOWEST:     47 ON  2                               3 = THUNDER
                        SNOW, ICE PELLETS, HAIL    4 = ICE PELLETS
                        TOTAL MONTH:   0.0 INCH    5 = HAIL
                        GRTST 24HR     0.0         6 = FREEZING RAIN OR DRIZZLE
                        GRTST DEPTH:   0           7 = DUSTSTORM OR SANDSTORM:
                                                       VSBY 1/2 MILE OR LESS
                                                   8 = SMOKE OR HAZE
[NO. OF DAYS WITH]      [WEATHER - DAYS WITH]      9 = BLOWING SNOW
                                                   X = TORNADO
MAX 32 OR BELOW:   0    0.01 INCH OR MORE:   7
MAX 90 OR ABOVE:   2    0.10 INCH OR MORE:   4
MIN 32 OR BELOW:   0    0.50 INCH OR MORE:   0
MIN  0 OR BELOW:   0    1.00 INCH OR MORE:   0

[HDD (BASE 65) ]
TOTAL THIS MO.    30    CLEAR  (SCALE 0-3)   4
DPTR FM NORMAL   -39    PTCLDY (SCALE 4-7)  19
TOTAL FM JUL 1  6902    CLOUDY (SCALE 8-10)  7
DPTR FM NORMAL  -196

[CDD (BASE 65) ]
TOTAL THIS MO.   122
DPTR FM NORMAL     9    [PRESSURE DATA]
TOTAL FM JAN 1   175    HIGHEST SLP 30.30 ON  2
DPTR FM NORMAL    21    LOWEST  SLP 29.56 ON 23

[REMARKS]
#FINAL-06-11#
