000
CXUS53 KGRR 021056
CF6LAN
PRELIMINARY LOCAL CLIMATOLOGICAL DATA (WS FORM: F-6)

                                          STATION:   LANSING MI
                                          MONTH:     FEBRUARY
                                          YEAR:      2011
                                          LATITUDE:   42 46 N
                                          LONGITUDE:  84 36 W

  TEMPERATURE IN F:       :PCPN:    SNOW:  WIND      :SUNSHINE: SKY     :PK WND
================================================================================
1   2   3   4   5  6A  6B    7    8   9   10  11  12  13   14  15   16   17  18
                                     12Z  AVG MX 2MIN
DY MAX MIN AVG DEP HDD CDD  WTR  SNW DPTH SPD SPD DIR MIN PSBL S-S WX    SPD DR
================================================================================

 1  20  13  17  -5  48   0 0.24  4.9    8 16.5 32  70   M    M  10 19     41  70
 2  21   8  15  -7  50   0 0.42  8.4   17 14.3 31  40   M    M   8 1289   43  30
 3  25   3  14  -8  51   0 0.00  0.0   18 11.6 22 230   M    M   0        28 250
 4  28   8  18  -4  47   0 0.00  0.0   17 13.9 23 220   M    M   1        31 230
 5  26   8  17  -5  48   0 0.00  0.0   11  7.1 14 240   M    M   6        18 240
 6  31  24  28   6  37   0 0.06  0.8   10  5.3 13 240   M    M  10 1      15 230
 7  29  19  24   2  41   0    T    T   11  7.4 14 350   M    M   9 1      17 330
 8  19   1  10 -12  55   0    T    T   10  9.7 26 260   M    M   3        31 260
 9  20   5  13 -10  52   0    T  0.1   10 14.0 25 260   M    M   6 1      31 250
10  18   0   9 -14  56   0    T    T    9 10.3 21 250   M    M   3 1      25 250
11  23   9  16  -7  49   0    T    T    9 11.4 22 220   M    M   9 18     25 210
12  32  23  28   5  37   0 0.01  0.4    9 13.1 26 290   M    M   8 19     36 290
13  45  32  39  16  26   0    T    T    9 16.3 24 220   M    M   7        31 210
14  44  22  33  10  32   0 0.00  0.0    8 15.4 30 260   M    M   5        38 260
15  36  13  25   1  40   0 0.00  0.0    5  9.3 20 160   M    M   5        26 160
16  50  31  41  17  24   0    T  0.0    4  9.8 20 240   M    M   9        26 220
17  55  43  49  25  16   0 0.00  0.0    2 14.3 24 200   M    M  10        31 200
18  56  33  45  21  20   0    T  0.0    0 22.7 37 270   M    M   4        47 260
19  35  24  30   5  35   0 0.00  0.0    0 10.5 28 280   M    M   1        39 280
20  33  20  27   2  38   0 0.73  6.7    0  9.6 21  70   M    M   8 1246   24  70
21  27  14  21  -4  44   0 0.20  3.5    0 15.0 25  60   M    M   8 1468   32  50
22  25   4  15 -11  50   0 0.00  0.0    8  6.7 15  50   M    M   3 1      17  50
23  28   3  16 -10  49   0 0.01  0.1    7  6.3 16 160   M    M   3 18     21 170
24  36  25  31   5  34   0 0.19  1.5    7  5.4 16 150   M    M  10 12468  23 180
25  31  20  26  -1  39   0 0.01  0.3    6 11.1 22  30   M    M   8 1      30  20
26  29  20  25  -2  40   0 0.13  2.1    6  3.6 13 220   M    M  10 1      15 220
27  37  29  33   6  32   0 0.01  0.1    7  6.7 14 220   M    M  10 16     18 220
28  34  18  26  -2  39   0 0.35  0.2    5  9.1 20 350   M    M   5 146    24 350
================================================================================
SM  893  472      1129   0  2.36    29.1 306.4          M      179
================================================================================
AV 31.9 16.9                              10.9 FASTST   M    M   6    MAX(MPH)
                                 MISC ---->  # 37 270               # 47  260
================================================================================
NOTES:
# LAST OF SEVERAL OCCURRENCES

COLUMN 17 PEAK WIND IN M.P.H.

PRELIMINARY LOCAL CLIMATOLOGICAL DATA (WS FORM: F-6) , PAGE 2

                                          STATION:  LANSING MI
                                          MONTH:    FEBRUARY
                                          YEAR:     2011
                                          LATITUDE:   42 46 N
                                          LONGITUDE:  84 36 W

[TEMPERATURE DATA]      [PRECIPITATION DATA]       SYMBOLS USED IN COLUMN 16

AVERAGE MONTHLY: 24.4   TOTAL FOR MONTH:   2.36    1 = FOG OR MIST
DPTR FM NORMAL:   0.4   DPTR FM NORMAL:    0.91    2 = FOG REDUCING VISIBILITY
HIGHEST:    56 ON 18    GRTST 24HR  0.86 ON 20-21      TO 1/4 MILE OR LESS
LOWEST:      0 ON 10                               3 = THUNDER
                        SNOW, ICE PELLETS, HAIL    4 = ICE PELLETS
                        TOTAL MONTH:  29.1 INCHES  5 = HAIL
                        GRTST 24HR   8.4 ON   M    6 = FREEZING RAIN OR DRIZZLE
                        GRTST DEPTH:  18 ON  3     7 = DUSTSTORM OR SANDSTORM:
                                                       VSBY 1/2 MILE OR LESS
                                                   8 = SMOKE OR HAZE
[NO. OF DAYS WITH]      [WEATHER - DAYS WITH]      9 = BLOWING SNOW
                                                   X = TORNADO
MAX 32 OR BELOW:  17    0.01 INCH OR MORE:  12
MAX 90 OR ABOVE:   0    0.10 INCH OR MORE:   7
MIN 32 OR BELOW:  26    0.50 INCH OR MORE:   1
MIN  0 OR BELOW:   1    1.00 INCH OR MORE:   0

[HDD (BASE 65) ]
TOTAL THIS MO.  1129    CLEAR  (SCALE 0-3)   6
DPTR FM NORMAL   -31    PTCLDY (SCALE 4-7)  13
TOTAL FM JUL 1  5061    CLOUDY (SCALE 8-10)  9
DPTR FM NORMAL  -136

[CDD (BASE 65) ]
TOTAL THIS MO.     0
DPTR FM NORMAL     0    [PRESSURE DATA]
TOTAL FM JAN 1     0    HIGHEST SLP 30.45 ON 15
DPTR FM NORMAL     0    LOWEST  SLP 29.34 ON 14

[REMARKS]
#FINAL-02-11#
