000
CXUS53 KGRR 011017
CF6LAN
PRELIMINARY LOCAL CLIMATOLOGICAL DATA (WS FORM: F-6)

                                          STATION:   LANSING MI
                                          MONTH:     FEBRUARY
                                          YEAR:      2016
                                          LATITUDE:   42 46 N
                                          LONGITUDE:  84 36 W

  TEMPERATURE IN F:       :PCPN:    SNOW:  WIND      :SUNSHINE: SKY     :PK WND
================================================================================
1   2   3   4   5  6A  6B    7    8   9   10  11  12  13   14  15   16   17  18
                                     12Z  AVG MX 2MIN
DY MAX MIN AVG DEP HDD CDD  WTR  SNW DPTH SPD SPD DIR MIN PSBL S-S WX    SPD DR
================================================================================

 1  44  25  35  11  30   0    T  0.0    0  6.2 17 290   M    M   4 18     24 270
 2  39  23  31   7  34   0 0.43    T    0  8.5 25 100   M    M   7 1245   34  90
 3  44  31  38  14  27   0 0.07  0.1    0 13.5 32 220   M    M  10 12     39 210
 4  32  20  26   2  39   0 0.12  2.2    1  7.9 17 270   M    M   8 16     20 260
 5  35  18  27   3  38   0 0.01  0.2    2  7.3 13 270   M    M   7 1      16 280
 6  37  20  29   5  36   0 0.00  0.0    1  9.4 21 210   M    M   6 18     25 240
 7  47  32  40  16  25   0 0.00  0.0    0 11.4 23 200   M    M   7        30 210
 8  40  29  35  11  30   0    T    T    0  6.8 14 300   M    M   6        17 290
 9  33  22  28   3  37   0 0.07  0.8    1 12.9 20 290   M    M  10 18     27 300
10  22  11  17  -8  48   0 0.01  0.2    1 13.8 24 300   M    M   9 18     28 290
11  23  10  17  -8  48   0    T    T    1  8.9 18 310   M    M   6        24 300
12  22   6  14 -11  51   0 0.02  0.4    1 14.5 25 310   M    M   8 89     33 310
13  15   2   9 -16  56   0    T    T    2  9.5 22 300   M    M   5        29 300
14  18   0   9 -17  56   0    T    T    2  8.1 18 140   M    M   1        24 130
15  26  15  21  -5  44   0 0.02  0.2    2  6.9 15 130   M    M   9 18     19 130
16  29  25  27   1  38   0 0.06  1.2    2  3.8 12 290   M    M  10 18     13 290
17  30  11  21  -5  44   0    T    T    3  5.9 16 320   M    M   6 1      19 300
18  34   4  19  -7  46   0    T  0.0    2 10.7 22 160   M    M   1        30 140
19  60  33  47  20  18   0    T    T    1 24.6 47 240   M    M   8        60 230
20  54  38  46  19  19   0 0.00  0.0    0 15.8 31 250   M    M   1        40 260
21  41  32  37  10  28   0 0.00  0.0    0  6.3 15  30   M    M   9        19  40
22  40  29  35   8  30   0 0.00  0.0    0  8.0 17 130   M    M   9        21 130
23  45  22  34   6  31   0 0.00  0.0    0  6.5 13 100   M    M   1        15 110
24  32  28  30   2  35   0 0.65  7.0    0 18.9 29  10   M    M   7 12     35  10
25  34  24  29   1  36   0 0.12  3.4   10 16.5 25 310   M    M   M        33 310
26  32  18  25  -3  40   0    T    T    8  8.8 17 270   M    M   9        21 270
27  44  25  35   6  30   0 0.00  0.0    8 15.4 26 230   M    M   2        31 240
28  56  36  46  17  19   0 0.13  0.0    6 16.8 26 220   M    M   3 1      35 230
29  44  24  34   5  31   0    T    T    T 16.2 36 260   M    M  10 1      46 270
================================================================================
SM 1052  613      1044   0  1.71    15.7 319.8          M      179
================================================================================
AV 36.3 21.1                              11.0 FASTST   M    M   6    MAX(MPH)
                                 MISC ---->  # 47 240               # 60  230
================================================================================
NOTES:
# LAST OF SEVERAL OCCURRENCES

COLUMN 17 PEAK WIND IN M.P.H.

PRELIMINARY LOCAL CLIMATOLOGICAL DATA (WS FORM: F-6) , PAGE 2

                                          STATION:  LANSING MI
                                          MONTH:    FEBRUARY
                                          YEAR:     2016
                                          LATITUDE:   42 46 N
                                          LONGITUDE:  84 36 W

[TEMPERATURE DATA]      [PRECIPITATION DATA]       SYMBOLS USED IN COLUMN 16

AVERAGE MONTHLY: 28.7   TOTAL FOR MONTH:   1.71    1 = FOG OR MIST
DPTR FM NORMAL:   2.8   DPTR FM NORMAL:    0.24    2 = FOG REDUCING VISIBILITY
HIGHEST:    60 ON 19    GRTST 24HR  0.89 ON 24-25      TO 1/4 MILE OR LESS
LOWEST:      0 ON 14                               3 = THUNDER
                        SNOW, ICE PELLETS, HAIL    4 = ICE PELLETS
                        TOTAL MONTH:  15.7 INCHES  5 = HAIL
                        GRTST 24HR   7.0 ON 24-24  6 = FREEZING RAIN OR DRIZZLE
                        GRTST DEPTH:  10 ON 25     7 = DUSTSTORM OR SANDSTORM:
                                                       VSBY 1/2 MILE OR LESS
                                                   8 = SMOKE OR HAZE
[NO. OF DAYS WITH]      [WEATHER - DAYS WITH]      9 = BLOWING SNOW
                                                   X = TORNADO
MAX 32 OR BELOW:  11    0.01 INCH OR MORE:  12
MAX 90 OR ABOVE:   0    0.10 INCH OR MORE:   5
MIN 32 OR BELOW:  26    0.50 INCH OR MORE:   1
MIN  0 OR BELOW:   1    1.00 INCH OR MORE:   0

[HDD (BASE 65) ]
TOTAL THIS MO.  1044    CLEAR  (SCALE 0-3)   6
DPTR FM NORMAL   -51    PTCLDY (SCALE 4-7)  12
TOTAL FM JUL 1  4160    CLOUDY (SCALE 8-10) 10
DPTR FM NORMAL  -811

[CDD (BASE 65) ]
TOTAL THIS MO.     0
DPTR FM NORMAL     0    [PRESSURE DATA]
TOTAL FM JAN 1     0    HIGHEST SLP 30.54 ON 18
DPTR FM NORMAL     0    LOWEST  SLP 29.41 ON 28

[REMARKS]
#FINAL-02-16#
