000
CXUS53 KGRR 011017
CF6LAN
PRELIMINARY LOCAL CLIMATOLOGICAL DATA (WS FORM: F-6)

                                          STATION:   LANSING MI
                                          MONTH:     JANUARY
                                          YEAR:      2011
                                          LATITUDE:   42 46 N
                                          LONGITUDE:  84 36 W

  TEMPERATURE IN F:       :PCPN:    SNOW:  WIND      :SUNSHINE: SKY     :PK WND
================================================================================
1   2   3   4   5  6A  6B    7    8   9   10  11  12  13   14  15   16   17  18
                                     12Z  AVG MX 2MIN
DY MAX MIN AVG DEP HDD CDD  WTR  SNW DPTH SPD SPD DIR MIN PSBL S-S WX    SPD DR
================================================================================

 1  54  20  37  14  28   0 0.12    T    0 16.9 30 240   M    M   8 1      38 240
 2  25  18  22  -1  43   0 0.02  0.6    T 13.9 28 250   M    M   9 1      33 240
 3  33  22  28   5  37   0    T    T    0  9.9 16 240   M    M   9        20 240
 4  32  16  24   1  41   0 0.05  1.7    1 10.1 23 270   M    M   8 128    30 290
 5  23  10  17  -5  48   0 0.01  0.1    2  4.1 10 270   M    M   8 18     15 260
 6  26  18  22   0  43   0 0.03  0.9    2  9.0 18 300   M    M  10 168    23 300
 7  19   9  14  -8  51   0 0.02  0.9    3  3.6 10 270   M    M   9 1      13 270
 8  22   0  11 -11  54   0    T  0.1    3  4.6 13 280   M    M   4        16 290
 9  27   5  16  -6  49   0    T    T    3  4.0 13 270   M    M   2 1      15 280
10  25   4  15  -7  50   0 0.00  0.0    2  2.9  9  40   M    M   6 1      12  50
11  26  18  22   0  43   0 0.14  2.0    2  7.5 15 350   M    M  10 12     20  10
12  27  17  22   0  43   0    T    T    5  9.7 17 310   M    M   8 1      23 330
13  25  16  21  -1  44   0 0.04  0.4    4  4.5 13 240   M    M  10 1      15 230
14  23  16  20  -2  45   0    T  0.2    4  6.4 13 180   M    M  10 18     15 180
15  26  15  21   0  44   0 0.06  1.1    5 13.5 23 290   M    M   9 189    29 280
16  18   2  10 -11  55   0    T    T    5  3.9 12 330   M    M   6        17 330
17  30  12  21   0  44   0    T    T    5 13.2 21 150   M    M   9 68     29 150
18  34  22  28   7  37   0 0.14    T    4  8.6 15 350   M    M  10 16     20 340
19  22  12  17  -4  48   0    T    T    4  4.8 14  20   M    M   9 18     17  20
20  23  14  19  -2  46   0 0.01  0.3    4  7.5 21 280   M    M  10 189    26 310
21  14   3   9 -12  56   0    T    T    4  9.4 20 290   M    M   4 9      26 290
22  16   4  10 -11  55   0 0.02  0.9    4 10.4 20 290   M    M   9 18     25 210
23  13 -11   1 -20  64   0 0.00  0.0    5  2.6  9 140   M    M   2        12 130
24  29   4  17  -4  48   0    T    T    5  9.2 18 160   M    M   9 168    22 170
25  29  25  27   6  38   0    T    T    5  8.9 20 270   M    M   8 168    24 270
26  29  26  28   7  37   0    T    T    4  6.0 12 320   M    M  10 18     14 340
27  27  20  24   3  41   0 0.06  1.3    4  8.3 18 220   M    M  10 1268   23 230
28  29  23  26   5  39   0 0.01  0.5    5  5.9 14 280   M    M  10 1      23 290
29  26  21  24   3  41   0 0.15  2.8    8  4.6 15 160   M    M  10 16     20 160
30  24  10  17  -4  48   0 0.00  0.0    7  4.2 15  10   M    M   7 1      18 360
31  18   4  11 -11  54   0 0.00  0.0    7  9.7 18  60   M    M   7        24  60
================================================================================
SM  794  395      1414   0  0.88    13.8 237.8          M      250
================================================================================
AV 25.6 12.7                               7.7 FASTST   M    M   8    MAX(MPH)
                                 MISC ---->  # 30 240               # 38  240
================================================================================
NOTES:
# LAST OF SEVERAL OCCURRENCES

COLUMN 17 PEAK WIND IN M.P.H.

PRELIMINARY LOCAL CLIMATOLOGICAL DATA (WS FORM: F-6) , PAGE 2

                                          STATION:  LANSING MI
                                          MONTH:    JANUARY
                                          YEAR:     2011
                                          LATITUDE:   42 46 N
                                          LONGITUDE:  84 36 W

[TEMPERATURE DATA]      [PRECIPITATION DATA]       SYMBOLS USED IN COLUMN 16

AVERAGE MONTHLY: 19.2   TOTAL FOR MONTH:   0.88    1 = FOG OR MIST
DPTR FM NORMAL:  -2.4   DPTR FM NORMAL:   -0.73    2 = FOG REDUCING VISIBILITY
HIGHEST:    54 ON  1    GRTST 24HR  1.00 ON 31- 1      TO 1/4 MILE OR LESS
LOWEST:    -11 ON 23                               3 = THUNDER
                        SNOW, ICE PELLETS, HAIL    4 = ICE PELLETS
                        TOTAL MONTH:  13.8 INCHES  5 = HAIL
                        GRTST 24HR   2.8 ON   M    6 = FREEZING RAIN OR DRIZZLE
                        GRTST DEPTH:   8 ON 29     7 = DUSTSTORM OR SANDSTORM:
                                                       VSBY 1/2 MILE OR LESS
                                                   8 = SMOKE OR HAZE
[NO. OF DAYS WITH]      [WEATHER - DAYS WITH]      9 = BLOWING SNOW
                                                   X = TORNADO
MAX 32 OR BELOW:  28    0.01 INCH OR MORE:  15
MAX 90 OR ABOVE:   0    0.10 INCH OR MORE:   4
MIN 32 OR BELOW:  31    0.50 INCH OR MORE:   0
MIN  0 OR BELOW:   2    1.00 INCH OR MORE:   0

[HDD (BASE 65) ]
TOTAL THIS MO.  1414    CLEAR  (SCALE 0-3)   2
DPTR FM NORMAL    73    PTCLDY (SCALE 4-7)   8
TOTAL FM JUL 1  3932    CLOUDY (SCALE 8-10) 21
DPTR FM NORMAL  -105

[CDD (BASE 65) ]
TOTAL THIS MO.     0
DPTR FM NORMAL     0    [PRESSURE DATA]
TOTAL FM JAN 1     0    HIGHEST SLP 30.55 ON 31
DPTR FM NORMAL     0    LOWEST  SLP 29.35 ON  7

[REMARKS]
#FINAL-01-11#
