000
CXUS53 KGRR 011017
CF6LAN
PRELIMINARY LOCAL CLIMATOLOGICAL DATA (WS FORM: F-6)

                                          STATION:   LANSING MI
                                          MONTH:     JUNE
                                          YEAR:      2010
                                          LATITUDE:   42 46 N
                                          LONGITUDE:  84 36 W

  TEMPERATURE IN F:       :PCPN:    SNOW:  WIND      :SUNSHINE: SKY     :PK WND
================================================================================
1   2   3   4   5  6A  6B    7    8   9   10  11  12  13   14  15   16   17  18
                                     12Z  AVG MX 2MIN
DY MAX MIN AVG DEP HDD CDD  WTR  SNW DPTH SPD SPD DIR MIN PSBL S-S WX    SPD DR
================================================================================

 1  81  63  72   9   0   7 0.00  0.0    0  4.6 13 210   M    M   6 1      16 210
 2  73  63  68   5   0   3 0.52  0.0    0  5.7 16 360   M    M   7 13     21  10
 3  74  58  66   3   0   1 0.00  0.0    0  3.6 10 330   M    M   8 1      14 320
 4  79  53  66   3   0   1 0.89  0.0    0  5.6 24 230   M    M   7 35     47 220
 5  79  60  70   6   0   5 0.94  0.0    0  5.2 25  90   M    M   7 1238   30 100
 6  69  53  61  -3   4   0 0.12  0.0    0  9.2 18 300   M    M   9 1      25 310
 7  70  47  59  -5   6   0 0.00  0.0    0  3.2 13 290   M    M   1        16 300
 8  69  48  59  -6   6   0 0.11  0.0    0  6.9 20 140   M    M   7 1      26 140
 9  78  57  68   3   0   3 0.02  0.0    0 10.8 24 240   M    M   7 18     29 240
10  75  56  66   1   0   1    T  0.0    0  5.2 15 280   M    M   5        20 280
11  80  62  71   6   0   6 0.16  0.0    0  9.9 18 160   M    M   7 3      25 200
12  84  66  75   9   0  10    T  0.0    0  9.6 18 270   M    M   7 18     22 270
13  75  62  69   3   0   4 0.00  0.0    0  3.8 12 260   M    M   9 18     14 260
14  75  66  71   5   0   6    T  0.0    0  3.9 12  70   M    M  10 1      15  60
15  76  62  69   3   0   4 0.04  0.0    0  9.0 17 130   M    M  10        23 130
16  74  62  68   2   0   3 0.04  0.0    0 12.5 23 280   M    M   9 1      31 260
17  77  60  69   2   0   4 0.00  0.0    0  4.4 10 160   M    M   5 1      16 130
18  88  62  75   8   0  10 0.17  0.0    0 11.6 39 250   M    M   5 13     49 250
19  82  63  73   6   0   8    T  0.0    0 10.4 21 270   M    M   6        28 260
20  79  61  70   3   0   5 0.00  0.0    0  4.3 14 300   M    M   4        20 310
21  83  59  71   3   0   6    T  0.0    0  6.5 15 130   M    M   5        21 150
22  83  65  74   6   0   9 0.96  0.0    0 10.1 32 270   M    M   7 138    41 270
23  86  68  77   9   0  12 0.41  0.0    0  9.3 30 230   M    M   6 13     40 240
24  79  64  72   4   0   7 0.00  0.0    0 11.0 21 240   M    M   7 8      29 240
25  79  54  67  -1   0   2 0.00  0.0    0  6.0 15 220   M    M   2 18     20 190
26  84  68  76   8   0  11    T  0.0    0  7.6 15 260   M    M   7        20 240
27  82  66  74   5   0   9 0.19  0.0    0  8.2 25 260   M    M   8 123    35 240
28  82  60  71   2   0   6 0.00  0.0    0 11.5 23 280   M    M   5 8      30 280
29  70  52  61  -8   4   0 0.00  0.0    0  6.1 18 300   M    M   3        23 310
30  72  46  59 -10   6   0 0.00  0.0    0  4.6 16 320   M    M   2        21 310
================================================================================
SM 2337 1786        26 143  4.57     0.0 220.3          M      188
================================================================================
AV 77.9 59.5                               7.3 FASTST   M    M   6    MAX(MPH)
                                 MISC ---->  # 39 250               # 49  250
================================================================================
NOTES:
# LAST OF SEVERAL OCCURRENCES

COLUMN 17 PEAK WIND IN M.P.H.

PRELIMINARY LOCAL CLIMATOLOGICAL DATA (WS FORM: F-6) , PAGE 2

                                          STATION:  LANSING MI
                                          MONTH:    JUNE
                                          YEAR:     2010
                                          LATITUDE:   42 46 N
                                          LONGITUDE:  84 36 W

[TEMPERATURE DATA]      [PRECIPITATION DATA]       SYMBOLS USED IN COLUMN 16

AVERAGE MONTHLY: 68.7   TOTAL FOR MONTH:   4.57    1 = FOG OR MIST
DPTR FM NORMAL:   2.5   DPTR FM NORMAL:    0.97    2 = FOG REDUCING VISIBILITY
HIGHEST:    88 ON 18    GRTST 24HR  1.06 ON  5- 6      TO 1/4 MILE OR LESS
LOWEST:     46 ON 30                               3 = THUNDER
                        SNOW, ICE PELLETS, HAIL    4 = ICE PELLETS
                        TOTAL MONTH:   0.0 INCH    5 = HAIL
                        GRTST 24HR     0.0         6 = FREEZING RAIN OR DRIZZLE
                        GRTST DEPTH:   0           7 = DUSTSTORM OR SANDSTORM:
                                                       VSBY 1/2 MILE OR LESS
                                                   8 = SMOKE OR HAZE
[NO. OF DAYS WITH]      [WEATHER - DAYS WITH]      9 = BLOWING SNOW
                                                   X = TORNADO
MAX 32 OR BELOW:   0    0.01 INCH OR MORE:  13
MAX 90 OR ABOVE:   0    0.10 INCH OR MORE:  10
MIN 32 OR BELOW:   0    0.50 INCH OR MORE:   4
MIN  0 OR BELOW:   0    1.00 INCH OR MORE:   0

[HDD (BASE 65) ]
TOTAL THIS MO.    26    CLEAR  (SCALE 0-3)   3
DPTR FM NORMAL   -43    PTCLDY (SCALE 4-7)  22
TOTAL FM JUL 1  6300    CLOUDY (SCALE 8-10)  5
DPTR FM NORMAL  -798

[CDD (BASE 65) ]
TOTAL THIS MO.   143
DPTR FM NORMAL    30    [PRESSURE DATA]
TOTAL FM JAN 1   231    HIGHEST SLP 30.30 ON 30
DPTR FM NORMAL    77    LOWEST  SLP 29.41 ON  6

[REMARKS]
#FINAL-06-10#
