000
CXUS53 KGRR 011017
CF6LAN
PRELIMINARY LOCAL CLIMATOLOGICAL DATA (WS FORM: F-6)

                                          STATION:   LANSING MI
                                          MONTH:     DECEMBER
                                          YEAR:      2015
                                          LATITUDE:   42 46 N
                                          LONGITUDE:  84 36 W

  TEMPERATURE IN F:       :PCPN:    SNOW:  WIND      :SUNSHINE: SKY     :PK WND
================================================================================
1   2   3   4   5  6A  6B    7    8   9   10  11  12  13   14  15   16   17  18
                                     12Z  AVG MX 2MIN
DY MAX MIN AVG DEP HDD CDD  WTR  SNW DPTH SPD SPD DIR MIN PSBL S-S WX    SPD DR
================================================================================

 1  47  31  39   6  26   0 0.02  0.0    0  9.2 21 250   M    M   8 1      26 250
 2  42  27  35   2  30   0 0.08    T    0  5.8 17 150   M    M   6 18     22 150
 3  44  30  37   5  28   0 0.00  0.0    0 11.0 21 260   M    M   9 12     26 240
 4  50  31  41   9  24   0 0.00  0.0    0 10.8 22 260   M    M   5 1      26 250
 5  44  28  36   4  29   0 0.00  0.0    0  4.9 12 270   M    M   4 128    14 270
 6  50  27  39   8  26   0 0.00  0.0    0  4.9 12 190   M    M   1 128    14 170
 7  37  26  32   1  33   0 0.00  0.0    0  2.2  8 210   M    M  10 128    10 230
 8  45  34  40   9  25   0 0.00  0.0    0  9.1 15 160   M    M   7 128    21 200
 9  49  36  43  13  22   0 0.00  0.0    0  9.7 22 220   M    M   4 1      27 210
10  58  38  48  18  17   0 0.00  0.0    0 14.7 39 240   M    M   2 1      49 240
11  51  37  44  14  21   0 0.00  0.0    0 11.4 25 260   M    M   0        32 250
12  56  39  48  19  17   0 0.01  0.0    0  4.6  8  60   M    M  10 128     9  50
13  63  47  55  26  10   0 0.10  0.0    0  8.2 17 180   M    M   9 1      23 170
14  60  46  53  25  12   0 0.17  0.0    0 14.8 35 190   M    M   8 1      42 220
15  46  38  42  14  23   0 0.01  0.0    0  9.1 17 300   M    M  10 1      22 240
16  50  39  45  17  20   0 0.03  0.0    0 14.2 26 260   M    M   9 1      35 260
17  41  31  36   8  29   0    T  0.0    0 14.2 24 270   M    M  10        32 250
18  33  22  28   1  37   0 0.03  0.4    0 13.4 24 260   M    M  10 18     31 260
19  30  22  26  -1  39   0    T    T    T 13.2 29 260   M    M   6        39 260
20  44  22  33   6  32   0 0.00  0.0    T 13.4 26 190   M    M   0        34 200
21  49  40  45  18  20   0 0.42  0.0    0 12.1 21 200   M    M  10 18     27 190
22  49  34  42  16  23   0 0.08  0.0    0  6.9 15 250   M    M   7 12     18 240
23  60  39  50  24  15   0 0.35  0.0    0 14.1 25 190   M    M   8 12     34 190
24  59  39  49  23  16   0 0.01  0.0    0 16.2 40 240   M    M   7        50 250
25  47  27  37  11  28   0    T  0.0    0  2.9 12 350   M    M   2 1      15 360
26  40  26  33   7  32   0 0.12  0.0    0  8.1 17 110   M    M   5 1      20 110
27  39  30  35  10  30   0 0.34  0.0    0 10.5 18  10   M    M   9 1      26 360
28  32  25  29   4  36   0 0.91  1.5    0 17.1 25  60   M    M  10 146    36  60
29  40  32  36  11  29   0 0.04    T    1 11.7 23 220   M    M  10 16     29 220
30  33  31  32   7  33   0    T    T    1  9.4 16 250   M    M  10 18     20 250
31  31  28  30   5  35   0    T    T    1 13.2 23 260   M    M  10 8      30 250
================================================================================
SM 1419 1002       797   0  2.72     1.9 321.0          M      216
================================================================================
AV 45.8 32.3                              10.4 FASTST   M    M   7    MAX(MPH)
                                 MISC ---->  # 40 240               # 50  250
================================================================================
NOTES:
# LAST OF SEVERAL OCCURRENCES

COLUMN 17 PEAK WIND IN M.P.H.

PRELIMINARY LOCAL CLIMATOLOGICAL DATA (WS FORM: F-6) , PAGE 2

                                          STATION:  LANSING MI
                                          MONTH:    DECEMBER
                                          YEAR:     2015
                                          LATITUDE:   42 46 N
                                          LONGITUDE:  84 36 W

[TEMPERATURE DATA]      [PRECIPITATION DATA]       SYMBOLS USED IN COLUMN 16

AVERAGE MONTHLY: 39.0   TOTAL FOR MONTH:   2.72    1 = FOG OR MIST
DPTR FM NORMAL:  10.7   DPTR FM NORMAL:    0.85    2 = FOG REDUCING VISIBILITY
HIGHEST:    63 ON 13    GRTST 24HR  3.05 ON 28-29      TO 1/4 MILE OR LESS
LOWEST:     22 ON 20,19                            3 = THUNDER
                        SNOW, ICE PELLETS, HAIL    4 = ICE PELLETS
                        TOTAL MONTH:   1.9 INCHES  5 = HAIL
                        GRTST 24HR   1.5 ON 28-28  6 = FREEZING RAIN OR DRIZZLE
                        GRTST DEPTH:   1 ON 31,30  7 = DUSTSTORM OR SANDSTORM:
                                                       VSBY 1/2 MILE OR LESS
                                                   8 = SMOKE OR HAZE
[NO. OF DAYS WITH]      [WEATHER - DAYS WITH]      9 = BLOWING SNOW
                                                   X = TORNADO
MAX 32 OR BELOW:   3    0.01 INCH OR MORE:  16
MAX 90 OR ABOVE:   0    0.10 INCH OR MORE:   7
MIN 32 OR BELOW:  18    0.50 INCH OR MORE:   1
MIN  0 OR BELOW:   0    1.00 INCH OR MORE:   0

[HDD (BASE 65) ]
TOTAL THIS MO.   797    CLEAR  (SCALE 0-3)   5
DPTR FM NORMAL  -341    PTCLDY (SCALE 4-7)  11
TOTAL FM JUL 1  1905    CLOUDY (SCALE 8-10) 15
DPTR FM NORMAL  -647

[CDD (BASE 65) ]
TOTAL THIS MO.     0
DPTR FM NORMAL     0    [PRESSURE DATA]
TOTAL FM JAN 1   615    HIGHEST SLP 30.69 ON  5
DPTR FM NORMAL   -10    LOWEST  SLP 29.23 ON 23

[REMARKS]
#FINAL-12-15#
