000
CDUS43 KGRR 210513
CLILAN


CLIMATE REPORT
NATIONAL WEATHER SERVICE GRAND RAPIDS, MI
112 AM EDT SUN SEP 21 2014


...................................

...THE LANSING MI CLIMATE SUMMARY FOR SEPTEMBER 20 2014...

CLIMATE NORMAL PERIOD 1981 TO 2010
CLIMATE RECORD PERIOD 1864 TO 2014


WEATHER ITEM   OBSERVED TIME   RECORD YEAR NORMAL DEPARTURE LAST
                VALUE   (LST)  VALUE       VALUE  FROM      YEAR
                                                  NORMAL
..................................................................
TEMPERATURE (F)
 YESTERDAY
  MAXIMUM         79    229 PM  94    1895  71      8       74
  MINIMUM         55    231 AM  22    1868  49      6       64
  AVERAGE         67                        60      7       69

PRECIPITATION (IN)
  YESTERDAY        0.07          2.27 1965   0.13  -0.06      T
  MONTH TO DATE    1.94                      2.32  -0.38     0.86
  SINCE SEP 1      1.94                      2.32  -0.38     0.86
  SINCE JAN 1     29.16                     23.41   5.75    33.78

SNOWFALL (IN)
  YESTERDAY        0.0           0.0    MM   0.0    0.0      0.0
  MONTH TO DATE    0.0                       0.0    0.0      0.0
  SINCE SEP 1      0.0                       0.0    0.0      0.0
  SINCE JUL 1      0.0                       0.0    0.0      0.0
  SNOW DEPTH       0

DEGREE DAYS
 HEATING
  YESTERDAY        0                         6     -6        0
  MONTH TO DATE  107                        73     34       74
  SINCE SEP 1    107                        73     34       74
  SINCE JUL 1    147                       108     39      109

 COOLING
  YESTERDAY        2                         1      1        4
  MONTH TO DATE   43                        52     -9       63
  SINCE SEP 1     43                        52     -9       63
  SINCE JAN 1    488                       609   -121      651
..................................................................


WIND (MPH)
  RESULTANT WIND SPEED  13   RESULTANT WIND DIRECTION  SW (210)
  HIGHEST WIND SPEED    25   HIGHEST WIND DIRECTION     S (200)
  HIGHEST GUST SPEED    35   HIGHEST GUST DIRECTION    SW (210)
  AVERAGE WIND SPEED    13.7


SKY COVER
  AVERAGE SKY COVER 0.5


WEATHER CONDITIONS
 THE FOLLOWING WEATHER WAS RECORDED YESTERDAY.
  THUNDERSTORM
  LIGHT RAIN
  FOG
  HAZE


RELATIVE HUMIDITY (PERCENT)
 HIGHEST    93           800 PM
 LOWEST     56           100 PM
 AVERAGE    75

..........................................................


THE LANSING MI CLIMATE NORMALS FOR TODAY
                         NORMAL    RECORD    YEAR
 MAXIMUM TEMPERATURE (F)   71        94      1895
 MINIMUM TEMPERATURE (F)   49        19      1863


SUNRISE AND SUNSET
SEPTEMBER 21 2014.....SUNRISE   725 AM EDT   SUNSET   737 PM EDT
SEPTEMBER 22 2014.....SUNRISE   726 AM EDT   SUNSET   736 PM EDT


-  INDICATES NEGATIVE NUMBERS.
R  INDICATES RECORD WAS SET OR TIED.
MM INDICATES DATA IS MISSING.
T  INDICATES TRACE AMOUNT.




$$
