000
CDUS43 KGRR 010529
CLILAN


CLIMATE REPORT
NATIONAL WEATHER SERVICE GRAND RAPIDS, MI
129 AM EDT MON JUN 1 2015


...................................

...THE LANSING MI CLIMATE SUMMARY FOR MAY 31 2015...

CLIMATE NORMAL PERIOD 1981 TO 2010
CLIMATE RECORD PERIOD 1864 TO 2015


WEATHER ITEM   OBSERVED TIME   RECORD YEAR NORMAL DEPARTURE LAST
                VALUE   (LST)  VALUE       VALUE  FROM      YEAR
                                                  NORMAL
..................................................................
TEMPERATURE (F)
 YESTERDAY
  MAXIMUM         52    310 PM  95    1895  74    -22       85
  MINIMUM         45   1159 PM  32    1966  52     -7       56
  AVERAGE         49                        63    -14       71

PRECIPITATION (IN)
  YESTERDAY        0.31          2.89 1989   0.11   0.20     0.00
  MONTH TO DATE    3.77                      3.36   0.41     4.24
  SINCE MAR 1      5.80                      8.45  -2.65     7.29
  SINCE JAN 1      8.05                     11.57  -3.52    11.21

SNOWFALL (IN)
  YESTERDAY       MM             0.0    MM   0.0   MM        0.0
  MONTH TO DATE    0.0                       T      0.0      0.0
  SINCE MAR 1      1.9                       8.9   -7.0     11.1
  SINCE JUL 1     35.6                      51.1  -15.5     69.1
  SNOW DEPTH       0

DEGREE DAYS
 HEATING
  YESTERDAY       16                         4     12        0
  MONTH TO DATE  169                       258    -89      234
  SINCE MAR 1   1681                      1722    -41     1978
  SINCE JUL 1   7175                      6657    518     7519

 COOLING
  YESTERDAY        0                         2     -2        6
  MONTH TO DATE   59                        34     25       39
  SINCE MAR 1     59                        41     18       39
  SINCE JAN 1     59                        41     18       39
..................................................................


WIND (MPH)
  RESULTANT WIND SPEED  13   RESULTANT WIND DIRECTION  NE (40)
  HIGHEST WIND SPEED    23   HIGHEST WIND DIRECTION    NE (30)
  HIGHEST GUST SPEED    32   HIGHEST GUST DIRECTION    NE (60)
  AVERAGE WIND SPEED    13.3


SKY COVER
  AVERAGE SKY COVER 1.0


WEATHER CONDITIONS
 THE FOLLOWING WEATHER WAS RECORDED YESTERDAY.
  RAIN
  LIGHT RAIN
  FOG


RELATIVE HUMIDITY (PERCENT)
 HIGHEST    93           100 AM
 LOWEST     71           300 PM
 AVERAGE    82

..........................................................


THE LANSING MI CLIMATE NORMALS FOR TODAY
                         NORMAL    RECORD    YEAR
 MAXIMUM TEMPERATURE (F)   74        97      1934
 MINIMUM TEMPERATURE (F)   52        30      1966


SUNRISE AND SUNSET
JUNE  1 2015..........SUNRISE   603 AM EDT   SUNSET   910 PM EDT
JUNE  2 2015..........SUNRISE   602 AM EDT   SUNSET   911 PM EDT


-  INDICATES NEGATIVE NUMBERS.
R  INDICATES RECORD WAS SET OR TIED.
MM INDICATES DATA IS MISSING.
T  INDICATES TRACE AMOUNT.




$$
