000
CDUS43 KGRR 190528
CLILAN


CLIMATE REPORT
NATIONAL WEATHER SERVICE GRAND RAPIDS, MI
1228 AM EST SUN NOV 19 2017


...................................

...THE LANSING MI CLIMATE SUMMARY FOR NOVEMBER 18 2017...

CLIMATE NORMAL PERIOD 1981 TO 2010
CLIMATE RECORD PERIOD 1864 TO 2017


WEATHER ITEM   OBSERVED TIME   RECORD YEAR NORMAL DEPARTURE LAST
                VALUE   (LST)  VALUE       VALUE  FROM      YEAR
                                                  NORMAL
..................................................................
TEMPERATURE (F)
 YESTERDAY
  MAXIMUM         44   1238 PM  72    2016  46     -2       72
  MINIMUM         33    712 PM   3    1867  32      1       48
  AVERAGE         39                        39      0       60

PRECIPITATION (IN)
  YESTERDAY        0.65          1.37 2003   0.10   0.55     0.30
  MONTH TO DATE    3.16                      1.72   1.44     1.85
  SINCE SEP 1     12.83                      7.75   5.08     8.40
  SINCE JAN 1     38.13                     28.84   9.29    31.88

SNOWFALL (IN)
  YESTERDAY        0.0           2.0  1955   0.1   -0.1      0.0
  MONTH TO DATE    0.2                       1.2   -1.0      0.0
  SINCE SEP 1      0.2                       1.6   -1.4       T
  SINCE JUL 1      0.2                       1.6   -1.4       T
  SNOW DEPTH       0

DEGREE DAYS
 HEATING
  YESTERDAY       26                        26      0        5
  MONTH TO DATE  496                       415     81      261
  SINCE SEP 1    913                      1030   -117      651
  SINCE JUL 1    942                      1065   -123      654

 COOLING
  YESTERDAY        0                         0      0        0
  MONTH TO DATE    0                         0      0        0
  SINCE SEP 1    148                        68     80      103
  SINCE JAN 1    782                       625    157      869
..................................................................


WIND (MPH)
  RESULTANT WIND SPEED   4   RESULTANT WIND DIRECTION  NW (310)
  HIGHEST WIND SPEED    21   HIGHEST WIND DIRECTION    NW (310)
  HIGHEST GUST SPEED    28   HIGHEST GUST DIRECTION     N (340)
  AVERAGE WIND SPEED     9.6


SKY COVER
  AVERAGE SKY COVER 1.0


WEATHER CONDITIONS
 THE FOLLOWING WEATHER WAS RECORDED YESTERDAY.
  HEAVY RAIN
  RAIN
  LIGHT RAIN
  LIGHT SNOW
  FOG


RELATIVE HUMIDITY (PERCENT)
 HIGHEST   100          1200 AM
 LOWEST     85          1100 PM
 AVERAGE    93

..........................................................


THE LANSING MI CLIMATE NORMALS FOR TODAY
                         NORMAL    RECORD    YEAR
 MAXIMUM TEMPERATURE (F)   45        70      1953
 MINIMUM TEMPERATURE (F)   31         4      1867


SUNRISE AND SUNSET
NOVEMBER 19 2017......SUNRISE   736 AM EST   SUNSET   512 PM EST
NOVEMBER 20 2017......SUNRISE   737 AM EST   SUNSET   511 PM EST


-  INDICATES NEGATIVE NUMBERS.
R  INDICATES RECORD WAS SET OR TIED.
MM INDICATES DATA IS MISSING.
T  INDICATES TRACE AMOUNT.




$$
