000
CDUS43 KGRR 300519
CLILAN


CLIMATE REPORT
NATIONAL WEATHER SERVICE GRAND RAPIDS, MI
1217 AM EST FRI JAN 30 2015


...................................

...THE LANSING MI CLIMATE SUMMARY FOR JANUARY 29 2015...

CLIMATE NORMAL PERIOD 1981 TO 2010
CLIMATE RECORD PERIOD 1864 TO 2015


WEATHER ITEM   OBSERVED TIME   RECORD YEAR NORMAL DEPARTURE LAST
                VALUE   (LST)  VALUE       VALUE  FROM      YEAR
                                                  NORMAL
..................................................................
TEMPERATURE (F)
 YESTERDAY
  MAXIMUM         32    525 PM  57    2013  30      2       19
  MINIMUM         23   1159 PM -28    1867  17      6       -3
  AVERAGE         28                        23      5        8

PRECIPITATION (IN)
  YESTERDAY        0.05          0.90 1909   0.04   0.01      T
  MONTH TO DATE    1.35                      1.56  -0.21     2.13
  SINCE DEC 1      2.91                      3.43  -0.52     4.01
  SINCE JAN 1      1.35                      1.56  -0.21     2.13

SNOWFALL (IN)
  YESTERDAY        0.5           9.0  1909   0.4    0.1       T
  MONTH TO DATE   11.2                      12.9   -1.7     23.2
  SINCE DEC 1     12.7                      25.9  -13.2     39.0
  SINCE JUL 1     18.9                      29.7  -10.8     39.7
  SNOW DEPTH       3

DEGREE DAYS
 HEATING
  YESTERDAY       37                        42     -5       57
  MONTH TO DATE 1293                      1209     84     1445
  SINCE DEC 1   2322                      2347    -25     2662
  SINCE JUL 1   3918                      3761    157     4108

 COOLING
  YESTERDAY        0                         0      0        0
  MONTH TO DATE    0                         0      0        0
  SINCE DEC 1      0                         0      0        0
  SINCE JAN 1      0                         0      0        0
..................................................................


WIND (MPH)
  RESULTANT WIND SPEED   2   RESULTANT WIND DIRECTION  SW (240)
  HIGHEST WIND SPEED    23   HIGHEST WIND DIRECTION    NW (330)
  HIGHEST GUST SPEED    33   HIGHEST GUST DIRECTION     N (340)
  AVERAGE WIND SPEED    11.6


SKY COVER
  AVERAGE SKY COVER 1.0


WEATHER CONDITIONS
 THE FOLLOWING WEATHER WAS RECORDED YESTERDAY.
  LT FREEZING RAIN
  SNOW
  LIGHT SNOW
  FOG
  FOG W/VISIBILITY <= 1/4 MILE
  HAZE


RELATIVE HUMIDITY (PERCENT)
 HIGHEST    92           200 PM
 LOWEST     63           100 AM
 AVERAGE    78

..........................................................


THE LANSING MI CLIMATE NORMALS FOR TODAY
                         NORMAL    RECORD    YEAR
 MAXIMUM TEMPERATURE (F)   30        56      2013
 MINIMUM TEMPERATURE (F)   17       -22      1867


SUNRISE AND SUNSET
JANUARY 30 2015.......SUNRISE   755 AM EST   SUNSET   549 PM EST
JANUARY 31 2015.......SUNRISE   754 AM EST   SUNSET   550 PM EST


-  INDICATES NEGATIVE NUMBERS.
R  INDICATES RECORD WAS SET OR TIED.
MM INDICATES DATA IS MISSING.
T  INDICATES TRACE AMOUNT.




$$

63
