000
CDUS43 KGRR 210526
CLILAN


CLIMATE REPORT
NATIONAL WEATHER SERVICE GRAND RAPIDS, MI
1226 AM EST TUE NOV 21 2017


...................................

...THE LANSING MI CLIMATE SUMMARY FOR NOVEMBER 20 2017...

CLIMATE NORMAL PERIOD 1981 TO 2010
CLIMATE RECORD PERIOD 1864 TO 2017


WEATHER ITEM   OBSERVED TIME   RECORD YEAR NORMAL DEPARTURE LAST
                VALUE   (LST)  VALUE       VALUE  FROM      YEAR
                                                  NORMAL
..................................................................
TEMPERATURE (F)
 YESTERDAY
  MAXIMUM         49    350 PM  67    1953  45      4       32
                                      1931
                                      1930
  MINIMUM         28    212 AM   5    1895  31     -3       28
                                      1880
  AVERAGE         39                        38      1       30

PRECIPITATION (IN)
  YESTERDAY        0.00          1.36 1900   0.09  -0.09      T
  MONTH TO DATE    3.18                      1.91   1.27     1.85
  SINCE SEP 1     12.85                      7.94   4.91     8.40
  SINCE JAN 1     38.15                     29.03   9.12    31.88

SNOWFALL (IN)
  YESTERDAY        0.0          12.5  1869   0.1   -0.1       T
  MONTH TO DATE    0.4                       1.5   -1.1       T
  SINCE SEP 1      0.4                       1.9   -1.5       T
  SINCE JUL 1      0.4                       1.9   -1.5       T
  SNOW DEPTH       0

DEGREE DAYS
 HEATING
  YESTERDAY       26                        27     -1       35
  MONTH TO DATE  554                       469     85      321
  SINCE SEP 1    971                      1084   -113      711
  SINCE JUL 1   1000                      1119   -119      714

 COOLING
  YESTERDAY        0                         0      0        0
  MONTH TO DATE    0                         0      0        0
  SINCE SEP 1    148                        68     80      103
  SINCE JAN 1    782                       625    157      869
..................................................................


WIND (MPH)
  RESULTANT WIND SPEED  15   RESULTANT WIND DIRECTION  SW (210)
  HIGHEST WIND SPEED    26   HIGHEST WIND DIRECTION    SW (210)
  HIGHEST GUST SPEED    35   HIGHEST GUST DIRECTION    SW (220)
  AVERAGE WIND SPEED    15.4


SKY COVER
  AVERAGE SKY COVER 0.2


WEATHER CONDITIONS
 THE FOLLOWING WEATHER WAS RECORDED YESTERDAY.
  NO SIGNIFICANT WEATHER WAS OBSERVED.


RELATIVE HUMIDITY (PERCENT)
 HIGHEST    85           700 AM
 LOWEST     46           200 PM
 AVERAGE    66

..........................................................


THE LANSING MI CLIMATE NORMALS FOR TODAY
                         NORMAL    RECORD    YEAR
 MAXIMUM TEMPERATURE (F)   44        69      1913
 MINIMUM TEMPERATURE (F)   31        -4      1880


SUNRISE AND SUNSET
NOVEMBER 21 2017......SUNRISE   738 AM EST   SUNSET   510 PM EST
NOVEMBER 22 2017......SUNRISE   739 AM EST   SUNSET   510 PM EST


-  INDICATES NEGATIVE NUMBERS.
R  INDICATES RECORD WAS SET OR TIED.
MM INDICATES DATA IS MISSING.
T  INDICATES TRACE AMOUNT.




$$
