000
CDUS43 KGRR 070517
CLILAN


CLIMATE REPORT
NATIONAL WEATHER SERVICE GRAND RAPIDS, MI
1216 AM EST THU DEC 7 2017


...................................

...THE LANSING MI CLIMATE SUMMARY FOR DECEMBER 6 2017...

CLIMATE NORMAL PERIOD 1981 TO 2010
CLIMATE RECORD PERIOD 1864 TO 2017


WEATHER ITEM   OBSERVED TIME   RECORD YEAR NORMAL DEPARTURE LAST
                VALUE   (LST)  VALUE       VALUE  FROM      YEAR
                                                  NORMAL
..................................................................
TEMPERATURE (F)
 YESTERDAY
  MAXIMUM         36    152 PM  65    1998  37     -1       42
  MINIMUM         24    642 AM -17    1964  25     -1       23
  AVERAGE         30                        31     -1       33

PRECIPITATION (IN)
  YESTERDAY        T             1.50 1885   0.06  -0.06     0.00
  MONTH TO DATE    0.06                      0.41  -0.35     0.37
  SINCE DEC 1      0.06                      0.41  -0.35     0.37
  SINCE JAN 1     38.36                     30.31   8.05    33.56

SNOWFALL (IN)
  YESTERDAY        T             7.0  1885   0.4   -0.4      0.0
  MONTH TO DATE    T                         2.0   -2.0      2.5
  SINCE DEC 1      T                         2.0   -2.0      2.5
  SINCE JUL 1      0.4                       5.8   -5.4      2.5
  SNOW DEPTH       0

DEGREE DAYS
 HEATING
  YESTERDAY       35                        34      1       32
  MONTH TO DATE  146                       197    -51      177
  SINCE DEC 1    146                       197    -51      177
  SINCE JUL 1   1402                      1611   -209     1152

 COOLING
  YESTERDAY        0                         0      0        0
  MONTH TO DATE    0                         0      0        0
  SINCE DEC 1      0                         0      0        0
  SINCE JAN 1    782                       625    157      869
..................................................................


WIND (MPH)
  RESULTANT WIND SPEED  16   RESULTANT WIND DIRECTION   W (250)
  HIGHEST WIND SPEED    30   HIGHEST WIND DIRECTION     W (250)
  HIGHEST GUST SPEED    42   HIGHEST GUST DIRECTION     W (260)
  AVERAGE WIND SPEED    16.5


SKY COVER
  AVERAGE SKY COVER 0.5


WEATHER CONDITIONS
 THE FOLLOWING WEATHER WAS RECORDED YESTERDAY.
  NO SIGNIFICANT WEATHER WAS OBSERVED.


RELATIVE HUMIDITY (PERCENT)
 HIGHEST    68           700 AM
 LOWEST     44           100 PM
 AVERAGE    56

..........................................................


THE LANSING MI CLIMATE NORMALS FOR TODAY
                         NORMAL    RECORD    YEAR
 MAXIMUM TEMPERATURE (F)   37        63      1951
 MINIMUM TEMPERATURE (F)   25        -5      1885


SUNRISE AND SUNSET
DECEMBER  7 2017......SUNRISE   755 AM EST   SUNSET   504 PM EST
DECEMBER  8 2017......SUNRISE   756 AM EST   SUNSET   504 PM EST


-  INDICATES NEGATIVE NUMBERS.
R  INDICATES RECORD WAS SET OR TIED.
MM INDICATES DATA IS MISSING.
T  INDICATES TRACE AMOUNT.




$$
