000
CDUS43 KGRR 190513
CLILAN


CLIMATE REPORT
NATIONAL WEATHER SERVICE GRAND RAPIDS, MI
113 AM EDT SUN OCT 19 2014


...................................

...THE LANSING MI CLIMATE SUMMARY FOR OCTOBER 18 2014...

CLIMATE NORMAL PERIOD 1981 TO 2010
CLIMATE RECORD PERIOD 1864 TO 2014


WEATHER ITEM   OBSERVED TIME   RECORD YEAR NORMAL DEPARTURE LAST
                VALUE   (LST)  VALUE       VALUE  FROM      YEAR
                                                  NORMAL
..................................................................
TEMPERATURE (F)
 YESTERDAY
  MAXIMUM         47    357 PM  82    1938  59    -12       61
                                      1910
  MINIMUM         34   1159 PM  17    1976  40     -6       41
                                      1896
  AVERAGE         41                        50     -9       51

PRECIPITATION (IN)
  YESTERDAY        T             1.38 1947   0.08  -0.08      T
  MONTH TO DATE    3.22                      1.51   1.71     1.49
  SINCE SEP 1      5.76                      5.01   0.75     2.47
  SINCE JAN 1     32.98                     26.10   6.88    35.39

SNOWFALL (IN)
  YESTERDAY       MM             3.0  1880   0.0   MM        0.0
  MONTH TO DATE    0.0                       0.1   -0.1      0.0
  SINCE SEP 1      0.0                       0.1   -0.1      0.0
  SINCE JUL 1      0.0                       0.1   -0.1      0.0
  SNOW DEPTH       0

DEGREE DAYS
 HEATING
  YESTERDAY       24                        16      8       14
  MONTH TO DATE  229                       231     -2      139
  SINCE SEP 1    389                       384      5      295
  SINCE JUL 1    429                       419     10      330

 COOLING
  YESTERDAY        0                         0      0        0
  MONTH TO DATE    0                         4     -4       10
  SINCE SEP 1     43                        65    -22       73
  SINCE JAN 1    488                       622   -134      661
..................................................................


WIND (MPH)
  RESULTANT WIND SPEED  10   RESULTANT WIND DIRECTION  NW (310)
  HIGHEST WIND SPEED    20   HIGHEST WIND DIRECTION    NW (330)
  HIGHEST GUST SPEED    25   HIGHEST GUST DIRECTION     N (340)
  AVERAGE WIND SPEED    10.4


SKY COVER
  AVERAGE SKY COVER 0.9


WEATHER CONDITIONS
 THE FOLLOWING WEATHER WAS RECORDED YESTERDAY.
  LIGHT RAIN
  FOG


RELATIVE HUMIDITY (PERCENT)
 HIGHEST    83           300 AM
 LOWEST     65           600 PM
 AVERAGE    74

..........................................................


THE LANSING MI CLIMATE NORMALS FOR TODAY
                         NORMAL    RECORD    YEAR
 MAXIMUM TEMPERATURE (F)   59        82      1920
 MINIMUM TEMPERATURE (F)   40        16      1972


SUNRISE AND SUNSET
OCTOBER 19 2014.......SUNRISE   756 AM EDT   SUNSET   650 PM EDT
OCTOBER 20 2014.......SUNRISE   758 AM EDT   SUNSET   648 PM EDT


-  INDICATES NEGATIVE NUMBERS.
R  INDICATES RECORD WAS SET OR TIED.
MM INDICATES DATA IS MISSING.
T  INDICATES TRACE AMOUNT.




$$
