000
CDUS43 KGRR 150540
CLILAN


CLIMATE REPORT
NATIONAL WEATHER SERVICE GRAND RAPIDS, MI
133 AM EDT SUN OCT 15 2017


...................................

...THE LANSING MI CLIMATE SUMMARY FOR OCTOBER 14 2017...

CLIMATE NORMAL PERIOD 1981 TO 2010
CLIMATE RECORD PERIOD 1864 TO 2017


WEATHER ITEM   OBSERVED TIME   RECORD YEAR NORMAL DEPARTURE LAST
                VALUE   (LST)  VALUE       VALUE  FROM      YEAR
                                                  NORMAL
..................................................................
TEMPERATURE (F)
 YESTERDAY
  MAXIMUM         63    931 PM  83    1989  61      2       62
                                      1956
  MINIMUM         57    249 AM  20    1894  41     16       34
  AVERAGE         60                        51      9       48

PRECIPITATION (IN)
  YESTERDAY        2.89R         1.30 1893   0.08   2.81     0.00
  MONTH TO DATE    5.42                      1.21   4.21     1.31
  SINCE SEP 1      6.36                      4.71   1.65     4.66
  SINCE JAN 1     31.66                     25.80   5.86    28.14

SNOWFALL (IN)
  YESTERDAY        0.0           0.1  1983   0.0    0.0      0.0
  MONTH TO DATE    0.0                       0.1   -0.1      0.0
  SINCE SEP 1      0.0                       0.1   -0.1      0.0
  SINCE JUL 1      0.0                       0.1   -0.1      0.0
  SNOW DEPTH       0

DEGREE DAYS
 HEATING
  YESTERDAY        5                        14     -9       17
  MONTH TO DATE   61                       170   -109      106
  SINCE SEP 1    164                       323   -159      156
  SINCE JUL 1    193                       358   -165      159

 COOLING
  YESTERDAY        0                         0      0        0
  MONTH TO DATE   16                         4     12        9
  SINCE SEP 1    146                        65     81       98
  SINCE JAN 1    780                       622    158      864
..................................................................


WIND (MPH)
  RESULTANT WIND SPEED   8   RESULTANT WIND DIRECTION   S (160)
  HIGHEST WIND SPEED    21   HIGHEST WIND DIRECTION    SE (150)
  HIGHEST GUST SPEED    25   HIGHEST GUST DIRECTION     S (160)
  AVERAGE WIND SPEED     9.1


SKY COVER
  AVERAGE SKY COVER 0.9


WEATHER CONDITIONS
 THE FOLLOWING WEATHER WAS RECORDED YESTERDAY.
  THUNDERSTORM
  HEAVY RAIN
  RAIN
  LIGHT RAIN
  FOG


RELATIVE HUMIDITY (PERCENT)
 HIGHEST    97          1100 PM
 LOWEST     80           200 AM
 AVERAGE    89

..........................................................


THE LANSING MI CLIMATE NORMALS FOR TODAY
                         NORMAL    RECORD    YEAR
 MAXIMUM TEMPERATURE (F)   60        86      1897
 MINIMUM TEMPERATURE (F)   41        21      1869


SUNRISE AND SUNSET
OCTOBER 15 2017.......SUNRISE   752 AM EDT   SUNSET   656 PM EDT
OCTOBER 16 2017.......SUNRISE   753 AM EDT   SUNSET   654 PM EDT


-  INDICATES NEGATIVE NUMBERS.
R  INDICATES RECORD WAS SET OR TIED.
MM INDICATES DATA IS MISSING.
T  INDICATES TRACE AMOUNT.




$$
