472
CDUS43 KGRR 110520
CLILAN


CLIMATE REPORT
NATIONAL WEATHER SERVICE GRAND RAPIDS, MI
1217 AM EST THU FEB 11 2016


...................................

...THE LANSING MI CLIMATE SUMMARY FOR FEBRUARY 10 2016...

CLIMATE NORMAL PERIOD 1981 TO 2010
CLIMATE RECORD PERIOD 1864 TO 2016


WEATHER ITEM   OBSERVED TIME   RECORD YEAR NORMAL DEPARTURE LAST
                VALUE   (LST)  VALUE       VALUE  FROM      YEAR
                                                  NORMAL
..................................................................
TEMPERATURE (F)
 YESTERDAY
  MAXIMUM         22   1253 AM  60    2009  32    -10       28
  MINIMUM         11   1159 PM -28    1868  18     -7       -1
  AVERAGE         17                        25     -8       14

PRECIPITATION (IN)
  YESTERDAY        0.01          1.25 1881   0.05  -0.04     0.00
  MONTH TO DATE    0.71                      0.46   0.25     0.73
  SINCE DEC 1      4.88                      3.98   0.90     3.64
  SINCE JAN 1      2.16                      2.11   0.05     2.08

SNOWFALL (IN)
  YESTERDAY        0.2           5.0  1892   0.4   -0.2      0.0
  MONTH TO DATE    3.5                       4.3   -0.8     10.9
  SINCE DEC 1     13.2                      31.1  -17.9     23.6
  SINCE JUL 1     21.4                      34.9  -13.5     29.8
  SNOW DEPTH       1

DEGREE DAYS
 HEATING
  YESTERDAY       48                        40      8       51
  MONTH TO DATE  344                       408    -64      466
  SINCE DEC 1   2352                      2834   -482     2873
  SINCE JUL 1   3460                      4248   -788     4469

 COOLING
  YESTERDAY        0                         0      0        0
  MONTH TO DATE    0                         0      0        0
  SINCE DEC 1      0                         0      0        0
  SINCE JAN 1      0                         0      0        0
..................................................................


WIND (MPH)
  RESULTANT WIND SPEED  14   RESULTANT WIND DIRECTION  NW (300)
  HIGHEST WIND SPEED    24   HIGHEST WIND DIRECTION    NW (300)
  HIGHEST GUST SPEED    28   HIGHEST GUST DIRECTION     W (290)
  AVERAGE WIND SPEED    13.8


SKY COVER
  AVERAGE SKY COVER 0.9


WEATHER CONDITIONS
 THE FOLLOWING WEATHER WAS RECORDED YESTERDAY.
  LIGHT SNOW
  FOG
  HAZE


RELATIVE HUMIDITY (PERCENT)
 HIGHEST    80           500 AM
 LOWEST     49           300 PM
 AVERAGE    65

..........................................................


THE LANSING MI CLIMATE NORMALS FOR TODAY
                         NORMAL    RECORD    YEAR
 MAXIMUM TEMPERATURE (F)   32        69      1999
 MINIMUM TEMPERATURE (F)   18       -22      1899
                                             1885


SUNRISE AND SUNSET
FEBRUARY 11 2016......SUNRISE   742 AM EST   SUNSET   604 PM EST
FEBRUARY 12 2016......SUNRISE   740 AM EST   SUNSET   605 PM EST


-  INDICATES NEGATIVE NUMBERS.
R  INDICATES RECORD WAS SET OR TIED.
MM INDICATES DATA IS MISSING.
T  INDICATES TRACE AMOUNT.




$$

63
