000
CDUS43 KGRR 240518
CLILAN


CLIMATE REPORT
NATIONAL WEATHER SERVICE GRAND RAPIDS, MI
1216 AM EST SAT FEB 24 2018


...................................

...THE LANSING MI CLIMATE SUMMARY FOR FEBRUARY 23 2018...

CLIMATE NORMAL PERIOD 1981 TO 2010
CLIMATE RECORD PERIOD 1864 TO 2018


WEATHER ITEM   OBSERVED TIME   RECORD YEAR NORMAL DEPARTURE LAST
                VALUE   (LST)  VALUE       VALUE  FROM      YEAR
                                                  NORMAL
..................................................................
TEMPERATURE (F)
 YESTERDAY
  MAXIMUM         44    350 PM  64    1984  36      8       58
  MINIMUM         32    118 AM -17    1894  20     12       42
  AVERAGE         38                        28     10       50

PRECIPITATION (IN)
  YESTERDAY        0.12          1.60 1985   0.06   0.06     0.06
  MONTH TO DATE    4.62                      1.16   3.46     1.16
  SINCE DEC 1      7.92                      4.68   3.24     6.57
  SINCE JAN 1      6.60                      2.81   3.79     4.81

SNOWFALL (IN)
  YESTERDAY        0.0           4.5  1893   0.4   -0.4      0.0
  MONTH TO DATE   15.3                       9.7    5.6      2.3
  SINCE DEC 1     44.9                      36.5    8.4     27.5
  SINCE JUL 1     45.3                      40.3    5.0     27.5
  SNOW DEPTH       0

DEGREE DAYS
 HEATING
  YESTERDAY       27                        37    -10       15
  MONTH TO DATE  895                       912    -17      695
  SINCE DEC 1   3414                      3338     76     2945
  SINCE JUL 1   4670                      4752    -82     3920

 COOLING
  YESTERDAY        0                         0      0        0
  MONTH TO DATE    0                         0      0        0
  SINCE DEC 1      0                         0      0        0
  SINCE JAN 1      0                         0      0        0
..................................................................


WIND (MPH)
  RESULTANT WIND SPEED   6   RESULTANT WIND DIRECTION  SW (230)
  HIGHEST WIND SPEED    23   HIGHEST WIND DIRECTION     W (260)
  HIGHEST GUST SPEED    28   HIGHEST GUST DIRECTION     W (260)
  AVERAGE WIND SPEED    13.4


SKY COVER
  AVERAGE SKY COVER 1.0


WEATHER CONDITIONS
 THE FOLLOWING WEATHER WAS RECORDED YESTERDAY.
  RAIN
  LIGHT RAIN
  FOG


RELATIVE HUMIDITY (PERCENT)
 HIGHEST   100           500 AM
 LOWEST     75          1200 AM
 AVERAGE    88

..........................................................


THE LANSING MI CLIMATE NORMALS FOR TODAY
                         NORMAL    RECORD    YEAR
 MAXIMUM TEMPERATURE (F)   36        58      2017
 MINIMUM TEMPERATURE (F)   20       -12      1881


SUNRISE AND SUNSET
FEBRUARY 24 2018......SUNRISE   722 AM EST   SUNSET   622 PM EST
FEBRUARY 25 2018......SUNRISE   721 AM EST   SUNSET   623 PM EST


-  INDICATES NEGATIVE NUMBERS.
R  INDICATES RECORD WAS SET OR TIED.
MM INDICATES DATA IS MISSING.
T  INDICATES TRACE AMOUNT.




$$
