000
CDUS43 KGRR 172125
CLILAN


CLIMATE REPORT
NATIONAL WEATHER SERVICE GRAND RAPIDS, MI
524 PM EDT WED SEP 17 2014


...................................

...THE LANSING MI CLIMATE SUMMARY FOR SEPTEMBER 17 2014...
VALID TODAY AS OF 0500 PM LOCAL TIME.

CLIMATE NORMAL PERIOD 1981 TO 2010
CLIMATE RECORD PERIOD 1864 TO 2014


WEATHER ITEM   OBSERVED TIME   RECORD YEAR NORMAL DEPARTURE LAST
                VALUE   (LST)  VALUE       VALUE  FROM      YEAR
                                                  NORMAL
..................................................................
TEMPERATURE (F)
 TODAY
  MAXIMUM         67    214 PM  93    1955  72     -5       68
                                      1906
  MINIMUM         40    611 AM  26    1875  51    -11       36
                                      1868
  AVERAGE         54                        62     -8       52

PRECIPITATION (IN)
  TODAY            0.00          1.74 1905   0.12  -0.12     0.00
  MONTH TO DATE    1.87                      1.94  -0.07     0.84
  SINCE SEP 1      1.87                      1.94  -0.07     0.84
  SINCE JAN 1     29.09                     23.03   6.06    33.76

SNOWFALL (IN)
  TODAY            0.0           9.0    MM   0.0    0.0      0.0
  MONTH TO DATE    0.0                       0.0    0.0      0.0
  SINCE SEP 1      0.0                       0.0    0.0      0.0
  SINCE JUL 1      0.0                       0.0    0.0      0.0
  SNOW DEPTH       0

DEGREE DAYS
 HEATING
  TODAY           11                         5      6       13
  MONTH TO DATE   85                        55     30       71
  SINCE SEP 1     85                        55     30       71
  SINCE JUL 1    125                        90     35      106

 COOLING
  TODAY            0                         2     -2        0
  MONTH TO DATE   41                        47     -6       55
  SINCE SEP 1     41                        47     -6       55
  SINCE JAN 1    486                       604   -118      643
..................................................................


WIND (MPH)
  RESULTANT WIND SPEED   4   RESULTANT WIND DIRECTION   W (250)
  HIGHEST WIND SPEED    13   HIGHEST WIND DIRECTION     W (270)
  HIGHEST GUST SPEED    16   HIGHEST GUST DIRECTION     W (260)
  AVERAGE WIND SPEED     3.9


SKY COVER
  AVERAGE SKY COVER 0.1


WEATHER CONDITIONS
 THE FOLLOWING WEATHER WAS RECORDED TODAY.
  NO SIGNIFICANT WEATHER WAS OBSERVED.


RELATIVE HUMIDITY (PERCENT)
 HIGHEST    93           400 AM
 LOWEST     42           100 PM
 AVERAGE    68

..........................................................


THE LANSING MI CLIMATE NORMALS FOR TOMORROW
                         NORMAL    RECORD    YEAR
 MAXIMUM TEMPERATURE (F)   72        93      1955
                                             1906
 MINIMUM TEMPERATURE (F)   50        25      1863


SUNRISE AND SUNSET
SEPTEMBER 17 2014.....SUNRISE   720 AM EDT   SUNSET   745 PM EDT
SEPTEMBER 18 2014.....SUNRISE   721 AM EDT   SUNSET   743 PM EDT


-  INDICATES NEGATIVE NUMBERS.
R  INDICATES RECORD WAS SET OR TIED.
MM INDICATES DATA IS MISSING.
T  INDICATES TRACE AMOUNT.




$$
