000
CDUS43 KGRR 182129
CLILAN


CLIMATE REPORT
NATIONAL WEATHER SERVICE GRAND RAPIDS, MI
529 PM EDT TUE APR 18 2017


...................................

...THE LANSING MI CLIMATE SUMMARY FOR APRIL 18 2017...
VALID TODAY AS OF 0500 PM LOCAL TIME.

CLIMATE NORMAL PERIOD 1981 TO 2010
CLIMATE RECORD PERIOD 1864 TO 2017


WEATHER ITEM   OBSERVED TIME   RECORD YEAR NORMAL DEPARTURE LAST
                VALUE   (LST)  VALUE       VALUE  FROM      YEAR
                                                  NORMAL
..................................................................
TEMPERATURE (F)
 TODAY
  MAXIMUM         70    349 PM  86    2002  59     11       81
  MINIMUM         37    601 AM   8    1875  38     -1       50
  AVERAGE         54                        48      6       66

PRECIPITATION (IN)
  TODAY            0.00          2.53 1975   0.10  -0.10     0.00
  MONTH TO DATE    2.67                      1.84   0.83     1.27
  SINCE MAR 1      6.30                      3.90   2.40     5.52
  SINCE JAN 1     12.58                      7.02   5.56     8.68

SNOWFALL (IN)
  TODAY            0.0           1.0  1875   0.1   -0.1      0.0
  MONTH TO DATE    0.4                       1.6   -1.2      7.5
  SINCE MAR 1      2.6                       8.6   -6.0     16.4
  SINCE JUL 1     30.2                      50.8  -20.6     50.0
  SNOW DEPTH       0

DEGREE DAYS
 HEATING
  TODAY           11                        17     -6        0
  MONTH TO DATE  255                       360   -105      425
  SINCE MAR 1   1180                      1289   -109     1188
  SINCE JUL 1   5225                      6224   -999     5348

 COOLING
  TODAY            0                         0      0        1
  MONTH TO DATE    2                         0      2        1
  SINCE MAR 1      2                         1      1        1
  SINCE JAN 1      2                         1      1        1
..................................................................


WIND (MPH)
  RESULTANT WIND SPEED   8   RESULTANT WIND DIRECTION  SE (130)
  HIGHEST WIND SPEED    21   HIGHEST WIND DIRECTION    SE (150)
  HIGHEST GUST SPEED    27   HIGHEST GUST DIRECTION    SE (140)
  AVERAGE WIND SPEED     9.7


SKY COVER
  AVERAGE SKY COVER 0.2


WEATHER CONDITIONS
 THE FOLLOWING WEATHER WAS RECORDED TODAY.
  NO SIGNIFICANT WEATHER WAS OBSERVED.


RELATIVE HUMIDITY (PERCENT)
 HIGHEST    92           400 AM
 LOWEST     33           400 PM
 AVERAGE    63

..........................................................


THE LANSING MI CLIMATE NORMALS FOR TOMORROW
                         NORMAL    RECORD    YEAR
 MAXIMUM TEMPERATURE (F)   59        81      2005
                                             1985
                                             1958
 MINIMUM TEMPERATURE (F)   38        14      1897


SUNRISE AND SUNSET
APRIL 18 2017.........SUNRISE   652 AM EDT   SUNSET   824 PM EDT
APRIL 19 2017.........SUNRISE   650 AM EDT   SUNSET   826 PM EDT


-  INDICATES NEGATIVE NUMBERS.
R  INDICATES RECORD WAS SET OR TIED.
MM INDICATES DATA IS MISSING.
T  INDICATES TRACE AMOUNT.




$$
