000
CDUS43 KGRR 192126
CLILAN


CLIMATE REPORT
NATIONAL WEATHER SERVICE GRAND RAPIDS, MI
525 PM EDT SUN MAR 19 2017


...................................

...THE LANSING MI CLIMATE SUMMARY FOR MARCH 19 2017...
VALID TODAY AS OF 0500 PM LOCAL TIME.

CLIMATE NORMAL PERIOD 1981 TO 2010
CLIMATE RECORD PERIOD 1864 TO 2017


WEATHER ITEM   OBSERVED TIME   RECORD YEAR NORMAL DEPARTURE LAST
                VALUE   (LST)  VALUE       VALUE  FROM      YEAR
                                                  NORMAL
..................................................................
TEMPERATURE (F)
 TODAY
  MAXIMUM         48    315 PM  79    2012  45      3       40
  MINIMUM         34    810 AM -11    1885  27      7       25
  AVERAGE         41                        36      5       33

PRECIPITATION (IN)
  TODAY            0.00          2.06 1948   0.06  -0.06     0.00
  MONTH TO DATE    0.82                      1.16  -0.34     1.89
  SINCE MAR 1      0.82                      1.16  -0.34     1.89
  SINCE JAN 1      7.10                      4.28   2.82     5.05

SNOWFALL (IN)
  TODAY            0.0           5.1  1925   0.2   -0.2      0.0
  MONTH TO DATE    2.2                       5.1   -2.9      8.9
  SINCE MAR 1      2.2                       5.1   -2.9      8.9
  SINCE JUL 1     29.8                      47.3  -17.5     42.5
  SNOW DEPTH       0

DEGREE DAYS
 HEATING
  TODAY           24                        29     -5       32
  MONTH TO DATE  645                       616     29      480
  SINCE MAR 1    645                       616     29      480
  SINCE JUL 1   4690                      5551   -861     4640

 COOLING
  TODAY            0                         0      0        0
  MONTH TO DATE    0                         0      0        0
  SINCE MAR 1      0                         0      0        0
  SINCE JAN 1      0                         0      0        0
..................................................................


WIND (MPH)
  RESULTANT WIND SPEED   3   RESULTANT WIND DIRECTION   N (360)
  HIGHEST WIND SPEED    12   HIGHEST WIND DIRECTION     S (170)
  HIGHEST GUST SPEED    14   HIGHEST GUST DIRECTION     S (170)
  AVERAGE WIND SPEED     4.7


SKY COVER
  AVERAGE SKY COVER 0.8


WEATHER CONDITIONS
 THE FOLLOWING WEATHER WAS RECORDED TODAY.
  FOG
  HAZE


RELATIVE HUMIDITY (PERCENT)
 HIGHEST    89           300 AM
 LOWEST     49           300 PM
 AVERAGE    69

..........................................................


THE LANSING MI CLIMATE NORMALS FOR TOMORROW
                         NORMAL    RECORD    YEAR
 MAXIMUM TEMPERATURE (F)   46        83      2012
 MINIMUM TEMPERATURE (F)   27       -12      1885


SUNRISE AND SUNSET
MARCH 19 2017.........SUNRISE   743 AM EDT   SUNSET   750 PM EDT
MARCH 20 2017.........SUNRISE   741 AM EDT   SUNSET   751 PM EDT


-  INDICATES NEGATIVE NUMBERS.
R  INDICATES RECORD WAS SET OR TIED.
MM INDICATES DATA IS MISSING.
T  INDICATES TRACE AMOUNT.




$$
