537
CDUS43 KGRR 270517
CLILAN


CLIMATE REPORT
NATIONAL WEATHER SERVICE GRAND RAPIDS, MI
116 AM EDT WED JUL 27 2016


...................................

...THE LANSING MI CLIMATE SUMMARY FOR JULY 26 2016...

CLIMATE NORMAL PERIOD 1981 TO 2010
CLIMATE RECORD PERIOD 1864 TO 2016


WEATHER ITEM   OBSERVED TIME   RECORD YEAR NORMAL DEPARTURE LAST
                VALUE   (LST)  VALUE       VALUE  FROM      YEAR
                                                  NORMAL
..................................................................
TEMPERATURE (F)
 YESTERDAY
  MAXIMUM         87    331 PM  97    1966  82      5       87
  MINIMUM         61    529 AM  42    1891  61      0       60
  AVERAGE         74                        71      3       74

PRECIPITATION (IN)
  YESTERDAY        0.00          4.34 1897   0.10  -0.10     0.00
  MONTH TO DATE    3.16                      2.36   0.80     2.39
  SINCE JUN 1      3.75                      5.81  -2.06    11.46
  SINCE JAN 1     16.66                     17.38  -0.72    19.51

SNOWFALL (IN)
  YESTERDAY        0.0           0.0    MM   0.0    0.0      0.0
  MONTH TO DATE    0.0                       0.0    0.0      0.0
  SINCE JUN 1      0.0                       0.0    0.0      0.0
  SINCE JUL 1      0.0                       0.0    0.0      0.0
  SNOW DEPTH       0

DEGREE DAYS
 HEATING
  YESTERDAY        0                         0      0        0
  MONTH TO DATE    3                         2      1       12
  SINCE JUN 1     37                        57    -20       48
  SINCE JUL 1      3                         2      1       12

 COOLING
  YESTERDAY        9                         7      2        9
  MONTH TO DATE  236                       182     54      125
  SINCE JUN 1    384                       314     70      212
  SINCE JAN 1    446                       355     91      271
..................................................................


WIND (MPH)
  RESULTANT WIND SPEED   3   RESULTANT WIND DIRECTION   W (280)
  HIGHEST WIND SPEED    12   HIGHEST WIND DIRECTION     W (280)
  HIGHEST GUST SPEED    23   HIGHEST GUST DIRECTION    NW (310)
  AVERAGE WIND SPEED     3.4


SKY COVER
  AVERAGE SKY COVER 0.1


WEATHER CONDITIONS
 THE FOLLOWING WEATHER WAS RECORDED YESTERDAY.
  FOG


RELATIVE HUMIDITY (PERCENT)
 HIGHEST    93           300 AM
 LOWEST     39           300 PM
 AVERAGE    66

..........................................................


THE LANSING MI CLIMATE NORMALS FOR TODAY
                         NORMAL    RECORD    YEAR
 MAXIMUM TEMPERATURE (F)   82       100      1894
 MINIMUM TEMPERATURE (F)   61        42      1977


SUNRISE AND SUNSET
JULY 27 2016..........SUNRISE   625 AM EDT   SUNSET   904 PM EDT
JULY 28 2016..........SUNRISE   626 AM EDT   SUNSET   903 PM EDT


-  INDICATES NEGATIVE NUMBERS.
R  INDICATES RECORD WAS SET OR TIED.
MM INDICATES DATA IS MISSING.
T  INDICATES TRACE AMOUNT.




$$
