403
CDUS43 KGRR 270525
CLILAN


CLIMATE REPORT
NATIONAL WEATHER SERVICE GRAND RAPIDS, MI
125 AM EDT WED APR 27 2016


...................................

...THE LANSING MI CLIMATE SUMMARY FOR APRIL 26 2016...

CLIMATE NORMAL PERIOD 1981 TO 2010
CLIMATE RECORD PERIOD 1864 TO 2016


WEATHER ITEM   OBSERVED TIME   RECORD YEAR NORMAL DEPARTURE LAST
                VALUE   (LST)  VALUE       VALUE  FROM      YEAR
                                                  NORMAL
..................................................................
TEMPERATURE (F)
 YESTERDAY
  MAXIMUM         51   1214 AM  88    1915  62    -11       60
  MINIMUM         36   1159 PM  22    1874  41     -5       28
  AVERAGE         44                        51     -7       44

PRECIPITATION (IN)
  YESTERDAY        0.02          0.85 1995   0.10  -0.08     0.00
  MONTH TO DATE    1.75                      2.63  -0.88     1.27
  SINCE MAR 1      6.00                      4.69   1.31     2.01
  SINCE JAN 1      9.16                      7.81   1.35     4.26

SNOWFALL (IN)
  YESTERDAY        0.0           0.4  1945   0.0    0.0      0.0
  MONTH TO DATE    7.5                       1.8    5.7       T
  SINCE MAR 1     16.4                       8.8    7.6      1.9
  SINCE JUL 1     50.0                      51.0   -1.0     35.6
  SNOW DEPTH       0

DEGREE DAYS
 HEATING
  YESTERDAY       21                        14      7       21
  MONTH TO DATE  524                       481     43      455
  SINCE MAR 1   1287                      1410   -123     1446
  SINCE JUL 1   5447                      6345   -898     6940

 COOLING
  YESTERDAY        0                         0      0        0
  MONTH TO DATE    1                         0      1        0
  SINCE MAR 1      1                         1      0        0
  SINCE JAN 1      1                         1      0        0
..................................................................


WIND (MPH)
  RESULTANT WIND SPEED   9   RESULTANT WIND DIRECTION  NE (30)
  HIGHEST WIND SPEED    18   HIGHEST WIND DIRECTION    NE (60)
  HIGHEST GUST SPEED    24   HIGHEST GUST DIRECTION    NE (40)
  AVERAGE WIND SPEED     9.5


SKY COVER
  AVERAGE SKY COVER 0.9


WEATHER CONDITIONS
 THE FOLLOWING WEATHER WAS RECORDED YESTERDAY.
  THUNDERSTORM
  LIGHT RAIN
  FOG
  FOG W/VISIBILITY <= 1/4 MILE


RELATIVE HUMIDITY (PERCENT)
 HIGHEST   100           400 AM
 LOWEST     76           300 PM
 AVERAGE    88

..........................................................


THE LANSING MI CLIMATE NORMALS FOR TODAY
                         NORMAL    RECORD    YEAR
 MAXIMUM TEMPERATURE (F)   63        84      1990
                                             1986
 MINIMUM TEMPERATURE (F)   41        24      1867


SUNRISE AND SUNSET
APRIL 27 2016.........SUNRISE   638 AM EDT   SUNSET   835 PM EDT
APRIL 28 2016.........SUNRISE   636 AM EDT   SUNSET   836 PM EDT


-  INDICATES NEGATIVE NUMBERS.
R  INDICATES RECORD WAS SET OR TIED.
MM INDICATES DATA IS MISSING.
T  INDICATES TRACE AMOUNT.




$$
