000
CDUS43 KGRR 150547
CLILAN


CLIMATE REPORT
NATIONAL WEATHER SERVICE GRAND RAPIDS, MI
1246 AM EST SUN JAN 15 2017


...................................

...THE LANSING MI CLIMATE SUMMARY FOR JANUARY 14 2017...

CLIMATE NORMAL PERIOD 1981 TO 2010
CLIMATE RECORD PERIOD 1864 TO 2017


WEATHER ITEM   OBSERVED TIME   RECORD YEAR NORMAL DEPARTURE LAST
                VALUE   (LST)  VALUE       VALUE  FROM      YEAR
                                                  NORMAL
..................................................................
TEMPERATURE (F)
 YESTERDAY
  MAXIMUM         30    439 PM  55    1995  30      0       34
  MINIMUM         20    554 AM -16    1893  17      3       18
  AVERAGE         25                        23      2       26

PRECIPITATION (IN)
  YESTERDAY        0.00          0.85 1940   0.06  -0.06      T
  MONTH TO DATE    1.81                      0.83   0.98     1.09
  SINCE DEC 1      3.57                      2.70   0.87     3.81
  SINCE JAN 1      1.81                      0.83   0.98     1.09

SNOWFALL (IN)
  YESTERDAY        0.0           8.0  1910   0.5   -0.5       T
  MONTH TO DATE    3.7                       6.4   -2.7      5.7
  SINCE DEC 1     19.8                      19.4    0.4      7.6
  SINCE JUL 1     19.8                      23.2   -3.4     15.8
  SNOW DEPTH       0

DEGREE DAYS
 HEATING
  YESTERDAY       40                        42     -2       39
  MONTH TO DATE  568                       579    -11      549
  SINCE DEC 1   1710                      1717     -7     1346
  SINCE JUL 1   2685                      3131   -446     2454

 COOLING
  YESTERDAY        0                         0      0        0
  MONTH TO DATE    0                         0      0        0
  SINCE DEC 1      0                         0      0        0
  SINCE JAN 1      0                         0      0        0
..................................................................


WIND (MPH)
  RESULTANT WIND SPEED   1   RESULTANT WIND DIRECTION   S (180)
  HIGHEST WIND SPEED     9   HIGHEST WIND DIRECTION    NW (300)
  HIGHEST GUST SPEED    11   HIGHEST GUST DIRECTION     W (270)
  AVERAGE WIND SPEED     4.4


SKY COVER
  AVERAGE SKY COVER 0.5


WEATHER CONDITIONS
 THE FOLLOWING WEATHER WAS RECORDED YESTERDAY.
  NO SIGNIFICANT WEATHER WAS OBSERVED.


RELATIVE HUMIDITY (PERCENT)
 HIGHEST    77           500 AM
 LOWEST     63           300 PM
 AVERAGE    70

..........................................................


THE LANSING MI CLIMATE NORMALS FOR TODAY
                         NORMAL    RECORD    YEAR
 MAXIMUM TEMPERATURE (F)   30        56      1953
 MINIMUM TEMPERATURE (F)   17       -25      1984


SUNRISE AND SUNSET
JANUARY 15 2017.......SUNRISE   806 AM EST   SUNSET   530 PM EST
JANUARY 16 2017.......SUNRISE   806 AM EST   SUNSET   531 PM EST


-  INDICATES NEGATIVE NUMBERS.
R  INDICATES RECORD WAS SET OR TIED.
MM INDICATES DATA IS MISSING.
T  INDICATES TRACE AMOUNT.




$$
