000
CDUS43 KGRR 132237
CLILAN


CLIMATE REPORT
NATIONAL WEATHER SERVICE GRAND RAPIDS, MI
536 PM EST SAT JAN 13 2018


...................................

...THE LANSING MI CLIMATE SUMMARY FOR JANUARY 13 2018...
VALID TODAY AS OF 0500 PM LOCAL TIME.

CLIMATE NORMAL PERIOD 1981 TO 2010
CLIMATE RECORD PERIOD 1864 TO 2018


WEATHER ITEM   OBSERVED TIME   RECORD YEAR NORMAL DEPARTURE LAST
                VALUE   (LST)  VALUE       VALUE  FROM      YEAR
                                                  NORMAL
..................................................................
TEMPERATURE (F)
 TODAY
  MAXIMUM         16    403 PM  59    1950  30    -14       24
  MINIMUM          8    528 AM -17    1912  17     -9       17
  AVERAGE         12                        23    -11       21

PRECIPITATION (IN)
  TODAY            T             1.59 2005   0.05  -0.05     0.00
  MONTH TO DATE    0.79                      0.77   0.02     1.81
  SINCE DEC 1      2.11                      2.64  -0.53     3.57
  SINCE JAN 1      0.79                      0.77   0.02     1.81

SNOWFALL (IN)
  TODAY            T            10.3  1979   0.4   -0.4      0.0
  MONTH TO DATE    4.5                       5.9   -1.4      3.7
  SINCE DEC 1     21.9                      18.9    3.0     19.8
  SINCE JUL 1     22.3                      22.7   -0.4     19.8
  SNOW DEPTH       2

DEGREE DAYS
 HEATING
  TODAY           53                        42     11       44
  MONTH TO DATE  594                       537     57      528
  SINCE DEC 1   1857                      1675    182     1670
  SINCE JUL 1   3113                      3089     24     2645

 COOLING
  TODAY            0                         0      0        0
  MONTH TO DATE    0                         0      0        0
  SINCE DEC 1      0                         0      0        0
  SINCE JAN 1      0                         0      0        0
..................................................................


WIND (MPH)
  RESULTANT WIND SPEED   8   RESULTANT WIND DIRECTION  NW (330)
  HIGHEST WIND SPEED    18   HIGHEST WIND DIRECTION     N (350)
  HIGHEST GUST SPEED    24   HIGHEST GUST DIRECTION     N (10)
  AVERAGE WIND SPEED     9.0


SKY COVER
  AVERAGE SKY COVER 0.8


WEATHER CONDITIONS
 THE FOLLOWING WEATHER WAS RECORDED TODAY.
  LIGHT SNOW
  FOG


RELATIVE HUMIDITY (PERCENT)
 HIGHEST    80           500 AM
 LOWEST     53          1100 AM
 AVERAGE    67

..........................................................


THE LANSING MI CLIMATE NORMALS FOR TOMORROW
                         NORMAL    RECORD    YEAR
 MAXIMUM TEMPERATURE (F)   30        55      1995
 MINIMUM TEMPERATURE (F)   17       -16      1893


SUNRISE AND SUNSET
JANUARY 13 2018.......SUNRISE   807 AM EST   SUNSET   528 PM EST
JANUARY 14 2018.......SUNRISE   807 AM EST   SUNSET   529 PM EST


-  INDICATES NEGATIVE NUMBERS.
R  INDICATES RECORD WAS SET OR TIED.
MM INDICATES DATA IS MISSING.
T  INDICATES TRACE AMOUNT.




$$

JAM
