000
CDUS43 KGRR 040532
CLILAN


CLIMATE REPORT
NATIONAL WEATHER SERVICE GRAND RAPIDS, MI
1231 AM EST THU FEB 4 2016


...................................

...THE LANSING MI CLIMATE SUMMARY FOR FEBRUARY 3 2016...

CLIMATE NORMAL PERIOD 1981 TO 2010
CLIMATE RECORD PERIOD 1864 TO 2016


WEATHER ITEM   OBSERVED TIME   RECORD YEAR NORMAL DEPARTURE LAST
                VALUE   (LST)  VALUE       VALUE  FROM      YEAR
                                                  NORMAL
..................................................................
TEMPERATURE (F)
 YESTERDAY
  MAXIMUM         44   1217 PM  53    1991  31     13       24
  MINIMUM         31   1159 PM -29    1868  17     14        5
  AVERAGE         38                        24     14       15

PRECIPITATION (IN)
  YESTERDAY        0.07          1.00 1883   0.04   0.03     0.06
  MONTH TO DATE    0.50                      0.13   0.37     0.71
  SINCE DEC 1      4.67                      3.65   1.02     3.62
  SINCE JAN 1      1.95                      1.78   0.17     2.06

SNOWFALL (IN)
  YESTERDAY        0.1           9.0  1901   0.4   -0.3      0.8
  MONTH TO DATE    0.1                       1.3   -1.2     10.5
  SINCE DEC 1      9.8                      28.1  -18.3     23.2
  SINCE JUL 1     18.0                      31.9  -13.9     29.4
  SNOW DEPTH       0

DEGREE DAYS
 HEATING
  YESTERDAY       27                        41    -14       50
  MONTH TO DATE   91                       123    -32      148
  SINCE DEC 1   2099                      2549   -450     2555
  SINCE JUL 1   3207                      3963   -756     4151

 COOLING
  YESTERDAY        0                         0      0        0
  MONTH TO DATE    0                         0      0        0
  SINCE DEC 1      0                         0      0        0
  SINCE JAN 1      0                         0      0        0
..................................................................


WIND (MPH)
  RESULTANT WIND SPEED  11   RESULTANT WIND DIRECTION  SW (240)
  HIGHEST WIND SPEED    32   HIGHEST WIND DIRECTION    SW (220)
  HIGHEST GUST SPEED    39   HIGHEST GUST DIRECTION    SW (210)
  AVERAGE WIND SPEED    13.5


SKY COVER
  AVERAGE SKY COVER 1.0


WEATHER CONDITIONS
 THE FOLLOWING WEATHER WAS RECORDED YESTERDAY.
  LIGHT RAIN
  LIGHT SNOW
  FOG
  FOG W/VISIBILITY <= 1/4 MILE


RELATIVE HUMIDITY (PERCENT)
 HIGHEST   100           700 AM
 LOWEST     70           100 PM
 AVERAGE    85

..........................................................


THE LANSING MI CLIMATE NORMALS FOR TODAY
                         NORMAL    RECORD    YEAR
 MAXIMUM TEMPERATURE (F)   31        61      1890
 MINIMUM TEMPERATURE (F)   17       -24      1895


SUNRISE AND SUNSET
FEBRUARY  4 2016......SUNRISE   750 AM EST   SUNSET   555 PM EST
FEBRUARY  5 2016......SUNRISE   749 AM EST   SUNSET   556 PM EST


-  INDICATES NEGATIVE NUMBERS.
R  INDICATES RECORD WAS SET OR TIED.
MM INDICATES DATA IS MISSING.
T  INDICATES TRACE AMOUNT.




$$

JAM
