000
CDUS43 KGRR 152225
CLILAN


CLIMATE REPORT
NATIONAL WEATHER SERVICE GRAND RAPIDS, MI
525 PM EST SUN JAN 15 2017


...................................

...THE LANSING MI CLIMATE SUMMARY FOR JANUARY 15 2017...
VALID TODAY AS OF 0500 PM LOCAL TIME.

CLIMATE NORMAL PERIOD 1981 TO 2010
CLIMATE RECORD PERIOD 1864 TO 2017


WEATHER ITEM   OBSERVED TIME   RECORD YEAR NORMAL DEPARTURE LAST
                VALUE   (LST)  VALUE       VALUE  FROM      YEAR
                                                  NORMAL
..................................................................
TEMPERATURE (F)
 TODAY
  MAXIMUM         35    354 PM  56    1953  30      5       42
  MINIMUM         15    829 AM -25    1984  17     -2       22
  AVERAGE         25                        23      2       32

PRECIPITATION (IN)
  TODAY            0.00          2.52 1871   0.05  -0.05     0.05
  MONTH TO DATE    1.81                      0.88   0.93     1.14
  SINCE DEC 1      3.57                      2.75   0.82     3.86
  SINCE JAN 1      1.81                      0.88   0.93     1.14

SNOWFALL (IN)
  TODAY            0.0           5.0  1871   0.4   -0.4      0.0
  MONTH TO DATE    3.7                       6.8   -3.1      5.7
  SINCE DEC 1     19.8                      19.8    0.0      7.6
  SINCE JUL 1     19.8                      23.6   -3.8     15.8
  SNOW DEPTH       T

DEGREE DAYS
 HEATING
  TODAY           40                        42     -2       33
  MONTH TO DATE  608                       621    -13      582
  SINCE DEC 1   1750                      1759     -9     1379
  SINCE JUL 1   2725                      3173   -448     2487

 COOLING
  TODAY            0                         0      0        0
  MONTH TO DATE    0                         0      0        0
  SINCE DEC 1      0                         0      0        0
  SINCE JAN 1      0                         0      0        0
..................................................................


WIND (MPH)
  RESULTANT WIND SPEED   2   RESULTANT WIND DIRECTION  SW (240)
  HIGHEST WIND SPEED    12   HIGHEST WIND DIRECTION    SW (220)
  HIGHEST GUST SPEED    14   HIGHEST GUST DIRECTION    SW (230)
  AVERAGE WIND SPEED     2.9


SKY COVER
  AVERAGE SKY COVER 0.0


WEATHER CONDITIONS
 THE FOLLOWING WEATHER WAS RECORDED TODAY.
  FOG
  HAZE


RELATIVE HUMIDITY (PERCENT)
 HIGHEST    92          1000 AM
 LOWEST     56           400 PM
 AVERAGE    74

..........................................................


THE LANSING MI CLIMATE NORMALS FOR TOMORROW
                         NORMAL    RECORD    YEAR
 MAXIMUM TEMPERATURE (F)   30        55      1949
 MINIMUM TEMPERATURE (F)   17       -17      1984


SUNRISE AND SUNSET
JANUARY 15 2017.......SUNRISE   806 AM EST   SUNSET   530 PM EST
JANUARY 16 2017.......SUNRISE   806 AM EST   SUNSET   531 PM EST


-  INDICATES NEGATIVE NUMBERS.
R  INDICATES RECORD WAS SET OR TIED.
MM INDICATES DATA IS MISSING.
T  INDICATES TRACE AMOUNT.




$$
