000
CDUS43 KGRR 160540
CLILAN


CLIMATE REPORT
NATIONAL WEATHER SERVICE GRAND RAPIDS, MI
1240 AM EST FRI FEB 16 2018


...................................

...THE LANSING MI CLIMATE SUMMARY FOR FEBRUARY 15 2018...

CLIMATE NORMAL PERIOD 1981 TO 2010
CLIMATE RECORD PERIOD 1864 TO 2018


WEATHER ITEM   OBSERVED TIME   RECORD YEAR NORMAL DEPARTURE LAST
                VALUE   (LST)  VALUE       VALUE  FROM      YEAR
                                                  NORMAL
..................................................................
TEMPERATURE (F)
 YESTERDAY
  MAXIMUM         46    451 PM  60    1976  33     13       32
                                      1954
  MINIMUM         36   1159 PM -24    1866  18     18       24
  AVERAGE         41                        26     15       28

PRECIPITATION (IN)
  YESTERDAY        0.00          1.00 1867   0.05  -0.05      T
  MONTH TO DATE    1.35                      0.71   0.64     1.04
  SINCE DEC 1      4.65                      4.23   0.42     6.45
  SINCE JAN 1      3.33                      2.36   0.97     4.69

SNOWFALL (IN)
  YESTERDAY        0.0           4.6  1990   0.4   -0.4       T
  MONTH TO DATE   14.9                       6.4    8.5      2.3
  SINCE DEC 1     44.5                      33.2   11.3     27.5
  SINCE JUL 1     44.9                      37.0    7.9     27.5
  SNOW DEPTH       5

DEGREE DAYS
 HEATING
  YESTERDAY       24                        39    -15       37
  MONTH TO DATE  672                       606     66      545
  SINCE DEC 1   3191                      3032    159     2795
  SINCE JUL 1   4447                      4446      1     3770

 COOLING
  YESTERDAY        0                         0      0        0
  MONTH TO DATE    0                         0      0        0
  SINCE DEC 1      0                         0      0        0
  SINCE JAN 1      0                         0      0        0
..................................................................


WIND (MPH)
  RESULTANT WIND SPEED   8   RESULTANT WIND DIRECTION  SW (240)
  HIGHEST WIND SPEED    20   HIGHEST WIND DIRECTION    SW (220)
  HIGHEST GUST SPEED    24   HIGHEST GUST DIRECTION    SW (230)
  AVERAGE WIND SPEED     9.5


SKY COVER
  AVERAGE SKY COVER 0.8


WEATHER CONDITIONS
 THE FOLLOWING WEATHER WAS RECORDED YESTERDAY.
  FOG
  FOG W/VISIBILITY <= 1/4 MILE


RELATIVE HUMIDITY (PERCENT)
 HIGHEST   100          1200 AM
 LOWEST     85          1100 PM
 AVERAGE    93

..........................................................


THE LANSING MI CLIMATE NORMALS FOR TODAY
                         NORMAL    RECORD    YEAR
 MAXIMUM TEMPERATURE (F)   33        59      1921
 MINIMUM TEMPERATURE (F)   19       -22      1896
                                             1866


SUNRISE AND SUNSET
FEBRUARY 16 2018......SUNRISE   734 AM EST   SUNSET   611 PM EST
FEBRUARY 17 2018......SUNRISE   733 AM EST   SUNSET   613 PM EST


-  INDICATES NEGATIVE NUMBERS.
R  INDICATES RECORD WAS SET OR TIED.
MM INDICATES DATA IS MISSING.
T  INDICATES TRACE AMOUNT.




$$
