000
CDUS43 KGRR 280515
CLILAN


CLIMATE REPORT
NATIONAL WEATHER SERVICE GRAND RAPIDS, MI
115 AM EDT SUN SEP 28 2014


...................................

...THE LANSING MI CLIMATE SUMMARY FOR SEPTEMBER 27 2014...

CLIMATE NORMAL PERIOD 1981 TO 2010
CLIMATE RECORD PERIOD 1864 TO 2014


WEATHER ITEM   OBSERVED TIME   RECORD YEAR NORMAL DEPARTURE LAST
                VALUE   (LST)  VALUE       VALUE  FROM      YEAR
                                                  NORMAL
..................................................................
TEMPERATURE (F)
 YESTERDAY
  MAXIMUM         77    350 PM  88    1891  68      9       77
                                      1873
  MINIMUM         48    639 AM  25    1869  47      1       44
  AVERAGE         63                        57      6       61

PRECIPITATION (IN)
  YESTERDAY        0.00          1.34 1916   0.11  -0.11     0.00
  MONTH TO DATE    2.31                      3.17  -0.86     0.86
  SINCE SEP 1      2.31                      3.17  -0.86     0.86
  SINCE JAN 1     29.53                     24.26   5.27    33.78

SNOWFALL (IN)
  YESTERDAY        0.0           T    1942   0.0    0.0      0.0
  MONTH TO DATE    0.0                       0.0    0.0      0.0
  SINCE SEP 1      0.0                       0.0    0.0      0.0
  SINCE JUL 1      0.0                       0.0    0.0      0.0
  SNOW DEPTH       0

DEGREE DAYS
 HEATING
  YESTERDAY        2                         9     -7        4
  MONTH TO DATE  146                       125     21      142
  SINCE SEP 1    146                       125     21      142
  SINCE JUL 1    186                       160     26      177

 COOLING
  YESTERDAY        0                         1     -1        0
  MONTH TO DATE   43                        59    -16       63
  SINCE SEP 1     43                        59    -16       63
  SINCE JAN 1    488                       616   -128      651
..................................................................


WIND (MPH)
  RESULTANT WIND SPEED   3   RESULTANT WIND DIRECTION   E (90)
  HIGHEST WIND SPEED    13   HIGHEST WIND DIRECTION     E (100)
  HIGHEST GUST SPEED    19   HIGHEST GUST DIRECTION     E (70)
  AVERAGE WIND SPEED     3.4


SKY COVER
  AVERAGE SKY COVER 0.1


WEATHER CONDITIONS
 THE FOLLOWING WEATHER WAS RECORDED YESTERDAY.
  FOG
  FOG W/VISIBILITY <= 1/4 MILE
  HAZE


RELATIVE HUMIDITY (PERCENT)
 HIGHEST   100           400 AM
 LOWEST     46           100 PM
 AVERAGE    73

..........................................................


THE LANSING MI CLIMATE NORMALS FOR TODAY
                         NORMAL    RECORD    YEAR
 MAXIMUM TEMPERATURE (F)   68        88      1905
 MINIMUM TEMPERATURE (F)   46        22      1991
                                             1893


SUNRISE AND SUNSET
SEPTEMBER 28 2014.....SUNRISE   732 AM EDT   SUNSET   725 PM EDT
SEPTEMBER 29 2014.....SUNRISE   733 AM EDT   SUNSET   723 PM EDT


-  INDICATES NEGATIVE NUMBERS.
R  INDICATES RECORD WAS SET OR TIED.
MM INDICATES DATA IS MISSING.
T  INDICATES TRACE AMOUNT.




$$
