000
CDUS43 KGRR 280523
CLILAN


CLIMATE REPORT
NATIONAL WEATHER SERVICE GRAND RAPIDS, MI
123 AM EDT MON JUL 28 2014


...................................

...THE LANSING MI CLIMATE SUMMARY FOR JULY 27 2014...

CLIMATE NORMAL PERIOD 1981 TO 2010
CLIMATE RECORD PERIOD 1864 TO 2014


WEATHER ITEM   OBSERVED TIME   RECORD YEAR NORMAL DEPARTURE LAST
                VALUE   (LST)  VALUE       VALUE  FROM      YEAR
                                                  NORMAL
..................................................................
TEMPERATURE (F)
 YESTERDAY
  MAXIMUM         82    107 PM 100    1894  82      0       74
  MINIMUM         60   1154 PM  42    1977  61     -1       53
  AVERAGE         71                        71      0       64

PRECIPITATION (IN)
  YESTERDAY        0.36          2.15 2011   0.10   0.26     0.04
  MONTH TO DATE    4.76                      2.46   2.30     1.33
  SINCE JUN 1     11.16                      5.91   5.25     9.73
  SINCE JAN 1     22.37                     17.48   4.89    27.73

SNOWFALL (IN)
  YESTERDAY        0.0           0.0    MM   0.0    0.0      0.0
  MONTH TO DATE    0.0                       0.0    0.0      0.0
  SINCE JUN 1      0.0                       0.0    0.0      0.0
  SINCE JUL 1      0.0                       0.0    0.0      0.0
  SNOW DEPTH       0

DEGREE DAYS
 HEATING
  YESTERDAY        0                         0      0        1
  MONTH TO DATE   19                         2     17        7
  SINCE JUN 1     43                        57    -14       57
  SINCE JUL 1     19                         2     17        7

 COOLING
  YESTERDAY        6                         7     -1        0
  MONTH TO DATE  104                       189    -85      225
  SINCE JUN 1    251                       321    -70      358
  SINCE JAN 1    290                       362    -72      431
..................................................................


WIND (MPH)
  RESULTANT WIND SPEED   4   RESULTANT WIND DIRECTION   W (260)
  HIGHEST WIND SPEED    26   HIGHEST WIND DIRECTION    NW (320)
  HIGHEST GUST SPEED    34   HIGHEST GUST DIRECTION     W (290)
  AVERAGE WIND SPEED     6.2


SKY COVER
  AVERAGE SKY COVER 0.5


WEATHER CONDITIONS
 THE FOLLOWING WEATHER WAS RECORDED YESTERDAY.
  THUNDERSTORM
  LIGHT RAIN
  FOG
  FOG W/VISIBILITY <= 1/4 MILE
  HAZE


RELATIVE HUMIDITY (PERCENT)
 HIGHEST   100           700 AM
 LOWEST     58           200 PM
 AVERAGE    79

..........................................................


THE LANSING MI CLIMATE NORMALS FOR TODAY
                         NORMAL    RECORD    YEAR
 MAXIMUM TEMPERATURE (F)   82        97      1916
 MINIMUM TEMPERATURE (F)   61        43      1978
                                             1874


SUNRISE AND SUNSET
JULY 28 2014..........SUNRISE   626 AM EDT   SUNSET   903 PM EDT
JULY 29 2014..........SUNRISE   627 AM EDT   SUNSET   902 PM EDT


-  INDICATES NEGATIVE NUMBERS.
R  INDICATES RECORD WAS SET OR TIED.
MM INDICATES DATA IS MISSING.
T  INDICATES TRACE AMOUNT.




$$
