000
CDUS43 KGRR 270517
CLILAN


CLIMATE REPORT
NATIONAL WEATHER SERVICE GRAND RAPIDS, MI
116 AM EDT WED MAY 27 2015


...................................

...THE LANSING MI CLIMATE SUMMARY FOR MAY 26 2015...

CLIMATE NORMAL PERIOD 1981 TO 2010
CLIMATE RECORD PERIOD 1864 TO 2015


WEATHER ITEM   OBSERVED TIME   RECORD YEAR NORMAL DEPARTURE LAST
                VALUE   (LST)  VALUE       VALUE  FROM      YEAR
                                                  NORMAL
..................................................................
TEMPERATURE (F)
 YESTERDAY
  MAXIMUM         82    340 PM  90    1911  72     10       85
  MINIMUM         65    625 AM  31    1891  50     15       56
  AVERAGE         74                        61     13       71

PRECIPITATION (IN)
  YESTERDAY        0.34          1.77 1932   0.11   0.23     0.00
  MONTH TO DATE    2.61                      2.79  -0.18     4.13
  SINCE MAR 1      4.64                      7.88  -3.24     7.18
  SINCE JAN 1      6.89                     11.00  -4.11    11.10

SNOWFALL (IN)
  YESTERDAY        0.0           T    1932   0.0    0.0      0.0
  MONTH TO DATE    0.0                       0.0    0.0      0.0
  SINCE MAR 1      1.9                       8.9   -7.0     11.1
  SINCE JUL 1     35.6                      51.1  -15.5     69.1
  SNOW DEPTH       0

DEGREE DAYS
 HEATING
  YESTERDAY        0                         6     -6        0
  MONTH TO DATE  150                       234    -84      227
  SINCE MAR 1   1662                      1697    -35     1971
  SINCE JUL 1   7156                      6632    524     7512

 COOLING
  YESTERDAY        9                         2      7        6
  MONTH TO DATE   48                        24     24       21
  SINCE MAR 1     48                        31     17       21
  SINCE JAN 1     48                        31     17       21
..................................................................


WIND (MPH)
  RESULTANT WIND SPEED  11   RESULTANT WIND DIRECTION   S (190)
  HIGHEST WIND SPEED    30   HIGHEST WIND DIRECTION     S (180)
  HIGHEST GUST SPEED    41   HIGHEST GUST DIRECTION     S (160)
  AVERAGE WIND SPEED    11.9


SKY COVER
  AVERAGE SKY COVER 0.4


WEATHER CONDITIONS
 THE FOLLOWING WEATHER WAS RECORDED YESTERDAY.
  THUNDERSTORM
  HEAVY RAIN
  RAIN
  LIGHT RAIN
  FOG
  HAZE


RELATIVE HUMIDITY (PERCENT)
 HIGHEST    93           500 AM
 LOWEST     58           200 PM
 AVERAGE    76

..........................................................


THE LANSING MI CLIMATE NORMALS FOR TODAY
                         NORMAL    RECORD    YEAR
 MAXIMUM TEMPERATURE (F)   72        93      1911
 MINIMUM TEMPERATURE (F)   50        27      1961


SUNRISE AND SUNSET
MAY 27 2015...........SUNRISE   606 AM EDT   SUNSET   906 PM EDT
MAY 28 2015...........SUNRISE   605 AM EDT   SUNSET   907 PM EDT


-  INDICATES NEGATIVE NUMBERS.
R  INDICATES RECORD WAS SET OR TIED.
MM INDICATES DATA IS MISSING.
T  INDICATES TRACE AMOUNT.




$$
