000
CDUS43 KGRR 300518
CLILAN


CLIMATE REPORT
NATIONAL WEATHER SERVICE GRAND RAPIDS, MI
117 AM EDT SAT AUG 30 2014


...................................

...THE LANSING MI CLIMATE SUMMARY FOR AUGUST 29 2014...

CLIMATE NORMAL PERIOD 1981 TO 2010
CLIMATE RECORD PERIOD 1864 TO 2014


WEATHER ITEM   OBSERVED TIME   RECORD YEAR NORMAL DEPARTURE LAST
                VALUE   (LST)  VALUE       VALUE  FROM      YEAR
                                                  NORMAL
..................................................................
TEMPERATURE (F)
 YESTERDAY
  MAXIMUM         78    411 PM  96    1973  78      0       87
  MINIMUM         61    648 AM  26    1863  57      4       62
  AVERAGE         70                        68      2       75

PRECIPITATION (IN)
  YESTERDAY        T             2.56 1932   0.10  -0.10     0.00
  MONTH TO DATE    4.49                      3.01   1.48     4.73
  SINCE JUN 1     15.75                      9.30   6.45    14.88
  SINCE JAN 1     26.96                     20.87   6.09    32.88

SNOWFALL (IN)
  YESTERDAY        0.0           0.0    MM   0.0    0.0      0.0
  MONTH TO DATE    0.0                       0.0    0.0      0.0
  SINCE JUN 1      0.0                       0.0    0.0      0.0
  SINCE JUL 1      0.0                       0.0    0.0      0.0
  SNOW DEPTH       0

DEGREE DAYS
 HEATING
  YESTERDAY        0                         1     -1        0
  MONTH TO DATE   11                        25    -14       19
  SINCE JUN 1     64                        91    -27       85
  SINCE JUL 1     40                        36      4       35

 COOLING
  YESTERDAY        5                         4      1       10
  MONTH TO DATE  135                       159    -24      135
  SINCE JUN 1    386                       504   -118      494
  SINCE JAN 1    425                       545   -120      567
..................................................................


WIND (MPH)
  RESULTANT WIND SPEED  10   RESULTANT WIND DIRECTION  SE (150)
  HIGHEST WIND SPEED    18   HIGHEST WIND DIRECTION     S (160)
  HIGHEST GUST SPEED    23   HIGHEST GUST DIRECTION     S (160)
  AVERAGE WIND SPEED    10.7


SKY COVER
  AVERAGE SKY COVER 0.3


WEATHER CONDITIONS
 THE FOLLOWING WEATHER WAS RECORDED YESTERDAY.
  LIGHT RAIN


RELATIVE HUMIDITY (PERCENT)
 HIGHEST    84           300 AM
 LOWEST     55          1100 AM
 AVERAGE    70

..........................................................


THE LANSING MI CLIMATE NORMALS FOR TODAY
                         NORMAL    RECORD    YEAR
 MAXIMUM TEMPERATURE (F)   78        97      1881
 MINIMUM TEMPERATURE (F)   57        30      1863


SUNRISE AND SUNSET
AUGUST 30 2014........SUNRISE   701 AM EDT   SUNSET   816 PM EDT
AUGUST 31 2014........SUNRISE   702 AM EDT   SUNSET   815 PM EDT


-  INDICATES NEGATIVE NUMBERS.
R  INDICATES RECORD WAS SET OR TIED.
MM INDICATES DATA IS MISSING.
T  INDICATES TRACE AMOUNT.




$$
