936
CDUS43 KGRR 250524
CLILAN


CLIMATE REPORT
NATIONAL WEATHER SERVICE GRAND RAPIDS, MI
124 AM EDT MON APR 25 2016


...................................

...THE LANSING MI CLIMATE SUMMARY FOR APRIL 24 2016...

CLIMATE NORMAL PERIOD 1981 TO 2010
CLIMATE RECORD PERIOD 1864 TO 2016


WEATHER ITEM   OBSERVED TIME   RECORD YEAR NORMAL DEPARTURE LAST
                VALUE   (LST)  VALUE       VALUE  FROM      YEAR
                                                  NORMAL
..................................................................
TEMPERATURE (F)
 YESTERDAY
  MAXIMUM         68    403 PM  87    1915  61      7       57
  MINIMUM         40    614 AM  23    1999  40      0       25
                                      1892
                                      1883
  AVERAGE         54                        51      3       41

PRECIPITATION (IN)
  YESTERDAY        0.00          1.08 1950   0.09  -0.09      T
  MONTH TO DATE    1.53                      2.43  -0.90     1.27
  SINCE MAR 1      5.78                      4.49   1.29     2.01
  SINCE JAN 1      8.94                      7.61   1.33     4.26

SNOWFALL (IN)
  YESTERDAY        0.0           3.4  2005   0.0    0.0      0.0
  MONTH TO DATE    7.5                       1.8    5.7       T
  SINCE MAR 1     16.4                       8.8    7.6      1.9
  SINCE JUL 1     50.0                      51.0   -1.0     35.6
  SNOW DEPTH       0

DEGREE DAYS
 HEATING
  YESTERDAY       11                        15     -4       24
  MONTH TO DATE  501                       453     48      416
  SINCE MAR 1   1264                      1382   -118     1407
  SINCE JUL 1   5424                      6317   -893     6901

 COOLING
  YESTERDAY        0                         0      0        0
  MONTH TO DATE    1                         0      1        0
  SINCE MAR 1      1                         1      0        0
  SINCE JAN 1      1                         1      0        0
..................................................................


WIND (MPH)
  RESULTANT WIND SPEED   6   RESULTANT WIND DIRECTION  SE (130)
  HIGHEST WIND SPEED    15   HIGHEST WIND DIRECTION    SE (140)
  HIGHEST GUST SPEED    20   HIGHEST GUST DIRECTION    SE (130)
  AVERAGE WIND SPEED     8.1


SKY COVER
  AVERAGE SKY COVER 0.1


WEATHER CONDITIONS
 THE FOLLOWING WEATHER WAS RECORDED YESTERDAY.
  NO SIGNIFICANT WEATHER WAS OBSERVED.


RELATIVE HUMIDITY (PERCENT)
 HIGHEST    70           600 AM
 LOWEST     31           300 PM
 AVERAGE    51

..........................................................


THE LANSING MI CLIMATE NORMALS FOR TODAY
                         NORMAL    RECORD    YEAR
 MAXIMUM TEMPERATURE (F)   62        86      1915
 MINIMUM TEMPERATURE (F)   40        17      1909


SUNRISE AND SUNSET
APRIL 25 2016.........SUNRISE   641 AM EDT   SUNSET   833 PM EDT
APRIL 26 2016.........SUNRISE   639 AM EDT   SUNSET   834 PM EDT


-  INDICATES NEGATIVE NUMBERS.
R  INDICATES RECORD WAS SET OR TIED.
MM INDICATES DATA IS MISSING.
T  INDICATES TRACE AMOUNT.




$$
