000
CDUS43 KGRR 180522
CLILAN


CLIMATE REPORT
NATIONAL WEATHER SERVICE GRAND RAPIDS, MI
121 AM EDT SAT MAR 18 2017


...................................

...THE LANSING MI CLIMATE SUMMARY FOR MARCH 17 2017...

CLIMATE NORMAL PERIOD 1981 TO 2010
CLIMATE RECORD PERIOD 1864 TO 2017


WEATHER ITEM   OBSERVED TIME   RECORD YEAR NORMAL DEPARTURE LAST
                VALUE   (LST)  VALUE       VALUE  FROM      YEAR
                                                  NORMAL
..................................................................
TEMPERATURE (F)
 YESTERDAY
  MAXIMUM         35   1057 AM  78    2012  44     -9       50
  MINIMUM         20    332 AM -10    1877  26     -6       33
  AVERAGE         28                        35     -7       42

PRECIPITATION (IN)
  YESTERDAY        0.12          1.44 1876   0.06   0.06      T
  MONTH TO DATE    0.73                      1.03  -0.30     1.89
  SINCE MAR 1      0.73                      1.03  -0.30     1.89
  SINCE JAN 1      7.01                      4.15   2.86     5.05

SNOWFALL (IN)
  YESTERDAY        0.2          13.9  1973   0.2    0.0      0.0
  MONTH TO DATE    1.8                       4.7   -2.9      8.9
  SINCE MAR 1      1.8                       4.7   -2.9      8.9
  SINCE JUL 1     29.4                      46.9  -17.5     42.5
  SNOW DEPTH       0

DEGREE DAYS
 HEATING
  YESTERDAY       37                        30      7       23
  MONTH TO DATE  592                       558     34      422
  SINCE MAR 1    592                       558     34      422
  SINCE JUL 1   4637                      5493   -856     4582

 COOLING
  YESTERDAY        0                         0      0        0
  MONTH TO DATE    0                         0      0        0
  SINCE MAR 1      0                         0      0        0
  SINCE JAN 1      0                         0      0        0
..................................................................


WIND (MPH)
  RESULTANT WIND SPEED   7   RESULTANT WIND DIRECTION  SE (150)
  HIGHEST WIND SPEED    18   HIGHEST WIND DIRECTION    SE (130)
  HIGHEST GUST SPEED    23   HIGHEST GUST DIRECTION    SE (130)
  AVERAGE WIND SPEED     8.3


SKY COVER
  AVERAGE SKY COVER 0.7


WEATHER CONDITIONS
 THE FOLLOWING WEATHER WAS RECORDED YESTERDAY.
  THUNDERSTORM
  LIGHT SNOW
  FOG
  FOG W/VISIBILITY <= 1/4 MILE


RELATIVE HUMIDITY (PERCENT)
 HIGHEST    96          1100 PM
 LOWEST     47          1000 AM
 AVERAGE    72

..........................................................


THE LANSING MI CLIMATE NORMALS FOR TODAY
                         NORMAL    RECORD    YEAR
 MAXIMUM TEMPERATURE (F)   45        75      1894
 MINIMUM TEMPERATURE (F)   27        -3      1885


SUNRISE AND SUNSET
MARCH 18 2017.........SUNRISE   745 AM EDT   SUNSET   749 PM EDT
MARCH 19 2017.........SUNRISE   743 AM EDT   SUNSET   750 PM EDT


-  INDICATES NEGATIVE NUMBERS.
R  INDICATES RECORD WAS SET OR TIED.
MM INDICATES DATA IS MISSING.
T  INDICATES TRACE AMOUNT.




$$
