000
CDUS43 KGRR 260516
CLILAN


CLIMATE REPORT
NATIONAL WEATHER SERVICE GRAND RAPIDS, MI
1216 AM EST MON JAN 26 2015


...................................

...THE LANSING MI CLIMATE SUMMARY FOR JANUARY 25 2015...

CLIMATE NORMAL PERIOD 1981 TO 2010
CLIMATE RECORD PERIOD 1864 TO 2015


WEATHER ITEM   OBSERVED TIME   RECORD YEAR NORMAL DEPARTURE LAST
                VALUE   (LST)  VALUE       VALUE  FROM      YEAR
                                                  NORMAL
..................................................................
TEMPERATURE (F)
 YESTERDAY
  MAXIMUM         33    252 AM  65    1950  30      3       25
  MINIMUM         15   1159 PM -16    2004  16     -1        3
                                      1883
  AVERAGE         24                        23      1       14

PRECIPITATION (IN)
  YESTERDAY        T             0.80 1867   0.05  -0.05     0.07
  MONTH TO DATE    1.30                      1.38  -0.08     1.86
  SINCE DEC 1      2.86                      3.25  -0.39     3.74
  SINCE JAN 1      1.30                      1.38  -0.08     1.86

SNOWFALL (IN)
  YESTERDAY        0.0           8.0  1867   0.4   -0.4      1.2
  MONTH TO DATE   10.7                      11.2   -0.5     18.8
  SINCE DEC 1     12.2                      24.2  -12.0     34.6
  SINCE JUL 1     18.4                      28.0   -9.6     35.3
  SNOW DEPTH       3

DEGREE DAYS
 HEATING
  YESTERDAY       41                        42     -1       51
  MONTH TO DATE 1118                      1041     77     1212
  SINCE DEC 1   2147                      2179    -32     2429
  SINCE JUL 1   3743                      3593    150     3875

 COOLING
  YESTERDAY        0                         0      0        0
  MONTH TO DATE    0                         0      0        0
  SINCE DEC 1      0                         0      0        0
  SINCE JAN 1      0                         0      0        0
..................................................................


WIND (MPH)
  RESULTANT WIND SPEED  11   RESULTANT WIND DIRECTION  NE (40)
  HIGHEST WIND SPEED    20   HIGHEST WIND DIRECTION    NE (50)
  HIGHEST GUST SPEED    27   HIGHEST GUST DIRECTION    NE (40)
  AVERAGE WIND SPEED    12.5


SKY COVER
  AVERAGE SKY COVER 0.7


WEATHER CONDITIONS
 THE FOLLOWING WEATHER WAS RECORDED YESTERDAY.
  LIGHT RAIN
  FOG


RELATIVE HUMIDITY (PERCENT)
 HIGHEST    96          1200 AM
 LOWEST     65           100 PM
 AVERAGE    81

..........................................................


THE LANSING MI CLIMATE NORMALS FOR TODAY
                         NORMAL    RECORD    YEAR
 MAXIMUM TEMPERATURE (F)   30        63      1944
 MINIMUM TEMPERATURE (F)   16       -14      1885


SUNRISE AND SUNSET
JANUARY 26 2015.......SUNRISE   759 AM EST   SUNSET   543 PM EST
JANUARY 27 2015.......SUNRISE   758 AM EST   SUNSET   545 PM EST


-  INDICATES NEGATIVE NUMBERS.
R  INDICATES RECORD WAS SET OR TIED.
MM INDICATES DATA IS MISSING.
T  INDICATES TRACE AMOUNT.




$$
