000
CDUS43 KGRR 190513
CLILAN


CLIMATE REPORT
NATIONAL WEATHER SERVICE GRAND RAPIDS, MI
113 AM EDT SAT JUL 19 2014


...................................

...THE LANSING MI CLIMATE SUMMARY FOR JULY 18 2014...

CLIMATE NORMAL PERIOD 1981 TO 2010
CLIMATE RECORD PERIOD 1864 TO 2014


WEATHER ITEM   OBSERVED TIME   RECORD YEAR NORMAL DEPARTURE LAST
                VALUE   (LST)  VALUE       VALUE  FROM      YEAR
                                                  NORMAL
..................................................................
TEMPERATURE (F)
 YESTERDAY
  MAXIMUM         77    408 PM 100    1894  83     -6       94
  MINIMUM         51    451 AM  42    1971  61    -10       74
  AVERAGE         64                        72     -8       84

PRECIPITATION (IN)
  YESTERDAY        0.00          1.40 1920   0.09  -0.09     0.00
  MONTH TO DATE    4.40                      1.64   2.76     0.66
  SINCE JUN 1     10.80                      5.09   5.71     9.06
  SINCE JAN 1     22.01                     16.66   5.35    27.06

SNOWFALL (IN)
  YESTERDAY        0.0           0.0    MM   0.0    0.0      0.0
  MONTH TO DATE    0.0                       0.0    0.0      0.0
  SINCE JUN 1      0.0                       0.0    0.0      0.0
  SINCE JUL 1      0.0                       0.0    0.0      0.0
  SNOW DEPTH       0

DEGREE DAYS
 HEATING
  YESTERDAY        1                         0      1        0
  MONTH TO DATE   17                         2     15        2
  SINCE JUN 1     41                        57    -16       52
  SINCE JUL 1     17                         2     15        2

 COOLING
  YESTERDAY        0                         7     -7       19
  MONTH TO DATE   59                       126    -67      166
  SINCE JUN 1    206                       258    -52      299
  SINCE JAN 1    245                       299    -54      372
..................................................................


WIND (MPH)
  RESULTANT WIND SPEED   4   RESULTANT WIND DIRECTION   S (160)
  HIGHEST WIND SPEED    14   HIGHEST WIND DIRECTION     S (160)
  HIGHEST GUST SPEED    20   HIGHEST GUST DIRECTION    SE (130)
  AVERAGE WIND SPEED     4.4


SKY COVER
  AVERAGE SKY COVER 0.2


WEATHER CONDITIONS
 THE FOLLOWING WEATHER WAS RECORDED YESTERDAY.
  NO SIGNIFICANT WEATHER WAS OBSERVED.


RELATIVE HUMIDITY (PERCENT)
 HIGHEST    89           300 AM
 LOWEST     41           200 PM
 AVERAGE    65

..........................................................


THE LANSING MI CLIMATE NORMALS FOR TODAY
                         NORMAL    RECORD    YEAR
 MAXIMUM TEMPERATURE (F)   83       102      1894
 MINIMUM TEMPERATURE (F)   61        42      1910


SUNRISE AND SUNSET
JULY 19 2014..........SUNRISE   617 AM EDT   SUNSET   912 PM EDT
JULY 20 2014..........SUNRISE   618 AM EDT   SUNSET   911 PM EDT


-  INDICATES NEGATIVE NUMBERS.
R  INDICATES RECORD WAS SET OR TIED.
MM INDICATES DATA IS MISSING.
T  INDICATES TRACE AMOUNT.




$$
