000
CDUS43 KGRR 270534
CLILAN


CLIMATE REPORT
NATIONAL WEATHER SERVICE GRAND RAPIDS, MI
132 AM EDT SAT SEP 27 2014


...................................

...THE LANSING MI CLIMATE SUMMARY FOR SEPTEMBER 26 2014...

CLIMATE NORMAL PERIOD 1981 TO 2010
CLIMATE RECORD PERIOD 1864 TO 2014


WEATHER ITEM   OBSERVED TIME   RECORD YEAR NORMAL DEPARTURE LAST
                VALUE   (LST)  VALUE       VALUE  FROM      YEAR
                                                  NORMAL
..................................................................
TEMPERATURE (F)
 YESTERDAY
  MAXIMUM         76    452 PM  89    1998  68      8       76
  MINIMUM         45    656 AM  27    1966  47     -2       41
                                      1893
                                      1867
  AVERAGE         61                        58      3       59

PRECIPITATION (IN)
  YESTERDAY        0.00          1.56 1933   0.12  -0.12     0.00
  MONTH TO DATE    2.31                      3.06  -0.75     0.86
  SINCE SEP 1      2.31                      3.06  -0.75     0.86
  SINCE JAN 1     29.53                     24.15   5.38    33.78

SNOWFALL (IN)
  YESTERDAY        0.0           T    1942   0.0    0.0      0.0
                                      1928
  MONTH TO DATE    0.0                       0.0    0.0      0.0
  SINCE SEP 1      0.0                       0.0    0.0      0.0
  SINCE JUL 1      0.0                       0.0    0.0      0.0
  SNOW DEPTH       0

DEGREE DAYS
 HEATING
  YESTERDAY        4                         8     -4        6
  MONTH TO DATE  144                       116     28      138
  SINCE SEP 1    144                       116     28      138
  SINCE JUL 1    184                       151     33      173

 COOLING
  YESTERDAY        0                         1     -1        0
  MONTH TO DATE   43                        58    -15       63
  SINCE SEP 1     43                        58    -15       63
  SINCE JAN 1    488                       615   -127      651
..................................................................


WIND (MPH)
  RESULTANT WIND SPEED   2   RESULTANT WIND DIRECTION  SE (130)
  HIGHEST WIND SPEED    14   HIGHEST WIND DIRECTION    SE (140)
  HIGHEST GUST SPEED    17   HIGHEST GUST DIRECTION     S (160)
  AVERAGE WIND SPEED     2.3


SKY COVER
  AVERAGE SKY COVER 0.2


WEATHER CONDITIONS
 THE FOLLOWING WEATHER WAS RECORDED YESTERDAY.
  FOG
  FOG W/VISIBILITY <= 1/4 MILE
  HAZE


RELATIVE HUMIDITY (PERCENT)
 HIGHEST   100           700 AM
 LOWEST     43           400 PM
 AVERAGE    72

..........................................................


THE LANSING MI CLIMATE NORMALS FOR TODAY
                         NORMAL    RECORD    YEAR
 MAXIMUM TEMPERATURE (F)   68        88      1891
                                             1873
 MINIMUM TEMPERATURE (F)   47        25      1869


SUNRISE AND SUNSET
SEPTEMBER 27 2014.....SUNRISE   731 AM EDT   SUNSET   727 PM EDT
SEPTEMBER 28 2014.....SUNRISE   732 AM EDT   SUNSET   725 PM EDT


-  INDICATES NEGATIVE NUMBERS.
R  INDICATES RECORD WAS SET OR TIED.
MM INDICATES DATA IS MISSING.
T  INDICATES TRACE AMOUNT.




$$
