000
CDUS43 KGRR 300523
CLILAN


CLIMATE REPORT
NATIONAL WEATHER SERVICE GRAND RAPIDS, MI
123 AM EDT SAT MAY 30 2015


...................................

...THE LANSING MI CLIMATE SUMMARY FOR MAY 29 2015...

CLIMATE NORMAL PERIOD 1981 TO 2010
CLIMATE RECORD PERIOD 1864 TO 2015


WEATHER ITEM   OBSERVED TIME   RECORD YEAR NORMAL DEPARTURE LAST
                VALUE   (LST)  VALUE       VALUE  FROM      YEAR
                                                  NORMAL
..................................................................
TEMPERATURE (F)
 YESTERDAY
  MAXIMUM         84    425 PM  94    1895  73     11       75
  MINIMUM         62    549 AM  31    1966  51     11       47
  AVERAGE         73                        62     11       61

PRECIPITATION (IN)
  YESTERDAY        0.23          1.32 2011   0.11   0.12     0.00
  MONTH TO DATE    2.85                      3.13  -0.28     4.24
  SINCE MAR 1      4.88                      8.22  -3.34     7.29
  SINCE JAN 1      7.13                     11.34  -4.21    11.21

SNOWFALL (IN)
  YESTERDAY        0.0           0.0    MM   0.0    0.0      0.0
  MONTH TO DATE    0.0                       0.0    0.0      0.0
  SINCE MAR 1      1.9                       8.9   -7.0     11.1
  SINCE JUL 1     35.6                      51.1  -15.5     69.1
  SNOW DEPTH       0

DEGREE DAYS
 HEATING
  YESTERDAY        0                         5     -5        4
  MONTH TO DATE  150                       249    -99      234
  SINCE MAR 1   1662                      1712    -50     1978
  SINCE JUL 1   7156                      6647    509     7519

 COOLING
  YESTERDAY        8                         2      6        0
  MONTH TO DATE   59                        30     29       30
  SINCE MAR 1     59                        37     22       30
  SINCE JAN 1     59                        37     22       30
..................................................................


WIND (MPH)
  RESULTANT WIND SPEED   9   RESULTANT WIND DIRECTION   S (170)
  HIGHEST WIND SPEED    26   HIGHEST WIND DIRECTION     W (260)
  HIGHEST GUST SPEED    37   HIGHEST GUST DIRECTION     W (250)
  AVERAGE WIND SPEED    10.1


SKY COVER
  AVERAGE SKY COVER 0.2


WEATHER CONDITIONS
 THE FOLLOWING WEATHER WAS RECORDED YESTERDAY.
  HEAVY RAIN
  RAIN
  LIGHT RAIN
  FOG


RELATIVE HUMIDITY (PERCENT)
 HIGHEST    90           900 PM
 LOWEST     51           400 PM
 AVERAGE    71

..........................................................


THE LANSING MI CLIMATE NORMALS FOR TODAY
                         NORMAL    RECORD    YEAR
 MAXIMUM TEMPERATURE (F)   73        95      1895
 MINIMUM TEMPERATURE (F)   52        31      1996
                                             1965
                                             1873


SUNRISE AND SUNSET
MAY 30 2015...........SUNRISE   604 AM EDT   SUNSET   908 PM EDT
MAY 31 2015...........SUNRISE   603 AM EDT   SUNSET   909 PM EDT


-  INDICATES NEGATIVE NUMBERS.
R  INDICATES RECORD WAS SET OR TIED.
MM INDICATES DATA IS MISSING.
T  INDICATES TRACE AMOUNT.




$$
