000
CDUS43 KGRR 180512
CLILAN


CLIMATE REPORT
NATIONAL WEATHER SERVICE GRAND RAPIDS, MI
112 AM EDT MON AUG 18 2014


...................................

...THE LANSING MI CLIMATE SUMMARY FOR AUGUST 17 2014...

CLIMATE NORMAL PERIOD 1981 TO 2010
CLIMATE RECORD PERIOD 1864 TO 2014


WEATHER ITEM   OBSERVED TIME   RECORD YEAR NORMAL DEPARTURE LAST
                VALUE   (LST)  VALUE       VALUE  FROM      YEAR
                                                  NORMAL
..................................................................
TEMPERATURE (F)
 YESTERDAY
  MAXIMUM         78    414 PM  95    1988  80     -2       80
  MINIMUM         64    659 AM  36    1864  60      4       51
  AVERAGE         71                        70      1       66

PRECIPITATION (IN)
  YESTERDAY        0.20          2.26 1921   0.11   0.09     0.00
  MONTH TO DATE    3.16                      1.80   1.36     1.30
  SINCE JUN 1     14.42                      8.09   6.33    11.45
  SINCE JAN 1     25.63                     19.66   5.97    29.45

SNOWFALL (IN)
  YESTERDAY        0.0           0.0    MM   0.0    0.0      0.0
  MONTH TO DATE    0.0                       0.0    0.0      0.0
  SINCE JUN 1      0.0                       0.0    0.0      0.0
  SINCE JUL 1      0.0                       0.0    0.0      0.0
  SNOW DEPTH       0

DEGREE DAYS
 HEATING
  YESTERDAY        0                         1     -1        0
  MONTH TO DATE   10                        13     -3       19
  SINCE JUN 1     63                        79    -16       85
  SINCE JUL 1     39                        24     15       35

 COOLING
  YESTERDAY        6                         6      0        1
  MONTH TO DATE   57                       102    -45       39
  SINCE JUN 1    308                       447   -139      398
  SINCE JAN 1    347                       488   -141      471
..................................................................


WIND (MPH)
  RESULTANT WIND SPEED   5   RESULTANT WIND DIRECTION   E (80)
  HIGHEST WIND SPEED    12   HIGHEST WIND DIRECTION    NE (50)
  HIGHEST GUST SPEED    21   HIGHEST GUST DIRECTION    NE (60)
  AVERAGE WIND SPEED     5.5


SKY COVER
  AVERAGE SKY COVER 0.9


WEATHER CONDITIONS
 THE FOLLOWING WEATHER WAS RECORDED YESTERDAY.
  HEAVY RAIN
  LIGHT RAIN
  FOG


RELATIVE HUMIDITY (PERCENT)
 HIGHEST    93           700 AM
 LOWEST     64           300 PM
 AVERAGE    79

..........................................................


THE LANSING MI CLIMATE NORMALS FOR TODAY
                         NORMAL    RECORD    YEAR
 MAXIMUM TEMPERATURE (F)   80        95      1947
                                             1899
 MINIMUM TEMPERATURE (F)   60        40      1896
                                             1895


SUNRISE AND SUNSET
AUGUST 18 2014........SUNRISE   648 AM EDT   SUNSET   836 PM EDT
AUGUST 19 2014........SUNRISE   649 AM EDT   SUNSET   834 PM EDT


-  INDICATES NEGATIVE NUMBERS.
R  INDICATES RECORD WAS SET OR TIED.
MM INDICATES DATA IS MISSING.
T  INDICATES TRACE AMOUNT.




$$
