000
CDUS43 KGRR 232226
CLILAN


CLIMATE REPORT
NATIONAL WEATHER SERVICE GRAND RAPIDS, MI
524 PM EST TUE DEC 23 2014


...................................

...THE LANSING MI CLIMATE SUMMARY FOR DECEMBER 23 2014...
VALID TODAY AS OF 0500 PM LOCAL TIME.

CLIMATE NORMAL PERIOD 1981 TO 2010
CLIMATE RECORD PERIOD 1864 TO 2014


WEATHER ITEM   OBSERVED TIME   RECORD YEAR NORMAL DEPARTURE LAST
                VALUE   (LST)  VALUE       VALUE  FROM      YEAR
                                                  NORMAL
..................................................................
TEMPERATURE (F)
 TODAY
  MAXIMUM         51    353 PM  57    1893  32     19       27
  MINIMUM         35   1222 AM -16    1896  20     15       17
  AVERAGE         43                        26     17       22

PRECIPITATION (IN)
  TODAY            0.07          1.48 1871   0.06   0.01     0.01
  MONTH TO DATE    0.51                      1.42  -0.91     1.69
  SINCE DEC 1      0.51                      1.42  -0.91     1.69
  SINCE JAN 1     36.43                     31.32   5.11    41.27

SNOWFALL (IN)
  TODAY            0.0           8.0  1907   0.5   -0.5      0.2
  MONTH TO DATE    0.7                       9.3   -8.6     10.6
  SINCE DEC 1      0.7                       9.3   -8.6     10.6
  SINCE JUL 1      6.9                      13.1   -6.2     11.3
  SNOW DEPTH       0

DEGREE DAYS
 HEATING
  TODAY           22                        39    -17       43
  MONTH TO DATE  755                       819    -64      883
  SINCE DEC 1    755                       819    -64      883
  SINCE JUL 1   2351                      2233    118     2329

 COOLING
  TODAY            0                         0      0        0
  MONTH TO DATE    0                         0      0        0
  SINCE DEC 1      0                         0      0        0
  SINCE JAN 1    488                       625   -137      661
..................................................................


WIND (MPH)
  RESULTANT WIND SPEED   9   RESULTANT WIND DIRECTION   S (160)
  HIGHEST WIND SPEED    18   HIGHEST WIND DIRECTION    SE (120)
  HIGHEST GUST SPEED    22   HIGHEST GUST DIRECTION     E (100)
  AVERAGE WIND SPEED    10.5


SKY COVER
  AVERAGE SKY COVER 0.8


WEATHER CONDITIONS
 THE FOLLOWING WEATHER WAS RECORDED TODAY.
  LIGHT RAIN
  FOG
  HAZE


RELATIVE HUMIDITY (PERCENT)
 HIGHEST    96          1100 AM
 LOWEST     77           400 PM
 AVERAGE    87

..........................................................


THE LANSING MI CLIMATE NORMALS FOR TOMORROW
                         NORMAL    RECORD    YEAR
 MAXIMUM TEMPERATURE (F)   32        62      1893
 MINIMUM TEMPERATURE (F)   20       -13      1897
                                             1884
                                             1870


SUNRISE AND SUNSET
DECEMBER 23 2014......SUNRISE   807 AM EST   SUNSET   508 PM EST
DECEMBER 24 2014......SUNRISE   807 AM EST   SUNSET   509 PM EST


-  INDICATES NEGATIVE NUMBERS.
R  INDICATES RECORD WAS SET OR TIED.
MM INDICATES DATA IS MISSING.
T  INDICATES TRACE AMOUNT.




$$

JAM
