000
CDUS43 KGRR 010526
CLILAN


CLIMATE REPORT
NATIONAL WEATHER SERVICE GRAND RAPIDS, MI
1225 AM EST SUN MAR 1 2015


...................................

...THE LANSING MI CLIMATE SUMMARY FOR FEBRUARY 28 2015...

CLIMATE NORMAL PERIOD 1981 TO 2010
CLIMATE RECORD PERIOD 1864 TO 2015


WEATHER ITEM   OBSERVED TIME   RECORD YEAR NORMAL DEPARTURE LAST
                VALUE   (LST)  VALUE       VALUE  FROM      YEAR
                                                  NORMAL
..................................................................
TEMPERATURE (F)
 YESTERDAY
  MAXIMUM         21    321 PM  59    1880  37    -16       18
  MINIMUM          0    756 AM -18    1884  21    -21      -11
  AVERAGE         11                        29    -18        4

PRECIPITATION (IN)
  YESTERDAY        0.00          1.39 1882   0.06  -0.06     0.00
  MONTH TO DATE    0.90                      1.47  -0.57     1.76
  SINCE DEC 1      3.81                      4.99  -1.18     5.80
  SINCE JAN 1      2.25                      3.12  -0.87     3.92

SNOWFALL (IN)
  YESTERDAY        0.0          13.0  1900   0.4   -0.4      0.0
  MONTH TO DATE   14.8                      11.6    3.2     18.0
  SINCE DEC 1     27.5                      38.4  -10.9     57.3
  SINCE JUL 1     33.7                      42.2   -8.5     58.0
  SNOW DEPTH       7

DEGREE DAYS
 HEATING
  YESTERDAY       54                        36     18       61
  MONTH TO DATE 1491                      1094    397     1349
  SINCE DEC 1   3898                      3521    377     4095
  SINCE JUL 1   5494                      4935    559     5541

 COOLING
  YESTERDAY        0                         0      0        0
  MONTH TO DATE    0                         0      0        0
  SINCE DEC 1      0                         0      0        0
  SINCE JAN 1      0                         0      0        0
..................................................................


WIND (MPH)
  RESULTANT WIND SPEED   7   RESULTANT WIND DIRECTION   S (200)
  HIGHEST WIND SPEED    13   HIGHEST WIND DIRECTION     S (180)
  HIGHEST GUST SPEED    22   HIGHEST GUST DIRECTION     W (260)
  AVERAGE WIND SPEED     7.7


SKY COVER
  AVERAGE SKY COVER 0.1


WEATHER CONDITIONS
 THE FOLLOWING WEATHER WAS RECORDED YESTERDAY.
  NO SIGNIFICANT WEATHER WAS OBSERVED.


RELATIVE HUMIDITY (PERCENT)
 HIGHEST    79           900 AM
 LOWEST     39           200 PM
 AVERAGE    59

..........................................................


THE LANSING MI CLIMATE NORMALS FOR TODAY
                         NORMAL    RECORD    YEAR
 MAXIMUM TEMPERATURE (F)   38        64      1882
 MINIMUM TEMPERATURE (F)   21       -13      1884


SUNRISE AND SUNSET
MARCH  1 2015.........SUNRISE   715 AM EST   SUNSET   628 PM EST
MARCH  2 2015.........SUNRISE   713 AM EST   SUNSET   629 PM EST


-  INDICATES NEGATIVE NUMBERS.
R  INDICATES RECORD WAS SET OR TIED.
MM INDICATES DATA IS MISSING.
T  INDICATES TRACE AMOUNT.




$$
