000
CDUS43 KGRR 212229
CLILAN


CLIMATE REPORT
NATIONAL WEATHER SERVICE GRAND RAPIDS, MI
528 PM EST FRI NOV 21 2014


...................................

...THE LANSING MI CLIMATE SUMMARY FOR NOVEMBER 21 2014...
VALID TODAY AS OF 0500 PM LOCAL TIME.

CLIMATE NORMAL PERIOD 1981 TO 2010
CLIMATE RECORD PERIOD 1864 TO 2014


WEATHER ITEM   OBSERVED TIME   RECORD YEAR NORMAL DEPARTURE LAST
                VALUE   (LST)  VALUE       VALUE  FROM      YEAR
                                                  NORMAL
..................................................................
TEMPERATURE (F)
 TODAY
  MAXIMUM         26    437 PM  69    1913  44    -18       50
  MINIMUM          6    642 AM  -4    1880  31    -25       37
  AVERAGE         16                        37    -21       44

PRECIPITATION (IN)
  TODAY            0.00          0.89 2007   0.09  -0.09     0.17
  MONTH TO DATE    0.57                      2.00  -1.43     2.10
  SINCE SEP 1      6.66                      8.03  -1.37     6.63
  SINCE JAN 1     33.88                     29.12   4.76    39.55

SNOWFALL (IN)
  TODAY            0.0           3.5  1928   0.1   -0.1      0.0
  MONTH TO DATE    6.2                       1.6    4.6      0.4
  SINCE SEP 1      6.2                       2.0    4.2      0.4
  SINCE JUL 1      6.2                       2.0    4.2      0.4
  SNOW DEPTH       5

DEGREE DAYS
 HEATING
  TODAY           49                        28     21       21
  MONTH TO DATE  661                       497    164      497
  SINCE SEP 1   1291                      1112    179     1064
  SINCE JUL 1   1331                      1147    184     1099

 COOLING
  TODAY            0                         0      0        0
  MONTH TO DATE    0                         0      0        0
  SINCE SEP 1     43                        68    -25       73
  SINCE JAN 1    488                       625   -137      661
..................................................................


WIND (MPH)
  RESULTANT WIND SPEED   5   RESULTANT WIND DIRECTION  SW (230)
  HIGHEST WIND SPEED    14   HIGHEST WIND DIRECTION     S (200)
  HIGHEST GUST SPEED    18   HIGHEST GUST DIRECTION    SW (220)
  AVERAGE WIND SPEED     5.6


SKY COVER
  AVERAGE SKY COVER 0.2


WEATHER CONDITIONS
 THE FOLLOWING WEATHER WAS RECORDED TODAY.
  NO SIGNIFICANT WEATHER WAS OBSERVED.


RELATIVE HUMIDITY (PERCENT)
 HIGHEST    84           100 AM
 LOWEST     55           100 PM
 AVERAGE    70

..........................................................


THE LANSING MI CLIMATE NORMALS FOR TOMORROW
                         NORMAL    RECORD    YEAR
 MAXIMUM TEMPERATURE (F)   44        65      1913
 MINIMUM TEMPERATURE (F)   30        -2      1880


SUNRISE AND SUNSET
NOVEMBER 21 2014......SUNRISE   738 AM EST   SUNSET   511 PM EST
NOVEMBER 22 2014......SUNRISE   739 AM EST   SUNSET   510 PM EST


-  INDICATES NEGATIVE NUMBERS.
R  INDICATES RECORD WAS SET OR TIED.
MM INDICATES DATA IS MISSING.
T  INDICATES TRACE AMOUNT.




$$
