000
CDUS43 KGRR 222126
CLILAN


CLIMATE REPORT
NATIONAL WEATHER SERVICE GRAND RAPIDS, MI
526 PM EDT THU JUN 22 2017


...................................

...THE LANSING MI CLIMATE SUMMARY FOR JUNE 22 2017...
VALID TODAY AS OF 0500 PM LOCAL TIME.

CLIMATE NORMAL PERIOD 1981 TO 2010
CLIMATE RECORD PERIOD 1864 TO 2017


WEATHER ITEM   OBSERVED TIME   RECORD YEAR NORMAL DEPARTURE LAST
                VALUE   (LST)  VALUE       VALUE  FROM      YEAR
                                                  NORMAL
..................................................................
TEMPERATURE (F)
 TODAY
  MAXIMUM         90    344 PM  95    1894  80     10       84
  MINIMUM         62   1231 AM  34    1992  59      3       54
  AVERAGE         76                        70      6       69

PRECIPITATION (IN)
  TODAY            0.00          2.75 2015   0.12  -0.12     0.00
  MONTH TO DATE    2.58                      2.59  -0.01     0.58
  SINCE JUN 1      2.58                      2.59  -0.01     0.58
  SINCE JAN 1     19.64                     14.16   5.48    13.49

SNOWFALL (IN)
  TODAY            0.0           T    2008   0.0    0.0      0.0
  MONTH TO DATE    0.0                       0.0    0.0      0.0
  SINCE JUN 1      0.0                       0.0    0.0      0.0
  SINCE JUL 1     30.2                      51.1  -20.9     50.0
  SNOW DEPTH       0

DEGREE DAYS
 HEATING
  TODAY            0                         1     -1        0
  MONTH TO DATE    7                        49    -42       28
  SINCE JUN 1      7                        49    -42       28
  SINCE JUL 1   5596                      6706  -1110     5800

 COOLING
  TODAY           11                         5      6        4
  MONTH TO DATE  169                        82     87      101
  SINCE JUN 1    169                        82     87      101
  SINCE JAN 1    204                       123     81      163
..................................................................


WIND (MPH)
  RESULTANT WIND SPEED  10   RESULTANT WIND DIRECTION   S (200)
  HIGHEST WIND SPEED    23   HIGHEST WIND DIRECTION    SW (210)
  HIGHEST GUST SPEED    30   HIGHEST GUST DIRECTION    SW (240)
  AVERAGE WIND SPEED    11.9


SKY COVER
  AVERAGE SKY COVER 0.1


WEATHER CONDITIONS
 THE FOLLOWING WEATHER WAS RECORDED TODAY.
  NO SIGNIFICANT WEATHER WAS OBSERVED.


RELATIVE HUMIDITY (PERCENT)
 HIGHEST    72          1200 AM
 LOWEST     38           200 PM
 AVERAGE    55

..........................................................


THE LANSING MI CLIMATE NORMALS FOR TOMORROW
                         NORMAL    RECORD    YEAR
 MAXIMUM TEMPERATURE (F)   81        96      1864
 MINIMUM TEMPERATURE (F)   59        35      1918


SUNRISE AND SUNSET
JUNE 22 2017..........SUNRISE   600 AM EDT   SUNSET   921 PM EDT
JUNE 23 2017..........SUNRISE   601 AM EDT   SUNSET   921 PM EDT


-  INDICATES NEGATIVE NUMBERS.
R  INDICATES RECORD WAS SET OR TIED.
MM INDICATES DATA IS MISSING.
T  INDICATES TRACE AMOUNT.




$$
