000
CDUS43 KGRR 222128
CLILAN


CLIMATE REPORT
NATIONAL WEATHER SERVICE GRAND RAPIDS, MI
527 PM EDT SAT APR 22 2017


...................................

...THE LANSING MI CLIMATE SUMMARY FOR APRIL 22 2017...
VALID TODAY AS OF 0500 PM LOCAL TIME.

CLIMATE NORMAL PERIOD 1981 TO 2010
CLIMATE RECORD PERIOD 1864 TO 2017


WEATHER ITEM   OBSERVED TIME   RECORD YEAR NORMAL DEPARTURE LAST
                VALUE   (LST)  VALUE       VALUE  FROM      YEAR
                                                  NORMAL
..................................................................
TEMPERATURE (F)
 TODAY
  MAXIMUM         61    307 PM  86    1980  61      0       57
  MINIMUM         36    500 AM  21    1875  39     -3       41
  AVERAGE         49                        50     -1       49

PRECIPITATION (IN)
  TODAY            0.00          1.47 1999   0.09  -0.09      T
  MONTH TO DATE    3.73                      2.24   1.49     1.53
  SINCE MAR 1      7.36                      4.30   3.06     5.78
  SINCE JAN 1     13.64                      7.42   6.22     8.94

SNOWFALL (IN)
  TODAY            0.0           5.0  1867   0.0    0.0      0.0
  MONTH TO DATE    0.4                       1.7   -1.3      7.5
  SINCE MAR 1      2.6                       8.7   -6.1     16.4
  SINCE JUL 1     30.2                      50.9  -20.7     50.0
  SNOW DEPTH       0

DEGREE DAYS
 HEATING
  TODAY           16                        15      1       16
  MONTH TO DATE  298                       423   -125      471
  SINCE MAR 1   1223                      1352   -129     1234
  SINCE JUL 1   5268                      6287  -1019     5394

 COOLING
  TODAY            0                         0      0        0
  MONTH TO DATE    2                         0      2        1
  SINCE MAR 1      2                         1      1        1
  SINCE JAN 1      2                         1      1        1
..................................................................


WIND (MPH)
  RESULTANT WIND SPEED   6   RESULTANT WIND DIRECTION   N (20)
  HIGHEST WIND SPEED    15   HIGHEST WIND DIRECTION     E (70)
  HIGHEST GUST SPEED    20   HIGHEST GUST DIRECTION     E (70)
  AVERAGE WIND SPEED     7.0


SKY COVER
  AVERAGE SKY COVER 0.1


WEATHER CONDITIONS
 THE FOLLOWING WEATHER WAS RECORDED TODAY.
  NO SIGNIFICANT WEATHER WAS OBSERVED.


RELATIVE HUMIDITY (PERCENT)
 HIGHEST    89           400 AM
 LOWEST     28           400 PM
 AVERAGE    59

..........................................................


THE LANSING MI CLIMATE NORMALS FOR TOMORROW
                         NORMAL    RECORD    YEAR
 MAXIMUM TEMPERATURE (F)   61        86      1960
                                             1925
 MINIMUM TEMPERATURE (F)   40        21      1868


SUNRISE AND SUNSET
APRIL 22 2017.........SUNRISE   645 AM EDT   SUNSET   829 PM EDT
APRIL 23 2017.........SUNRISE   644 AM EDT   SUNSET   830 PM EDT


-  INDICATES NEGATIVE NUMBERS.
R  INDICATES RECORD WAS SET OR TIED.
MM INDICATES DATA IS MISSING.
T  INDICATES TRACE AMOUNT.




$$
