674
CDUS43 KGRR 220520
CLILAN


CLIMATE REPORT
NATIONAL WEATHER SERVICE GRAND RAPIDS, MI
1220 AM EST THU FEB 22 2018


...................................

...THE LANSING MI CLIMATE SUMMARY FOR FEBRUARY 21 2018...

CLIMATE NORMAL PERIOD 1981 TO 2010
CLIMATE RECORD PERIOD 1864 TO 2018


WEATHER ITEM   OBSERVED TIME   RECORD YEAR NORMAL DEPARTURE LAST
                VALUE   (LST)  VALUE       VALUE  FROM      YEAR
                                                  NORMAL
..................................................................
TEMPERATURE (F)
 YESTERDAY
  MAXIMUM         48   1201 AM  62    1930  35     13       61
  MINIMUM         30   1001 PM -22    1870  19     11       42
  AVERAGE         39                        27     12       52

PRECIPITATION (IN)
  YESTERDAY        0.43          2.14 1997   0.06   0.37     0.06
  MONTH TO DATE    4.50                      1.04   3.46     1.10
  SINCE DEC 1      7.80                      4.56   3.24     6.51
  SINCE JAN 1      6.48                      2.69   3.79     4.75

SNOWFALL (IN)
  YESTERDAY        T             9.2  1912   0.4   -0.4      0.0
  MONTH TO DATE   15.3                       8.9    6.4      2.3
  SINCE DEC 1     44.9                      35.7    9.2     27.5
  SINCE JUL 1     45.3                      39.5    5.8     27.5
  SNOW DEPTH       0

DEGREE DAYS
 HEATING
  YESTERDAY       26                        38    -12       13
  MONTH TO DATE  838                       837      1      667
  SINCE DEC 1   3357                      3263     94     2917
  SINCE JUL 1   4613                      4677    -64     3892

 COOLING
  YESTERDAY        0                         0      0        0
  MONTH TO DATE    0                         0      0        0
  SINCE DEC 1      0                         0      0        0
  SINCE JAN 1      0                         0      0        0
..................................................................


WIND (MPH)
  RESULTANT WIND SPEED   6   RESULTANT WIND DIRECTION  NW (330)
  HIGHEST WIND SPEED    15   HIGHEST WIND DIRECTION    NW (310)
  HIGHEST GUST SPEED    19   HIGHEST GUST DIRECTION    NW (310)
  AVERAGE WIND SPEED     7.4


SKY COVER
  AVERAGE SKY COVER 0.7


WEATHER CONDITIONS
 THE FOLLOWING WEATHER WAS RECORDED YESTERDAY.
  RAIN
  LIGHT RAIN
  SLEET
  FOG


RELATIVE HUMIDITY (PERCENT)
 HIGHEST   100           100 AM
 LOWEST     70           600 PM
 AVERAGE    85

..........................................................


THE LANSING MI CLIMATE NORMALS FOR TODAY
                         NORMAL    RECORD    YEAR
 MAXIMUM TEMPERATURE (F)   35        66      1930
 MINIMUM TEMPERATURE (F)   20       -14      1936
                                             1885


SUNRISE AND SUNSET
FEBRUARY 22 2018......SUNRISE   725 AM EST   SUNSET   619 PM EST
FEBRUARY 23 2018......SUNRISE   724 AM EST   SUNSET   620 PM EST


-  INDICATES NEGATIVE NUMBERS.
R  INDICATES RECORD WAS SET OR TIED.
MM INDICATES DATA IS MISSING.
T  INDICATES TRACE AMOUNT.




$$
