000
CDUS43 KGRR 232227
CLILAN


CLIMATE REPORT
NATIONAL WEATHER SERVICE GRAND RAPIDS, MI
527 PM EST FRI JAN 23 2015


...................................

...THE LANSING MI CLIMATE SUMMARY FOR JANUARY 23 2015...
VALID TODAY AS OF 0500 PM LOCAL TIME.

CLIMATE NORMAL PERIOD 1981 TO 2010
CLIMATE RECORD PERIOD 1864 TO 2015


WEATHER ITEM   OBSERVED TIME   RECORD YEAR NORMAL DEPARTURE LAST
                VALUE   (LST)  VALUE       VALUE  FROM      YEAR
                                                  NORMAL
..................................................................
TEMPERATURE (F)
 TODAY
  MAXIMUM         32    157 PM  60    1909  30      2       13
  MINIMUM         21    308 AM -14    1963  16      5       -2
                                      1883
  AVERAGE         27                        23      4        6

PRECIPITATION (IN)
  TODAY            0.00          1.10 1906   0.04  -0.04      T
                                      1881
  MONTH TO DATE    1.30                      1.28   0.02     1.79
  SINCE DEC 1      2.86                      3.15  -0.29     3.67
  SINCE JAN 1      1.30                      1.28   0.02     1.79

SNOWFALL (IN)
  TODAY            0.0          11.5  1881   0.4   -0.4      0.1
  MONTH TO DATE   10.7                      10.3    0.4     17.6
  SINCE DEC 1     12.2                      23.3  -11.1     33.4
  SINCE JUL 1     18.4                      27.1   -8.7     34.1
  SNOW DEPTH       5

DEGREE DAYS
 HEATING
  TODAY           38                        42     -4       59
  MONTH TO DATE 1043                       957     86     1105
  SINCE DEC 1   2072                      2095    -23     2322
  SINCE JUL 1   3668                      3509    159     3768

 COOLING
  TODAY            0                         0      0        0
  MONTH TO DATE    0                         0      0        0
  SINCE DEC 1      0                         0      0        0
  SINCE JAN 1      0                         0      0        0
..................................................................


WIND (MPH)
  RESULTANT WIND SPEED  13   RESULTANT WIND DIRECTION  SW (230)
  HIGHEST WIND SPEED    20   HIGHEST WIND DIRECTION    SW (230)
  HIGHEST GUST SPEED    24   HIGHEST GUST DIRECTION     W (250)
  AVERAGE WIND SPEED    12.7


SKY COVER
  AVERAGE SKY COVER 0.8


WEATHER CONDITIONS
 THE FOLLOWING WEATHER WAS RECORDED TODAY.
  NO SIGNIFICANT WEATHER WAS OBSERVED.


RELATIVE HUMIDITY (PERCENT)
 HIGHEST    84          1200 AM
 LOWEST     69           100 PM
 AVERAGE    77

..........................................................


THE LANSING MI CLIMATE NORMALS FOR TOMORROW
                         NORMAL    RECORD    YEAR
 MAXIMUM TEMPERATURE (F)   30        66      1967
 MINIMUM TEMPERATURE (F)   16       -22      1884


SUNRISE AND SUNSET
JANUARY 23 2015.......SUNRISE   801 AM EST   SUNSET   539 PM EST
JANUARY 24 2015.......SUNRISE   801 AM EST   SUNSET   541 PM EST


-  INDICATES NEGATIVE NUMBERS.
R  INDICATES RECORD WAS SET OR TIED.
MM INDICATES DATA IS MISSING.
T  INDICATES TRACE AMOUNT.




$$
