000
CDUS43 KGRR 080518
CLILAN


CLIMATE REPORT
NATIONAL WEATHER SERVICE GRAND RAPIDS, MI
1218 AM EST SUN JAN 8 2017


...................................

...THE LANSING MI CLIMATE SUMMARY FOR JANUARY 7 2017...

CLIMATE NORMAL PERIOD 1981 TO 2010
CLIMATE RECORD PERIOD 1864 TO 2017


WEATHER ITEM   OBSERVED TIME   RECORD YEAR NORMAL DEPARTURE LAST
                VALUE   (LST)  VALUE       VALUE  FROM      YEAR
                                                  NORMAL
..................................................................
TEMPERATURE (F)
 YESTERDAY
  MAXIMUM         14    430 PM  62    2008  30    -16       42
  MINIMUM          4    303 AM -24    1887  17    -13       28
  AVERAGE          9                        24    -15       35

PRECIPITATION (IN)
  YESTERDAY        0.01          0.77 1907   0.06  -0.05     0.00
  MONTH TO DATE    0.56                      0.42   0.14     0.04
  SINCE DEC 1      2.32                      2.29   0.03     2.76
  SINCE JAN 1      0.56                      0.42   0.14     0.04

SNOWFALL (IN)
  YESTERDAY        0.4           4.0  1881   0.4    0.0      0.0
  MONTH TO DATE    0.9                       3.1   -2.2      0.9
  SINCE DEC 1     17.0                      16.1    0.9      2.8
  SINCE JUL 1     17.0                      19.9   -2.9     11.0
  SNOW DEPTH       T

DEGREE DAYS
 HEATING
  YESTERDAY       56                        41     15       30
  MONTH TO DATE  298                       287     11      268
  SINCE DEC 1   1440                      1425     15     1065
  SINCE JUL 1   2415                      2839   -424     2173

 COOLING
  YESTERDAY        0                         0      0        0
  MONTH TO DATE    0                         0      0        0
  SINCE DEC 1      0                         0      0        0
  SINCE JAN 1      0                         0      0        0
..................................................................


WIND (MPH)
  RESULTANT WIND SPEED   9   RESULTANT WIND DIRECTION   W (260)
  HIGHEST WIND SPEED    22   HIGHEST WIND DIRECTION     W (270)
  HIGHEST GUST SPEED    27   HIGHEST GUST DIRECTION    NW (300)
  AVERAGE WIND SPEED     9.9


SKY COVER
  AVERAGE SKY COVER 0.8


WEATHER CONDITIONS
 THE FOLLOWING WEATHER WAS RECORDED YESTERDAY.
  SNOW
  LIGHT SNOW
  FOG
  HAZE


RELATIVE HUMIDITY (PERCENT)
 HIGHEST    84           700 PM
 LOWEST     63           900 PM
 AVERAGE    74

..........................................................


THE LANSING MI CLIMATE NORMALS FOR TODAY
                         NORMAL    RECORD    YEAR
 MAXIMUM TEMPERATURE (F)   30        59      1965
 MINIMUM TEMPERATURE (F)   17       -17      1870


SUNRISE AND SUNSET
JANUARY  8 2017.......SUNRISE   809 AM EST   SUNSET   522 PM EST
JANUARY  9 2017.......SUNRISE   808 AM EST   SUNSET   523 PM EST


-  INDICATES NEGATIVE NUMBERS.
R  INDICATES RECORD WAS SET OR TIED.
MM INDICATES DATA IS MISSING.
T  INDICATES TRACE AMOUNT.




$$
