000
CDUS43 KGRR 192129
CLILAN


CLIMATE REPORT
NATIONAL WEATHER SERVICE GRAND RAPIDS, MI
528 PM EDT SAT JUL 19 2014


...................................

...THE LANSING MI CLIMATE SUMMARY FOR JULY 19 2014...
VALID TODAY AS OF 0500 PM LOCAL TIME.

CLIMATE NORMAL PERIOD 1981 TO 2010
CLIMATE RECORD PERIOD 1864 TO 2014


WEATHER ITEM   OBSERVED TIME   RECORD YEAR NORMAL DEPARTURE LAST
                VALUE   (LST)  VALUE       VALUE  FROM      YEAR
                                                  NORMAL
..................................................................
TEMPERATURE (F)
 TODAY
  MAXIMUM         79    245 PM 102    1894  83     -4       94
  MINIMUM         58    404 AM  42    1910  61     -3       76
  AVERAGE         69                        72     -3       85

PRECIPITATION (IN)
  TODAY            0.00          1.11 1935   0.09  -0.09      T
  MONTH TO DATE    4.40                      1.73   2.67     0.66
  SINCE JUN 1     10.80                      5.18   5.62     9.06
  SINCE JAN 1     22.01                     16.75   5.26    27.06

SNOWFALL (IN)
  TODAY            0.0           0.0    MM   0.0    0.0      0.0
  MONTH TO DATE    0.0                       0.0    0.0      0.0
  SINCE JUN 1      0.0                       0.0    0.0      0.0
  SINCE JUL 1      0.0                       0.0    0.0      0.0
  SNOW DEPTH       0

DEGREE DAYS
 HEATING
  TODAY            0                         0      0        0
  MONTH TO DATE   17                         2     15        2
  SINCE JUN 1     41                        57    -16       52
  SINCE JUL 1     17                         2     15        2

 COOLING
  TODAY            4                         7     -3       20
  MONTH TO DATE   63                       133    -70      186
  SINCE JUN 1    210                       265    -55      319
  SINCE JAN 1    249                       306    -57      392
..................................................................


WIND (MPH)
  RESULTANT WIND SPEED   3   RESULTANT WIND DIRECTION   E (70)
  HIGHEST WIND SPEED    10   HIGHEST WIND DIRECTION    NE (60)
  HIGHEST GUST SPEED    14   HIGHEST GUST DIRECTION    NE (50)
  AVERAGE WIND SPEED     3.0


SKY COVER
  AVERAGE SKY COVER 0.3


WEATHER CONDITIONS
 THE FOLLOWING WEATHER WAS RECORDED TODAY.
  NO SIGNIFICANT WEATHER WAS OBSERVED.


RELATIVE HUMIDITY (PERCENT)
 HIGHEST    80           600 AM
 LOWEST     50           300 PM
 AVERAGE    65

..........................................................


THE LANSING MI CLIMATE NORMALS FOR TOMORROW
                         NORMAL    RECORD    YEAR
 MAXIMUM TEMPERATURE (F)   83        99      1930
 MINIMUM TEMPERATURE (F)   61        39      1965


SUNRISE AND SUNSET
JULY 19 2014..........SUNRISE   617 AM EDT   SUNSET   912 PM EDT
JULY 20 2014..........SUNRISE   618 AM EDT   SUNSET   911 PM EDT


-  INDICATES NEGATIVE NUMBERS.
R  INDICATES RECORD WAS SET OR TIED.
MM INDICATES DATA IS MISSING.
T  INDICATES TRACE AMOUNT.




$$

JAM
