000
CDUS43 KGRR 252126
CLILAN


CLIMATE REPORT
NATIONAL WEATHER SERVICE GRAND RAPIDS, MI
524 PM EDT FRI JUL 25 2014


...................................

...THE LANSING MI CLIMATE SUMMARY FOR JULY 25 2014...
VALID TODAY AS OF 0500 PM LOCAL TIME.

CLIMATE NORMAL PERIOD 1981 TO 2010
CLIMATE RECORD PERIOD 1864 TO 2014


WEATHER ITEM   OBSERVED TIME   RECORD YEAR NORMAL DEPARTURE LAST
                VALUE   (LST)  VALUE       VALUE  FROM      YEAR
                                                  NORMAL
..................................................................
TEMPERATURE (F)
 TODAY
  MAXIMUM         77    225 PM  97    1966  82     -5       78
                                      1940
                                      1934
  MINIMUM         51    504 AM  45    1913  61    -10       54
                                      1895
  AVERAGE         64                        71     -7       66

PRECIPITATION (IN)
  TODAY            0.00          2.07 1993   0.09  -0.09     0.00
  MONTH TO DATE    4.40                      2.26   2.14     1.29
  SINCE JUN 1     10.80                      5.71   5.09     9.69
  SINCE JAN 1     22.01                     17.28   4.73    27.69

SNOWFALL (IN)
  TODAY            0.0           0.0    MM   0.0    0.0      0.0
  MONTH TO DATE    0.0                       0.0    0.0      0.0
  SINCE JUN 1      0.0                       0.0    0.0      0.0
  SINCE JUL 1      0.0                       0.0    0.0      0.0
  SNOW DEPTH       0

DEGREE DAYS
 HEATING
  TODAY            1                         0      1        0
  MONTH TO DATE   19                         2     17        6
  SINCE JUN 1     43                        57    -14       56
  SINCE JUL 1     19                         2     17        6

 COOLING
  TODAY            0                         7     -7        1
  MONTH TO DATE   93                       175    -82      220
  SINCE JUN 1    240                       307    -67      353
  SINCE JAN 1    279                       348    -69      426
..................................................................


WIND (MPH)
  RESULTANT WIND SPEED   2   RESULTANT WIND DIRECTION  SW (210)
  HIGHEST WIND SPEED    15   HIGHEST WIND DIRECTION     W (270)
  HIGHEST GUST SPEED    19   HIGHEST GUST DIRECTION     W (250)
  AVERAGE WIND SPEED     3.8


SKY COVER
  AVERAGE SKY COVER 0.1


WEATHER CONDITIONS
 THE FOLLOWING WEATHER WAS RECORDED TODAY.
  NO SIGNIFICANT WEATHER WAS OBSERVED.


RELATIVE HUMIDITY (PERCENT)
 HIGHEST    93           400 AM
 LOWEST     43           100 PM
 AVERAGE    68

..........................................................


THE LANSING MI CLIMATE NORMALS FOR TOMORROW
                         NORMAL    RECORD    YEAR
 MAXIMUM TEMPERATURE (F)   82        97      1966
 MINIMUM TEMPERATURE (F)   61        42      1891


SUNRISE AND SUNSET
JULY 25 2014..........SUNRISE   623 AM EDT   SUNSET   907 PM EDT
JULY 26 2014..........SUNRISE   624 AM EDT   SUNSET   906 PM EDT


-  INDICATES NEGATIVE NUMBERS.
R  INDICATES RECORD WAS SET OR TIED.
MM INDICATES DATA IS MISSING.
T  INDICATES TRACE AMOUNT.




$$

63
