000
CDUS43 KGRR 160518
CLILAN


CLIMATE REPORT
NATIONAL WEATHER SERVICE GRAND RAPIDS, MI
118 AM EDT THU MAR 16 2017


...................................

...THE LANSING MI CLIMATE SUMMARY FOR MARCH 15 2017...

CLIMATE NORMAL PERIOD 1981 TO 2010
CLIMATE RECORD PERIOD 1864 TO 2017


WEATHER ITEM   OBSERVED TIME   RECORD YEAR NORMAL DEPARTURE LAST
                VALUE   (LST)  VALUE       VALUE  FROM      YEAR
                                                  NORMAL
..................................................................
TEMPERATURE (F)
 YESTERDAY
  MAXIMUM         33    308 PM  78    2012  44    -11       57
  MINIMUM         13    301 AM -10    1900  26    -13       41
  AVERAGE         23                        34    -11       49

PRECIPITATION (IN)
  YESTERDAY        0.00          1.14 1943   0.06  -0.06     0.04
  MONTH TO DATE    0.61                      0.91  -0.30     1.81
  SINCE MAR 1      0.61                      0.91  -0.30     1.81
  SINCE JAN 1      6.89                      4.03   2.86     4.97

SNOWFALL (IN)
  YESTERDAY        0.0          11.5  1912   0.2   -0.2      0.0
  MONTH TO DATE    1.6                       4.2   -2.6      8.9
  SINCE MAR 1      1.6                       4.2   -2.6      8.9
  SINCE JUL 1     29.2                      46.4  -17.2     42.5
  SNOW DEPTH       T

DEGREE DAYS
 HEATING
  YESTERDAY       42                        31     11       16
  MONTH TO DATE  518                       498     20      385
  SINCE MAR 1    518                       498     20      385
  SINCE JUL 1   4563                      5433   -870     4545

 COOLING
  YESTERDAY        0                         0      0        0
  MONTH TO DATE    0                         0      0        0
  SINCE MAR 1      0                         0      0        0
  SINCE JAN 1      0                         0      0        0
..................................................................


WIND (MPH)
  RESULTANT WIND SPEED  12   RESULTANT WIND DIRECTION  NW (310)
  HIGHEST WIND SPEED    24   HIGHEST WIND DIRECTION     W (290)
  HIGHEST GUST SPEED    32   HIGHEST GUST DIRECTION     N (340)
  AVERAGE WIND SPEED    12.7


SKY COVER
  AVERAGE SKY COVER 0.3


WEATHER CONDITIONS
 THE FOLLOWING WEATHER WAS RECORDED YESTERDAY.
  NO SIGNIFICANT WEATHER WAS OBSERVED.


RELATIVE HUMIDITY (PERCENT)
 HIGHEST    73           400 AM
 LOWEST     43           200 PM
 AVERAGE    58

..........................................................


THE LANSING MI CLIMATE NORMALS FOR TODAY
                         NORMAL    RECORD    YEAR
 MAXIMUM TEMPERATURE (F)   44        78      2012
 MINIMUM TEMPERATURE (F)   26       -14      1877


SUNRISE AND SUNSET
MARCH 16 2017.........SUNRISE   748 AM EDT   SUNSET   746 PM EDT
MARCH 17 2017.........SUNRISE   746 AM EDT   SUNSET   747 PM EDT


-  INDICATES NEGATIVE NUMBERS.
R  INDICATES RECORD WAS SET OR TIED.
MM INDICATES DATA IS MISSING.
T  INDICATES TRACE AMOUNT.




$$
