207
CDUS43 KGRR 202227
CLILAN


CLIMATE REPORT
NATIONAL WEATHER SERVICE GRAND RAPIDS, MI
525 PM EST FRI JAN 20 2017


...................................

...THE LANSING MI CLIMATE SUMMARY FOR JANUARY 20 2017...
VALID TODAY AS OF 0500 PM LOCAL TIME.

CLIMATE NORMAL PERIOD 1981 TO 2010
CLIMATE RECORD PERIOD 1864 TO 2017


WEATHER ITEM   OBSERVED TIME   RECORD YEAR NORMAL DEPARTURE LAST
                VALUE   (LST)  VALUE       VALUE  FROM      YEAR
                                                  NORMAL
..................................................................
TEMPERATURE (F)
 TODAY
  MAXIMUM         37    459 PM  62    1906  30      7       22
  MINIMUM         34   1100 AM -16    1888  16     18       12
  AVERAGE         36                        23     13       17

PRECIPITATION (IN)
  TODAY            0.14          1.23 1974   0.05   0.09      T
  MONTH TO DATE    2.78                      1.14   1.64     1.15
  SINCE DEC 1      4.54                      3.01   1.53     3.87
  SINCE JAN 1      2.78                      1.14   1.64     1.15

SNOWFALL (IN)
  TODAY            0.0           7.8  1959   0.4   -0.4       T
  MONTH TO DATE    3.7                       9.0   -5.3      5.9
  SINCE DEC 1     19.8                      22.0   -2.2      7.8
  SINCE JUL 1     19.8                      25.8   -6.0     16.0
  SNOW DEPTH       0

DEGREE DAYS
 HEATING
  TODAY           29                        42    -13       48
  MONTH TO DATE  760                       831    -71      818
  SINCE DEC 1   1902                      1969    -67     1615
  SINCE JUL 1   2877                      3383   -506     2723

 COOLING
  TODAY            0                         0      0        0
  MONTH TO DATE    0                         0      0        0
  SINCE DEC 1      0                         0      0        0
  SINCE JAN 1      0                         0      0        0
..................................................................


WIND (MPH)
  RESULTANT WIND SPEED   5   RESULTANT WIND DIRECTION   E (80)
  HIGHEST WIND SPEED    12   HIGHEST WIND DIRECTION    NE (40)
  HIGHEST GUST SPEED    14   HIGHEST GUST DIRECTION    NE (30)
  AVERAGE WIND SPEED     5.9


SKY COVER
  AVERAGE SKY COVER 1.0


WEATHER CONDITIONS
 THE FOLLOWING WEATHER WAS RECORDED TODAY.
  RAIN
  LIGHT RAIN
  FOG


RELATIVE HUMIDITY (PERCENT)
 HIGHEST    96           100 AM
 LOWEST     89          1200 AM
 AVERAGE    93

..........................................................


THE LANSING MI CLIMATE NORMALS FOR TOMORROW
                         NORMAL    RECORD    YEAR
 MAXIMUM TEMPERATURE (F)   30        60      1906
 MINIMUM TEMPERATURE (F)   16       -19      1883


SUNRISE AND SUNSET
JANUARY 20 2017.......SUNRISE   803 AM EST   SUNSET   536 PM EST
JANUARY 21 2017.......SUNRISE   802 AM EST   SUNSET   538 PM EST


-  INDICATES NEGATIVE NUMBERS.
R  INDICATES RECORD WAS SET OR TIED.
MM INDICATES DATA IS MISSING.
T  INDICATES TRACE AMOUNT.




$$

63
