000
CDUS43 KGRR 020519
CLILAN


CLIMATE REPORT
NATIONAL WEATHER SERVICE GRAND RAPIDS, MI
118 AM EDT MON MAY 2 2016


...................................

...THE LANSING MI CLIMATE SUMMARY FOR MAY 1 2016...

CLIMATE NORMAL PERIOD 1981 TO 2010
CLIMATE RECORD PERIOD 1864 TO 2016


WEATHER ITEM   OBSERVED TIME   RECORD YEAR NORMAL DEPARTURE LAST
                VALUE   (LST)  VALUE       VALUE  FROM      YEAR
                                                  NORMAL
..................................................................
TEMPERATURE (F)
 YESTERDAY
  MAXIMUM         51    358 PM  84    1992  64    -13       73
                                      1942
  MINIMUM         43   1159 PM  23    1903  42      1       39
  AVERAGE         47                        53     -6       56

PRECIPITATION (IN)
  YESTERDAY        0.06          1.40 1884   0.10  -0.04     0.00
  MONTH TO DATE    0.06                      0.10  -0.04     0.00
  SINCE MAR 1      6.82                      5.19   1.63     2.03
  SINCE JAN 1      9.98                      8.31   1.67     4.28

SNOWFALL (IN)
  YESTERDAY        0.0           4.0  1866   0.0    0.0      0.0
  MONTH TO DATE    0.0                       0.0    0.0      0.0
  SINCE MAR 1     16.4                       8.9    7.5      1.9
  SINCE JUL 1     50.0                      51.1   -1.1     35.6
  SNOW DEPTH       0

DEGREE DAYS
 HEATING
  YESTERDAY       18                        12      6        9
  MONTH TO DATE   18                        12      6        9
  SINCE MAR 1   1383                      1475    -92     1521
  SINCE JUL 1   5543                      6410   -867     7015

 COOLING
  YESTERDAY        0                         0      0        0
  MONTH TO DATE    0                         0      0        0
  SINCE MAR 1      1                         7     -6        0
  SINCE JAN 1      1                         7     -6        0
..................................................................


WIND (MPH)
  RESULTANT WIND SPEED  10   RESULTANT WIND DIRECTION  NE (40)
  HIGHEST WIND SPEED    17   HIGHEST WIND DIRECTION     E (70)
  HIGHEST GUST SPEED    22   HIGHEST GUST DIRECTION     E (70)
  AVERAGE WIND SPEED    10.3


SKY COVER
  AVERAGE SKY COVER 0.9


WEATHER CONDITIONS
 THE FOLLOWING WEATHER WAS RECORDED YESTERDAY.
  LIGHT RAIN
  FOG


RELATIVE HUMIDITY (PERCENT)
 HIGHEST   100           700 AM
 LOWEST     76           900 PM
 AVERAGE    88

..........................................................


THE LANSING MI CLIMATE NORMALS FOR TODAY
                         NORMAL    RECORD    YEAR
 MAXIMUM TEMPERATURE (F)   64        86      1959
 MINIMUM TEMPERATURE (F)   42        20      1867


SUNRISE AND SUNSET
MAY  2 2016...........SUNRISE   631 AM EDT   SUNSET   841 PM EDT
MAY  3 2016...........SUNRISE   629 AM EDT   SUNSET   842 PM EDT


-  INDICATES NEGATIVE NUMBERS.
R  INDICATES RECORD WAS SET OR TIED.
MM INDICATES DATA IS MISSING.
T  INDICATES TRACE AMOUNT.




$$
