000
CDUS43 KGRR 300518
CLILAN


CLIMATE REPORT
NATIONAL WEATHER SERVICE GRAND RAPIDS, MI
118 AM EDT SUN AUG 30 2015


...................................

...THE LANSING MI CLIMATE SUMMARY FOR AUGUST 29 2015...

CLIMATE NORMAL PERIOD 1981 TO 2010
CLIMATE RECORD PERIOD 1864 TO 2015


WEATHER ITEM   OBSERVED TIME   RECORD YEAR NORMAL DEPARTURE LAST
                VALUE   (LST)  VALUE       VALUE  FROM      YEAR
                                                  NORMAL
..................................................................
TEMPERATURE (F)
 YESTERDAY
  MAXIMUM         69    410 PM  96    1973  78     -9       78
  MINIMUM         62    707 AM  26    1863  57      5       61
  AVERAGE         66                        68     -2       70

PRECIPITATION (IN)
  YESTERDAY        0.21          2.56 1932   0.10   0.11      T
  MONTH TO DATE    6.82                      3.01   3.81     4.49
  SINCE JUN 1     18.28                      9.30   8.98    15.75
  SINCE JAN 1     26.33                     20.87   5.46    26.96

SNOWFALL (IN)
  YESTERDAY        0.0           0.0    MM   0.0    0.0      0.0
  MONTH TO DATE    0.0                       0.0    0.0      0.0
  SINCE JUN 1      0.0                       0.0    0.0      0.0
  SINCE JUL 1      0.0                       0.0    0.0      0.0
  SNOW DEPTH       0

DEGREE DAYS
 HEATING
  YESTERDAY        0                         1     -1        0
  MONTH TO DATE   19                        25     -6       11
  SINCE JUN 1     67                        91    -24       64
  SINCE JUL 1     31                        36     -5       40

 COOLING
  YESTERDAY        1                         4     -3        5
  MONTH TO DATE  154                       159     -5      135
  SINCE JUN 1    421                       504    -83      386
  SINCE JAN 1    480                       545    -65      425
..................................................................


WIND (MPH)
  RESULTANT WIND SPEED   2   RESULTANT WIND DIRECTION   E (90)
  HIGHEST WIND SPEED     8   HIGHEST WIND DIRECTION    NE (60)
  HIGHEST GUST SPEED    10   HIGHEST GUST DIRECTION     N (350)
  AVERAGE WIND SPEED     3.5


SKY COVER
  AVERAGE SKY COVER 0.7


WEATHER CONDITIONS
 THE FOLLOWING WEATHER WAS RECORDED YESTERDAY.
  RAIN
  LIGHT RAIN
  FOG


RELATIVE HUMIDITY (PERCENT)
 HIGHEST    93           100 AM
 LOWEST     78           200 PM
 AVERAGE    86

..........................................................


THE LANSING MI CLIMATE NORMALS FOR TODAY
                         NORMAL    RECORD    YEAR
 MAXIMUM TEMPERATURE (F)   78        97      1881
 MINIMUM TEMPERATURE (F)   57        30      1863


SUNRISE AND SUNSET
AUGUST 30 2015........SUNRISE   701 AM EDT   SUNSET   817 PM EDT
AUGUST 31 2015........SUNRISE   702 AM EDT   SUNSET   815 PM EDT


-  INDICATES NEGATIVE NUMBERS.
R  INDICATES RECORD WAS SET OR TIED.
MM INDICATES DATA IS MISSING.
T  INDICATES TRACE AMOUNT.




$$
