686
CDUS43 KGRR 190521
CLILAN


CLIMATE REPORT
NATIONAL WEATHER SERVICE GRAND RAPIDS, MI
120 AM EDT FRI MAY 19 2017


...................................

...THE LANSING MI CLIMATE SUMMARY FOR MAY 18 2017...

CLIMATE NORMAL PERIOD 1981 TO 2010
CLIMATE RECORD PERIOD 1864 TO 2017


WEATHER ITEM   OBSERVED TIME   RECORD YEAR NORMAL DEPARTURE LAST
                VALUE   (LST)  VALUE       VALUE  FROM      YEAR
                                                  NORMAL
..................................................................
TEMPERATURE (F)
 YESTERDAY
  MAXIMUM         84    144 PM  89    1911  69     15       66
  MINIMUM         50   1159 PM  23    1868  47      3       38
  AVERAGE         67                        58      9       52

PRECIPITATION (IN)
  YESTERDAY        0.06          3.22 2000   0.11  -0.05     0.00
  MONTH TO DATE    1.07                      1.89  -0.82     2.66
  SINCE MAR 1      9.36                      6.98   2.38     9.42
  SINCE JAN 1     15.64                     10.10   5.54    12.58

SNOWFALL (IN)
  YESTERDAY        0.0           0.4  1915   0.0    0.0      0.0
  MONTH TO DATE    0.0                       0.0    0.0       T
  SINCE MAR 1      2.6                       8.9   -6.3     16.4
  SINCE JUL 1     30.2                      51.1  -20.9     50.0
  SNOW DEPTH       0

DEGREE DAYS
 HEATING
  YESTERDAY        0                         8     -8       13
  MONTH TO DATE  191                       180     11      217
  SINCE MAR 1   1490                      1643   -153     1582
  SINCE JUL 1   5535                      6578  -1043     5742

 COOLING
  YESTERDAY        2                         1      1        0
  MONTH TO DATE   20                        12      8        0
  SINCE MAR 1     28                        19      9        1
  SINCE JAN 1     28                        19      9        1
..................................................................


WIND (MPH)
  RESULTANT WIND SPEED  16   RESULTANT WIND DIRECTION  SW (240)
  HIGHEST WIND SPEED    38   HIGHEST WIND DIRECTION     W (250)
  HIGHEST GUST SPEED    52   HIGHEST GUST DIRECTION     W (280)
  AVERAGE WIND SPEED    19.0


SKY COVER
  AVERAGE SKY COVER 0.3


WEATHER CONDITIONS
 THE FOLLOWING WEATHER WAS RECORDED YESTERDAY.
  HAZE


RELATIVE HUMIDITY (PERCENT)
 HIGHEST    77          1100 PM
 LOWEST     36           400 PM
 AVERAGE    57

..........................................................


THE LANSING MI CLIMATE NORMALS FOR TODAY
                         NORMAL    RECORD    YEAR
 MAXIMUM TEMPERATURE (F)   70        91      1911
 MINIMUM TEMPERATURE (F)   48        26      2002
                                             1868


SUNRISE AND SUNSET
MAY 19 2017...........SUNRISE   612 AM EDT   SUNSET   859 PM EDT
MAY 20 2017...........SUNRISE   611 AM EDT   SUNSET   900 PM EDT


-  INDICATES NEGATIVE NUMBERS.
R  INDICATES RECORD WAS SET OR TIED.
MM INDICATES DATA IS MISSING.
T  INDICATES TRACE AMOUNT.




$$
