000
CDUS43 KGRR 272125
CLILAN


CLIMATE REPORT
NATIONAL WEATHER SERVICE GRAND RAPIDS, MI
524 PM EDT SAT JUN 27 2015


...................................

...THE LANSING MI CLIMATE SUMMARY FOR JUNE 27 2015...
VALID TODAY AS OF 0500 PM LOCAL TIME.

CLIMATE NORMAL PERIOD 1981 TO 2010
CLIMATE RECORD PERIOD 1864 TO 2015


WEATHER ITEM   OBSERVED TIME   RECORD YEAR NORMAL DEPARTURE LAST
                VALUE   (LST)  VALUE       VALUE  FROM      YEAR
                                                  NORMAL
..................................................................
TEMPERATURE (F)
 TODAY
  MAXIMUM         65    359 PM  98    1870  82    -17       83
  MINIMUM         56    834 AM  38    1866  60     -4       60
                                      1864
  AVERAGE         61                        70     -9       72

PRECIPITATION (IN)
  TODAY            0.52          1.94 1983   0.11   0.41     0.00
  MONTH TO DATE    8.90                      3.14   5.76     6.35
  SINCE JUN 1      8.90                      3.14   5.76     6.35
  SINCE JAN 1     16.95                     14.71   2.24    17.56

SNOWFALL (IN)
  TODAY            0.0           0.0    MM   0.0    0.0      0.0
  MONTH TO DATE    0.0                       0.0    0.0      0.0
  SINCE JUN 1      0.0                       0.0    0.0      0.0
  SINCE JUL 1     35.6                      51.1  -15.5     69.1
  SNOW DEPTH       0

DEGREE DAYS
 HEATING
  TODAY            4                         1      3        0
  MONTH TO DATE   36                        54    -18       24
  SINCE JUN 1     36                        54    -18       24
  SINCE JUL 1   7211                      6711    500     7543

 COOLING
  TODAY            0                         6     -6        7
  MONTH TO DATE   82                       112    -30      112
  SINCE JUN 1     82                       112    -30      112
  SINCE JAN 1    141                       153    -12      151
..................................................................


WIND (MPH)
  RESULTANT WIND SPEED  10   RESULTANT WIND DIRECTION   N (20)
  HIGHEST WIND SPEED    21   HIGHEST WIND DIRECTION    NE (30)
  HIGHEST GUST SPEED    27   HIGHEST GUST DIRECTION    NE (40)
  AVERAGE WIND SPEED    10.1


SKY COVER
  AVERAGE SKY COVER 0.9


WEATHER CONDITIONS
 THE FOLLOWING WEATHER WAS RECORDED TODAY.
  RAIN
  LIGHT RAIN
  FOG


RELATIVE HUMIDITY (PERCENT)
 HIGHEST    93           600 AM
 LOWEST     67          1200 AM
 AVERAGE    80

..........................................................


THE LANSING MI CLIMATE NORMALS FOR TOMORROW
                         NORMAL    RECORD    YEAR
 MAXIMUM TEMPERATURE (F)   82        98      2012
 MINIMUM TEMPERATURE (F)   60        38      1895


SUNRISE AND SUNSET
JUNE 27 2015..........SUNRISE   602 AM EDT   SUNSET   921 PM EDT
JUNE 28 2015..........SUNRISE   602 AM EDT   SUNSET   921 PM EDT


-  INDICATES NEGATIVE NUMBERS.
R  INDICATES RECORD WAS SET OR TIED.
MM INDICATES DATA IS MISSING.
T  INDICATES TRACE AMOUNT.




$$

JAM
