000
CDUS43 KGRR 090521
CLILAN


CLIMATE REPORT
NATIONAL WEATHER SERVICE GRAND RAPIDS, MI
1219 AM EST TUE FEB 9 2016


...................................

...THE LANSING MI CLIMATE SUMMARY FOR FEBRUARY 8 2016...

CLIMATE NORMAL PERIOD 1981 TO 2010
CLIMATE RECORD PERIOD 1864 TO 2016


WEATHER ITEM   OBSERVED TIME   RECORD YEAR NORMAL DEPARTURE LAST
                VALUE   (LST)  VALUE       VALUE  FROM      YEAR
                                                  NORMAL
..................................................................
TEMPERATURE (F)
 YESTERDAY
  MAXIMUM         40    414 PM  62    1900  32      8       37
  MINIMUM         29    858 AM -33    1875  17     12       20
  AVERAGE         35                        24     11       29

PRECIPITATION (IN)
  YESTERDAY        T             0.60 1903   0.05  -0.05      T
  MONTH TO DATE    0.63                      0.36   0.27     0.73
  SINCE DEC 1      4.80                      3.88   0.92     3.64
  SINCE JAN 1      2.08                      2.01   0.07     2.08

SNOWFALL (IN)
  YESTERDAY        T             6.0  1903   0.5   -0.5       T
  MONTH TO DATE    2.5                       3.5   -1.0     10.9
  SINCE DEC 1     12.2                      30.3  -18.1     23.6
  SINCE JUL 1     20.4                      34.1  -13.7     29.8
  SNOW DEPTH       0

DEGREE DAYS
 HEATING
  YESTERDAY       30                        41    -11       36
  MONTH TO DATE  259                       328    -69      367
  SINCE DEC 1   2267                      2754   -487     2774
  SINCE JUL 1   3375                      4168   -793     4370

 COOLING
  YESTERDAY        0                         0      0        0
  MONTH TO DATE    0                         0      0        0
  SINCE DEC 1      0                         0      0        0
  SINCE JAN 1      0                         0      0        0
..................................................................


WIND (MPH)
  RESULTANT WIND SPEED   6   RESULTANT WIND DIRECTION   W (250)
  HIGHEST WIND SPEED    14   HIGHEST WIND DIRECTION    NW (300)
  HIGHEST GUST SPEED    17   HIGHEST GUST DIRECTION     W (290)
  AVERAGE WIND SPEED     6.8


SKY COVER
  AVERAGE SKY COVER 0.6


WEATHER CONDITIONS
 THE FOLLOWING WEATHER WAS RECORDED YESTERDAY.
  LIGHT SNOW


RELATIVE HUMIDITY (PERCENT)
 HIGHEST    92           900 AM
 LOWEST     59           400 PM
 AVERAGE    76

..........................................................


THE LANSING MI CLIMATE NORMALS FOR TODAY
                         NORMAL    RECORD    YEAR
 MAXIMUM TEMPERATURE (F)   32        53      1990
                                             1966
 MINIMUM TEMPERATURE (F)   18       -32      1875


SUNRISE AND SUNSET
FEBRUARY  9 2016......SUNRISE   744 AM EST   SUNSET   602 PM EST
FEBRUARY 10 2016......SUNRISE   743 AM EST   SUNSET   603 PM EST


-  INDICATES NEGATIVE NUMBERS.
R  INDICATES RECORD WAS SET OR TIED.
MM INDICATES DATA IS MISSING.
T  INDICATES TRACE AMOUNT.




$$

63
