000
CDUS43 KGRR 140518
CLILAN


CLIMATE REPORT
NATIONAL WEATHER SERVICE GRAND RAPIDS, MI
118 AM EDT SAT OCT 14 2017


...................................

...THE LANSING MI CLIMATE SUMMARY FOR OCTOBER 13 2017...

CLIMATE NORMAL PERIOD 1981 TO 2010
CLIMATE RECORD PERIOD 1864 TO 2017


WEATHER ITEM   OBSERVED TIME   RECORD YEAR NORMAL DEPARTURE LAST
                VALUE   (LST)  VALUE       VALUE  FROM      YEAR
                                                  NORMAL
..................................................................
TEMPERATURE (F)
 YESTERDAY
  MAXIMUM         70    211 PM  83    1975  61      9       57
                                      1899
  MINIMUM         57    742 AM  16    1874  41     16       38
  AVERAGE         64                        51     13       48

PRECIPITATION (IN)
  YESTERDAY        T             0.82 2012   0.08  -0.08     0.00
  MONTH TO DATE    2.53                      1.13   1.40     1.31
  SINCE SEP 1      3.47                      4.63  -1.16     4.66
  SINCE JAN 1     28.77                     25.72   3.05    28.14

SNOWFALL (IN)
  YESTERDAY        0.0           T    2006   0.0    0.0      0.0
                                      1937
                                      1932
  MONTH TO DATE    0.0                       0.1   -0.1      0.0
  SINCE SEP 1      0.0                       0.1   -0.1      0.0
  SINCE JUL 1      0.0                       0.1   -0.1      0.0
  SNOW DEPTH       0

DEGREE DAYS
 HEATING
  YESTERDAY        1                        14    -13       17
  MONTH TO DATE   56                       156   -100       89
  SINCE SEP 1    159                       309   -150      139
  SINCE JUL 1    188                       344   -156      142

 COOLING
  YESTERDAY        0                         0      0        0
  MONTH TO DATE   16                         4     12        9
  SINCE SEP 1    146                        65     81       98
  SINCE JAN 1    780                       622    158      864
..................................................................


WIND (MPH)
  RESULTANT WIND SPEED   5   RESULTANT WIND DIRECTION  SW (210)
  HIGHEST WIND SPEED    16   HIGHEST WIND DIRECTION    SW (220)
  HIGHEST GUST SPEED    22   HIGHEST GUST DIRECTION    SW (220)
  AVERAGE WIND SPEED     6.2


SKY COVER
  AVERAGE SKY COVER 0.9


WEATHER CONDITIONS
 THE FOLLOWING WEATHER WAS RECORDED YESTERDAY.
  LIGHT RAIN
  FOG
  HAZE


RELATIVE HUMIDITY (PERCENT)
 HIGHEST    93           800 AM
 LOWEST     53           200 PM
 AVERAGE    73

..........................................................


THE LANSING MI CLIMATE NORMALS FOR TODAY
                         NORMAL    RECORD    YEAR
 MAXIMUM TEMPERATURE (F)   61        83      1989
                                             1956
 MINIMUM TEMPERATURE (F)   41        20      1894


SUNRISE AND SUNSET
OCTOBER 14 2017.......SUNRISE   751 AM EDT   SUNSET   657 PM EDT
OCTOBER 15 2017.......SUNRISE   752 AM EDT   SUNSET   656 PM EDT


-  INDICATES NEGATIVE NUMBERS.
R  INDICATES RECORD WAS SET OR TIED.
MM INDICATES DATA IS MISSING.
T  INDICATES TRACE AMOUNT.




$$
