842
CDUS43 KGRR 120625
CLILAN


CLIMATE REPORT
NATIONAL WEATHER SERVICE GRAND RAPIDS, MI
120 AM EST THU JAN 12 2017


...................................

...THE LANSING MI CLIMATE SUMMARY FOR JANUARY 11 2017...

CLIMATE NORMAL PERIOD 1981 TO 2010
CLIMATE RECORD PERIOD 1864 TO 2017


WEATHER ITEM   OBSERVED TIME   RECORD YEAR NORMAL DEPARTURE LAST
                VALUE   (LST)  VALUE       VALUE  FROM      YEAR
                                                  NORMAL
..................................................................
TEMPERATURE (F)
 YESTERDAY
  MAXIMUM         48    819 PM  63    1890  30     18       16
  MINIMUM         27    729 AM -18    1984  17     10       10
  AVERAGE         38                        23     15       13

PRECIPITATION (IN)
  YESTERDAY        0.66R         0.54 1911   0.06   0.60     0.08
  MONTH TO DATE    1.71                      0.66   1.05     0.98
  SINCE DEC 1      3.47                      2.53   0.94     3.70
  SINCE JAN 1      1.71                      0.66   1.05     0.98

SNOWFALL (IN)
  YESTERDAY        0.0           5.1  1926   0.5   -0.5      1.7
  MONTH TO DATE    3.6                       5.0   -1.4      3.6
  SINCE DEC 1     19.7                      18.0    1.7      5.5
  SINCE JUL 1     19.7                      21.8   -2.1     13.7
  SNOW DEPTH       0

DEGREE DAYS
 HEATING
  YESTERDAY       27                        42    -15       52
  MONTH TO DATE  450                       453     -3      413
  SINCE DEC 1   1592                      1591      1     1210
  SINCE JUL 1   2567                      3005   -438     2318

 COOLING
  YESTERDAY        0                         0      0        0
  MONTH TO DATE    0                         0      0        0
  SINCE DEC 1      0                         0      0        0
  SINCE JAN 1      0                         0      0        0
..................................................................


WIND (MPH)
  RESULTANT WIND SPEED  10   RESULTANT WIND DIRECTION  SW (220)
  HIGHEST WIND SPEED    38   HIGHEST WIND DIRECTION    SW (240)
  HIGHEST GUST SPEED    50   HIGHEST GUST DIRECTION     W (250)
  AVERAGE WIND SPEED    13.9


SKY COVER
  AVERAGE SKY COVER 0.7


WEATHER CONDITIONS
 THE FOLLOWING WEATHER WAS RECORDED YESTERDAY.
  THUNDERSTORM
  HEAVY RAIN
  RAIN
  LIGHT RAIN
  FOG
  HAZE


RELATIVE HUMIDITY (PERCENT)
 HIGHEST    92           600 PM
 LOWEST     54           100 PM
 AVERAGE    73

..........................................................


THE LANSING MI CLIMATE NORMALS FOR TODAY
                         NORMAL    RECORD    YEAR
 MAXIMUM TEMPERATURE (F)   30        62      1890
 MINIMUM TEMPERATURE (F)   17       -17      1918


SUNRISE AND SUNSET
JANUARY 12 2017.......SUNRISE   807 AM EST   SUNSET   527 PM EST
JANUARY 13 2017.......SUNRISE   807 AM EST   SUNSET   528 PM EST


-  INDICATES NEGATIVE NUMBERS.
R  INDICATES RECORD WAS SET OR TIED.
MM INDICATES DATA IS MISSING.
T  INDICATES TRACE AMOUNT.




$$

JAM
