000
CDUS43 KGRR 150519
CLILAN


CLIMATE REPORT
NATIONAL WEATHER SERVICE GRAND RAPIDS, MI
118 AM EDT MON SEP 15 2014


...................................

...THE LANSING MI CLIMATE SUMMARY FOR SEPTEMBER 14 2014...

CLIMATE NORMAL PERIOD 1981 TO 2010
CLIMATE RECORD PERIOD 1864 TO 2014


WEATHER ITEM   OBSERVED TIME   RECORD YEAR NORMAL DEPARTURE LAST
                VALUE   (LST)  VALUE       VALUE  FROM      YEAR
                                                  NORMAL
..................................................................
TEMPERATURE (F)
 YESTERDAY
  MAXIMUM         63    418 PM  94    1927  74    -11       67
  MINIMUM         42    254 AM  28    1866  52    -10       39
  AVERAGE         53                        63    -10       53

PRECIPITATION (IN)
  YESTERDAY        0.00          2.71 2008   0.12  -0.12     0.00
  MONTH TO DATE    1.73                      1.58   0.15     0.74
  SINCE SEP 1      1.73                      1.58   0.15     0.74
  SINCE JAN 1     28.95                     22.67   6.28    33.66

SNOWFALL (IN)
  YESTERDAY        0.0           0.0    MM   0.0    0.0      0.0
  MONTH TO DATE    0.0                       0.0    0.0      0.0
  SINCE SEP 1      0.0                       0.0    0.0      0.0
  SINCE JUL 1      0.0                       0.0    0.0      0.0
  SNOW DEPTH       0

DEGREE DAYS
 HEATING
  YESTERDAY       12                         4      8       12
  MONTH TO DATE   54                        40     14       34
  SINCE SEP 1     54                        40     14       34
  SINCE JUL 1     94                        75     19       69

 COOLING
  YESTERDAY        0                         2     -2        0
  MONTH TO DATE   41                        41      0       55
  SINCE SEP 1     41                        41      0       55
  SINCE JAN 1    486                       598   -112      643
..................................................................


WIND (MPH)
  RESULTANT WIND SPEED   3   RESULTANT WIND DIRECTION   S (200)
  HIGHEST WIND SPEED    17   HIGHEST WIND DIRECTION     S (190)
  HIGHEST GUST SPEED    21   HIGHEST GUST DIRECTION    SW (220)
  AVERAGE WIND SPEED     3.7


SKY COVER
  AVERAGE SKY COVER 0.6


WEATHER CONDITIONS
 THE FOLLOWING WEATHER WAS RECORDED YESTERDAY.
  NO SIGNIFICANT WEATHER WAS OBSERVED.


RELATIVE HUMIDITY (PERCENT)
 HIGHEST    96           400 AM
 LOWEST     48           300 PM
 AVERAGE    72

..........................................................


THE LANSING MI CLIMATE NORMALS FOR TODAY
                         NORMAL    RECORD    YEAR
 MAXIMUM TEMPERATURE (F)   73        94      1939
                                             1927
 MINIMUM TEMPERATURE (F)   52        35      1995
                                             1864


SUNRISE AND SUNSET
SEPTEMBER 15 2014.....SUNRISE   718 AM EDT   SUNSET   748 PM EDT
SEPTEMBER 16 2014.....SUNRISE   719 AM EDT   SUNSET   746 PM EDT


-  INDICATES NEGATIVE NUMBERS.
R  INDICATES RECORD WAS SET OR TIED.
MM INDICATES DATA IS MISSING.
T  INDICATES TRACE AMOUNT.




$$
