000
CDUS43 KGRR 092126
CLILAN


CLIMATE REPORT
NATIONAL WEATHER SERVICE GRAND RAPIDS, MI
525 PM EDT WED AUG 9 2017


...................................

...THE LANSING MI CLIMATE SUMMARY FOR AUGUST 9 2017...
VALID TODAY AS OF 0500 PM LOCAL TIME.

CLIMATE NORMAL PERIOD 1981 TO 2010
CLIMATE RECORD PERIOD 1864 TO 2017


WEATHER ITEM   OBSERVED TIME   RECORD YEAR NORMAL DEPARTURE LAST
                VALUE   (LST)  VALUE       VALUE  FROM      YEAR
                                                  NORMAL
..................................................................
TEMPERATURE (F)
 TODAY
  MAXIMUM         84    355 PM  97    1891  81      3       90
                                      1864
  MINIMUM         58    602 AM  38    1964  60     -2       57
  AVERAGE         71                        71      0       74

PRECIPITATION (IN)
  TODAY            0.00          1.50 1913   0.10  -0.10     0.00
  MONTH TO DATE    0.71                      0.93  -0.22     0.00
  SINCE JUN 1      7.16                      7.22  -0.06     3.94
  SINCE JAN 1     24.22                     18.79   5.43    16.85

SNOWFALL (IN)
  TODAY            0.0           0.0    MM   0.0    0.0      0.0
  MONTH TO DATE    0.0                       0.0    0.0      0.0
  SINCE JUN 1      0.0                       0.0    0.0      0.0
  SINCE JUL 1      0.0                       0.0    0.0      0.0
  SNOW DEPTH       0

DEGREE DAYS
 HEATING
  TODAY            0                         1     -1        0
  MONTH TO DATE    2                         5     -3        0
  SINCE JUN 1     15                        71    -56       37
  SINCE JUL 1      2                        16    -14        3

 COOLING
  TODAY            6                         6      0        9
  MONTH TO DATE   38                        54    -16       86
  SINCE JUN 1    505                       399    106      508
  SINCE JAN 1    540                       440    100      570
..................................................................


WIND (MPH)
  RESULTANT WIND SPEED   5   RESULTANT WIND DIRECTION   W (260)
  HIGHEST WIND SPEED    13   HIGHEST WIND DIRECTION     W (260)
  HIGHEST GUST SPEED    30   HIGHEST GUST DIRECTION    NW (320)
  AVERAGE WIND SPEED     5.6


SKY COVER
  AVERAGE SKY COVER 0.1


WEATHER CONDITIONS
 THE FOLLOWING WEATHER WAS RECORDED TODAY.
  NO SIGNIFICANT WEATHER WAS OBSERVED.


RELATIVE HUMIDITY (PERCENT)
 HIGHEST    86           600 AM
 LOWEST     34           100 PM
 AVERAGE    60

..........................................................


THE LANSING MI CLIMATE NORMALS FOR TOMORROW
                         NORMAL    RECORD    YEAR
 MAXIMUM TEMPERATURE (F)   81        98      1864
 MINIMUM TEMPERATURE (F)   60        40      1972


SUNRISE AND SUNSET
AUGUST  9 2017........SUNRISE   639 AM EDT   SUNSET   848 PM EDT
AUGUST 10 2017........SUNRISE   640 AM EDT   SUNSET   847 PM EDT


-  INDICATES NEGATIVE NUMBERS.
R  INDICATES RECORD WAS SET OR TIED.
MM INDICATES DATA IS MISSING.
T  INDICATES TRACE AMOUNT.




$$
