000
CDUS43 KGRR 130521
CLILAN


CLIMATE REPORT
NATIONAL WEATHER SERVICE GRAND RAPIDS, MI
121 AM EDT FRI OCT 13 2017


...................................

...THE LANSING MI CLIMATE SUMMARY FOR OCTOBER 12 2017...

CLIMATE NORMAL PERIOD 1981 TO 2010
CLIMATE RECORD PERIOD 1864 TO 2017


WEATHER ITEM   OBSERVED TIME   RECORD YEAR NORMAL DEPARTURE LAST
                VALUE   (LST)  VALUE       VALUE  FROM      YEAR
                                                  NORMAL
..................................................................
TEMPERATURE (F)
 YESTERDAY
  MAXIMUM         59    510 PM  85    1879  61     -2       73
  MINIMUM         49    738 AM  20    1869  42      7       50
  AVERAGE         54                        52      2       62

PRECIPITATION (IN)
  YESTERDAY        0.00          3.02 1901   0.09  -0.09     0.44
  MONTH TO DATE    2.53                      1.05   1.48     1.31
  SINCE SEP 1      3.47                      4.55  -1.08     4.66
  SINCE JAN 1     28.77                     25.64   3.13    28.14

SNOWFALL (IN)
  YESTERDAY        0.0           1.5  2006   0.0    0.0      0.0
  MONTH TO DATE    0.0                       0.1   -0.1      0.0
  SINCE SEP 1      0.0                       0.1   -0.1      0.0
  SINCE JUL 1      0.0                       0.1   -0.1      0.0
  SNOW DEPTH       0

DEGREE DAYS
 HEATING
  YESTERDAY       11                        14     -3        3
  MONTH TO DATE   55                       142    -87       72
  SINCE SEP 1    158                       295   -137      122
  SINCE JUL 1    187                       330   -143      125

 COOLING
  YESTERDAY        0                         0      0        0
  MONTH TO DATE   16                         4     12        9
  SINCE SEP 1    146                        65     81       98
  SINCE JAN 1    780                       622    158      864
..................................................................


WIND (MPH)
  RESULTANT WIND SPEED   5   RESULTANT WIND DIRECTION   E (70)
  HIGHEST WIND SPEED    13   HIGHEST WIND DIRECTION    NE (50)
  HIGHEST GUST SPEED    17   HIGHEST GUST DIRECTION    NE (30)
  AVERAGE WIND SPEED     5.8


SKY COVER
  AVERAGE SKY COVER 1.0


WEATHER CONDITIONS
 THE FOLLOWING WEATHER WAS RECORDED YESTERDAY.
  FOG
  HAZE


RELATIVE HUMIDITY (PERCENT)
 HIGHEST    93           600 AM
 LOWEST     72           200 PM
 AVERAGE    83

..........................................................


THE LANSING MI CLIMATE NORMALS FOR TODAY
                         NORMAL    RECORD    YEAR
 MAXIMUM TEMPERATURE (F)   61        83      1975
                                             1899
 MINIMUM TEMPERATURE (F)   41        16      1874


SUNRISE AND SUNSET
OCTOBER 13 2017.......SUNRISE   750 AM EDT   SUNSET   659 PM EDT
OCTOBER 14 2017.......SUNRISE   751 AM EDT   SUNSET   657 PM EDT


-  INDICATES NEGATIVE NUMBERS.
R  INDICATES RECORD WAS SET OR TIED.
MM INDICATES DATA IS MISSING.
T  INDICATES TRACE AMOUNT.




$$
